458
CDUS44 KJAN 222109
CLIGWO


CLIMATE REPORT
NATIONAL WEATHER SERVICE JACKSON MS
405 PM CDT TUE MAY 22 2018


...................................

...THE GREENWOOD CLIMATE SUMMARY FOR MAY 22 2018...
VALID TODAY AS OF 0400 PM LOCAL TIME.

CLIMATE NORMAL PERIOD 1981 TO 2010
CLIMATE RECORD PERIOD 1948 TO 2018


WEATHER ITEM   OBSERVED TIME   RECORD YEAR NORMAL DEPARTURE LAST
                VALUE   (LST)  VALUE       VALUE  FROM      YEAR
                                                  NORMAL
..................................................................
TEMPERATURE (F)
 TODAY
  MAXIMUM         88    228 PM  94    1972  84      4       73
                                      1970
  MINIMUM         67    511 AM  46    2015  63      4       61
  AVERAGE         78                        73      5       67

PRECIPITATION (IN)
  TODAY            0.00          1.12 1964   0.15  -0.15     0.23
  MONTH TO DATE    3.87                      3.62   0.25     1.92
  SINCE MAR 1     15.21                     13.06   2.15    11.85
  SINCE JAN 1     31.81                     22.00   9.81    20.13

SNOWFALL (IN)
  TODAY            0.0

DEGREE DAYS
 HEATING
  TODAY            0                         0      0        0
  MONTH TO DATE    0                        15    -15       20
  SINCE MAR 1    447                       455     -8      295
  SINCE JUL 1   2501                      2686   -185     1778

 COOLING
  TODAY           13                         9      4        2
  MONTH TO DATE  250                       139    111      140
  SINCE MAR 1    296                       236     60      340
  SINCE JAN 1    335                       241     94      374
..................................................................


WIND (MPH)
  HIGHEST WIND SPEED     7   HIGHEST WIND DIRECTION     N (350)
  HIGHEST GUST SPEED    12   HIGHEST GUST DIRECTION     N (340)
  AVERAGE WIND SPEED     2.1


SKY COVER
  POSSIBLE SUNSHINE  MM
  AVERAGE SKY COVER 0.1


WEATHER CONDITIONS
 THE FOLLOWING WEATHER WAS RECORDED TODAY.
  FOG
  HAZE


RELATIVE HUMIDITY (PERCENT)
 HIGHEST    97          1200 AM
 LOWEST     50           100 PM
 AVERAGE    74

..........................................................


THE GREENWOOD CLIMATE NORMALS FOR TOMORROW
                         NORMAL    RECORD    YEAR
 MAXIMUM TEMPERATURE (F)   85        96      1996
                                             1969
 MINIMUM TEMPERATURE (F)   63        49      1963


SUNRISE AND SUNSET
MAY 22 2018...........SUNRISE   556 AM CDT   SUNSET   759 PM CDT
MAY 23 2018...........SUNRISE   555 AM CDT   SUNSET   800 PM CDT


-  INDICATES NEGATIVE NUMBERS.
R  INDICATES RECORD WAS SET OR TIED.
MM INDICATES DATA IS MISSING.
T  INDICATES TRACE AMOUNT.




$$
