000
CDUS44 KJAN 260638
CLIGWO


CLIMATE REPORT
NATIONAL WEATHER SERVICE JACKSON MS
137 AM CDT MON OCT 26 2020


...................................

...THE GREENWOOD CLIMATE SUMMARY FOR OCTOBER 25 2020...

CLIMATE NORMAL PERIOD 1981 TO 2010
CLIMATE RECORD PERIOD 1948 TO 2020


WEATHER ITEM   OBSERVED TIME   RECORD YEAR NORMAL DEPARTURE LAST
                VALUE   (LST)  VALUE       VALUE  FROM      YEAR
                                                  NORMAL
..................................................................
TEMPERATURE (F)
 YESTERDAY
  MAXIMUM         63    110 PM  87    2010  74    -11       64
  MINIMUM         53    702 AM  31    1999  49      4       56
  AVERAGE         58                        61     -3       60

PRECIPITATION (IN)
  YESTERDAY        0.00          1.97 1976   0.12  -0.12     1.33
  MONTH TO DATE    1.65                      3.15  -1.50     5.68
  SINCE SEP 1      5.86                      6.81  -0.95     5.69
  SINCE JAN 1     51.84                     40.88  10.96    58.47

SNOWFALL (IN)
  YESTERDAY        0.0

DEGREE DAYS
 HEATING
  YESTERDAY        7                         6      1        5
  MONTH TO DATE   52                        81    -29       76
  SINCE SEP 1     56                        93    -37       76
  SINCE JUL 1     56                        93    -37       76

 COOLING
  YESTERDAY        0                         2     -2        0
  MONTH TO DATE   89                        85      4      149
  SINCE SEP 1    414                       390     24      710
  SINCE JAN 1   2294                      2132    162     2547
..................................................................


WIND (MPH)
  HIGHEST WIND SPEED     9   HIGHEST WIND DIRECTION     N (20)
  HIGHEST GUST SPEED    12   HIGHEST GUST DIRECTION     N (20)
  AVERAGE WIND SPEED     3.8


SKY COVER
  POSSIBLE SUNSHINE  MM
  AVERAGE SKY COVER 1.0


WEATHER CONDITIONS
 THE FOLLOWING WEATHER WAS RECORDED YESTERDAY.
  FOG


RELATIVE HUMIDITY (PERCENT)
 HIGHEST   100           800 AM
 LOWEST     78          1100 AM
 AVERAGE    89

..........................................................


THE GREENWOOD CLIMATE NORMALS FOR TODAY
                         NORMAL    RECORD    YEAR
 MAXIMUM TEMPERATURE (F)   74        87      2010
                                             1992
 MINIMUM TEMPERATURE (F)   49        29      2005


SUNRISE AND SUNSET
OCTOBER 26 2020.......SUNRISE   714 AM CDT   SUNSET   614 PM CDT
OCTOBER 27 2020.......SUNRISE   715 AM CDT   SUNSET   613 PM CDT


-  INDICATES NEGATIVE NUMBERS.
R  INDICATES RECORD WAS SET OR TIED.
MM INDICATES DATA IS MISSING.
T  INDICATES TRACE AMOUNT.




$$
