441
CDUS44 KJAN 210752
CLIGWO


CLIMATE REPORT
NATIONAL WEATHER SERVICE JACKSON MS
248 AM CDT MON MAY 21 2018


...................................

...THE GREENWOOD CLIMATE SUMMARY FOR MAY 20 2018...

CLIMATE NORMAL PERIOD 1981 TO 2010
CLIMATE RECORD PERIOD 1948 TO 2018


WEATHER ITEM   OBSERVED TIME   RECORD YEAR NORMAL DEPARTURE LAST
                VALUE   (LST)  VALUE       VALUE  FROM      YEAR
                                                  NORMAL
..................................................................
TEMPERATURE (F)
 YESTERDAY
  MAXIMUM         92    310 PM  93    1962  84      8       88
  MINIMUM         70   1146 PM  44    2002  62      8       68
  AVERAGE         81                        73      8       78

PRECIPITATION (IN)
  YESTERDAY        1.07          2.65 1983   0.15   0.92     0.05
  MONTH TO DATE    3.44                      3.32   0.12     1.68
  SINCE MAR 1     14.78                     12.76   2.02    11.61
  SINCE JAN 1     31.38                     21.70   9.68    19.89

SNOWFALL (IN)
  YESTERDAY        0.0

DEGREE DAYS
 HEATING
  YESTERDAY        0                         0      0        0
  MONTH TO DATE    0                        15    -15       20
  SINCE MAR 1    447                       455     -8      295
  SINCE JUL 1   2501                      2686   -185     1778

 COOLING
  YESTERDAY       16                         8      8       13
  MONTH TO DATE  223                       122    101      129
  SINCE MAR 1    269                       219     50      329
  SINCE JAN 1    308                       224     84      363
..................................................................


WIND (MPH)
  HIGHEST WIND SPEED    32   HIGHEST WIND DIRECTION    SW (210)
  HIGHEST GUST SPEED    38   HIGHEST GUST DIRECTION     S (200)
  AVERAGE WIND SPEED     4.9


SKY COVER
  POSSIBLE SUNSHINE  MM
  AVERAGE SKY COVER 0.0


WEATHER CONDITIONS
 THE FOLLOWING WEATHER WAS RECORDED YESTERDAY.
  THUNDERSTORM
  HEAVY RAIN
  RAIN
  LIGHT RAIN
  FOG


RELATIVE HUMIDITY (PERCENT)
 HIGHEST    93           400 AM
 LOWEST     44           400 PM
 AVERAGE    69

..........................................................


THE GREENWOOD CLIMATE NORMALS FOR TODAY
                         NORMAL    RECORD    YEAR
 MAXIMUM TEMPERATURE (F)   84        95      1962
                                             1956
 MINIMUM TEMPERATURE (F)   62        46      1993


SUNRISE AND SUNSET
MAY 21 2018...........SUNRISE   556 AM CDT   SUNSET   758 PM CDT
MAY 22 2018...........SUNRISE   556 AM CDT   SUNSET   759 PM CDT


-  INDICATES NEGATIVE NUMBERS.
R  INDICATES RECORD WAS SET OR TIED.
MM INDICATES DATA IS MISSING.
T  INDICATES TRACE AMOUNT.




$$
