000
CDUS44 KJAN 152112
CLIGWO


CLIMATE REPORT
NATIONAL WEATHER SERVICE JACKSON MS
410 PM CDT WED AUG 15 2018


...................................

...THE GREENWOOD CLIMATE SUMMARY FOR AUGUST 15 2018...
VALID TODAY AS OF 0400 PM LOCAL TIME.

CLIMATE NORMAL PERIOD 1981 TO 2010
CLIMATE RECORD PERIOD 1948 TO 2018


WEATHER ITEM   OBSERVED TIME   RECORD YEAR NORMAL DEPARTURE LAST
                VALUE   (LST)  VALUE       VALUE  FROM      YEAR
                                                  NORMAL
..................................................................
TEMPERATURE (F)
 TODAY
  MAXIMUM         96    207 PM 106    2007  93      3       94
  MINIMUM         72    321 AM  54    2004  70      2       75
  AVERAGE         84                        81      3       85

PRECIPITATION (IN)
  TODAY            0.00          2.35 1964   0.08  -0.08     0.02
  MONTH TO DATE    0.81                      1.31  -0.50     5.00
  SINCE JUN 1      9.90                      9.22   0.68    13.11
  SINCE JAN 1     43.41                     32.55  10.86    34.55

DEGREE DAYS
 HEATING
  TODAY            0                         0      0        0
  MONTH TO DATE    0                         0      0        0
  SINCE JUN 1      0                         0      0        0
  SINCE JUL 1      0                         0      0        0

 COOLING
  TODAY           19                        16      3       20
  MONTH TO DATE  254                       240     14      228
  SINCE JUN 1   1269                      1158    111     1147
  SINCE JAN 1   1730                      1488    242     1591
..................................................................


WIND (MPH)
  HIGHEST WIND SPEED    13   HIGHEST WIND DIRECTION    SW (210)
  HIGHEST GUST SPEED    17   HIGHEST GUST DIRECTION    SW (210)
  AVERAGE WIND SPEED     4.9


SKY COVER
  POSSIBLE SUNSHINE  MM
  AVERAGE SKY COVER 0.0


WEATHER CONDITIONS
 THE FOLLOWING WEATHER WAS RECORDED TODAY.
  NO SIGNIFICANT WEATHER WAS OBSERVED.


RELATIVE HUMIDITY (PERCENT)
 HIGHEST    93          1200 AM
 LOWEST     46           100 PM
 AVERAGE    70

..........................................................


THE GREENWOOD CLIMATE NORMALS FOR TOMORROW
                         NORMAL    RECORD    YEAR
 MAXIMUM TEMPERATURE (F)   93       103      1954
 MINIMUM TEMPERATURE (F)   70        53      2004


SUNRISE AND SUNSET
AUGUST 15 2018........SUNRISE   623 AM CDT   SUNSET   746 PM CDT
AUGUST 16 2018........SUNRISE   623 AM CDT   SUNSET   745 PM CDT


-  INDICATES NEGATIVE NUMBERS.
R  INDICATES RECORD WAS SET OR TIED.
MM INDICATES DATA IS MISSING.
T  INDICATES TRACE AMOUNT.




$$
