859
CDUS44 KJAN 110855
CLIGWO


CLIMATE REPORT
NATIONAL WEATHER SERVICE JACKSON MS
250 AM CST WED DEC 11 2019


...................................

...THE GREENWOOD CLIMATE SUMMARY FOR DECEMBER 10 2019...

CLIMATE NORMAL PERIOD 1981 TO 2010
CLIMATE RECORD PERIOD 1948 TO 2019


WEATHER ITEM   OBSERVED TIME   RECORD YEAR NORMAL DEPARTURE LAST
                VALUE   (LST)  VALUE       VALUE  FROM      YEAR
                                                  NORMAL
..................................................................
TEMPERATURE (F)
 YESTERDAY
  MAXIMUM         66   1222 AM  79    2007  57      9       47
  MINIMUM         32   1159 PM  17    1995  36     -4       29
  AVERAGE         49                        47      2       38

PRECIPITATION (IN)
  YESTERDAY        0.63          1.54 1964   0.19   0.44     0.00
  MONTH TO DATE    1.50                      1.99  -0.49     2.22
  SINCE DEC 1      1.50                      1.99  -0.49     2.22
  SINCE JAN 1     66.30                     48.11  18.19    71.98

SNOWFALL (IN)
  YESTERDAY       MM

DEGREE DAYS
 HEATING
  YESTERDAY       16                        18     -2       27
  MONTH TO DATE  142                       172    -30      199
  SINCE DEC 1    142                       172    -30      199
  SINCE JUL 1    694                       640     54      735

 COOLING
  YESTERDAY        0                         0      0        0
  MONTH TO DATE    0                         0      0        3
  SINCE DEC 1      0                         0      0        3
  SINCE JAN 1   2549                      2159    390     2587
..................................................................


WIND (MPH)
  HIGHEST WIND SPEED    21   HIGHEST WIND DIRECTION     N (350)
  HIGHEST GUST SPEED    31   HIGHEST GUST DIRECTION     N (360)
  AVERAGE WIND SPEED    10.0


SKY COVER
  POSSIBLE SUNSHINE  MM
  AVERAGE SKY COVER 1.0


WEATHER CONDITIONS
 THE FOLLOWING WEATHER WAS RECORDED YESTERDAY.
  HEAVY RAIN
  RAIN
  LIGHT RAIN
  LIGHT SNOW
  FOG


RELATIVE HUMIDITY (PERCENT)
 HIGHEST    96           500 PM
 LOWEST     67           100 AM
 AVERAGE    82

..........................................................


THE GREENWOOD CLIMATE NORMALS FOR TODAY
                         NORMAL    RECORD    YEAR
 MAXIMUM TEMPERATURE (F)   57        84      2015
 MINIMUM TEMPERATURE (F)   36        18      1962


SUNRISE AND SUNSET
DECEMBER 11 2019......SUNRISE   654 AM CST   SUNSET   453 PM CST
DECEMBER 12 2019......SUNRISE   655 AM CST   SUNSET   453 PM CST


-  INDICATES NEGATIVE NUMBERS.
R  INDICATES RECORD WAS SET OR TIED.
MM INDICATES DATA IS MISSING.
T  INDICATES TRACE AMOUNT.




$$
