000
CDUS44 KJAN 202228
CLIGWO


CLIMATE REPORT
NATIONAL WEATHER SERVICE JACKSON MS
425 PM CST SUN JAN 20 2019


...................................

...THE GREENWOOD CLIMATE SUMMARY FOR JANUARY 20 2019...
VALID TODAY AS OF 0400 PM LOCAL TIME.

CLIMATE NORMAL PERIOD 1981 TO 2010
CLIMATE RECORD PERIOD 1948 TO 2019


WEATHER ITEM   OBSERVED TIME   RECORD YEAR NORMAL DEPARTURE LAST
                VALUE   (LST)  VALUE       VALUE  FROM      YEAR
                                                  NORMAL
..................................................................
TEMPERATURE (F)
 TODAY
  MAXIMUM         38    359 PM  75    2012  53    -15       70
                                      1954
  MINIMUM         30   1025 AM   0    1985  33     -3       40
  AVERAGE         34                        43     -9       55

PRECIPITATION (IN)
  TODAY            T             2.23 1983   0.15  -0.15      T
  MONTH TO DATE    4.36                      2.88   1.48     2.10
  SINCE DEC 1      9.25                      8.53   0.72     7.38
  SINCE JAN 1      4.36                      2.88   1.48     2.10

SNOWFALL (IN)
  TODAY           MM

DEGREE DAYS
 HEATING
  TODAY           31                        22      9       10
  MONTH TO DATE  354                       440    -86      582
  SINCE DEC 1    872                      1038   -166     1172
  SINCE JUL 1   1408                      1506    -98     1586

 COOLING
  TODAY            0                         0      0        0
  MONTH TO DATE    0                         0      0        0
  SINCE DEC 1      3                         5     -2        5
  SINCE JAN 1      0                         0      0        0
..................................................................


WIND (MPH)
  HIGHEST WIND SPEED    18   HIGHEST WIND DIRECTION     N (340)
  HIGHEST GUST SPEED    30   HIGHEST GUST DIRECTION    NW (310)
  AVERAGE WIND SPEED     9.9


SKY COVER
  POSSIBLE SUNSHINE  MM
  AVERAGE SKY COVER 0.7


WEATHER CONDITIONS
 THE FOLLOWING WEATHER WAS RECORDED TODAY.
  LIGHT SNOW


RELATIVE HUMIDITY (PERCENT)
 HIGHEST    75          1200 AM
 LOWEST     52           300 PM
 AVERAGE    64

..........................................................


THE GREENWOOD CLIMATE NORMALS FOR TOMORROW
                         NORMAL    RECORD    YEAR
 MAXIMUM TEMPERATURE (F)   54        76      2018
 MINIMUM TEMPERATURE (F)   33         0      1985


SUNRISE AND SUNSET
JANUARY 20 2019.......SUNRISE   703 AM CST   SUNSET   520 PM CST
JANUARY 21 2019.......SUNRISE   703 AM CST   SUNSET   521 PM CST


-  INDICATES NEGATIVE NUMBERS.
R  INDICATES RECORD WAS SET OR TIED.
MM INDICATES DATA IS MISSING.
T  INDICATES TRACE AMOUNT.




$$
