000
CDUS44 KJAN 132113
CLIGWO


CLIMATE REPORT
NATIONAL WEATHER SERVICE JACKSON MS
412 PM CDT SUN OCT 13 2019


...................................

...THE GREENWOOD CLIMATE SUMMARY FOR OCTOBER 13 2019...
VALID TODAY AS OF 0400 PM LOCAL TIME.

CLIMATE NORMAL PERIOD 1981 TO 2010
CLIMATE RECORD PERIOD 1948 TO 2019


WEATHER ITEM   OBSERVED TIME   RECORD YEAR NORMAL DEPARTURE LAST
                VALUE   (LST)  VALUE       VALUE  FROM      YEAR
                                                  NORMAL
..................................................................
TEMPERATURE (F)
 TODAY
  MAXIMUM         57    120 PM  93    1963  78    -21       74
  MINIMUM         44    233 AM  33    1987  52     -8       62
  AVERAGE         51                        65    -14       68

PRECIPITATION (IN)
  TODAY            0.21          4.10 1970   0.12   0.09     0.01
  MONTH TO DATE    1.64                      1.62   0.02     0.51
  SINCE SEP 1      1.65                      5.28  -3.63    12.84
  SINCE JAN 1     54.43                     39.35  15.08    61.51

SNOWFALL (IN)
  TODAY            0.0

DEGREE DAYS
 HEATING
  TODAY           14                         3     11        0
  MONTH TO DATE   21                        29     -8        6
  SINCE SEP 1     21                        41    -20        6
  SINCE JUL 1     21                        41    -20        6

 COOLING
  TODAY            0                         3     -3        3
  MONTH TO DATE  139                        56     83      148
  SINCE SEP 1    700                       361    339      570
  SINCE JAN 1   2537                      2103    434     2553
..................................................................


WIND (MPH)
  HIGHEST WIND SPEED     7   HIGHEST WIND DIRECTION     S (190)
  HIGHEST GUST SPEED     8   HIGHEST GUST DIRECTION    SW (220)
  AVERAGE WIND SPEED     1.3


SKY COVER
  POSSIBLE SUNSHINE  MM
  AVERAGE SKY COVER 0.4


WEATHER CONDITIONS
 THE FOLLOWING WEATHER WAS RECORDED TODAY.
  RAIN
  LIGHT RAIN
  FOG


RELATIVE HUMIDITY (PERCENT)
 HIGHEST   100           100 PM
 LOWEST     77           800 AM
 AVERAGE    89

..........................................................


THE GREENWOOD CLIMATE NORMALS FOR TOMORROW
                         NORMAL    RECORD    YEAR
 MAXIMUM TEMPERATURE (F)   78        92      2017
                                             1972
 MINIMUM TEMPERATURE (F)   52        38      1978
                                             1977


SUNRISE AND SUNSET
OCTOBER 13 2019.......SUNRISE   703 AM CDT   SUNSET   629 PM CDT
OCTOBER 14 2019.......SUNRISE   704 AM CDT   SUNSET   628 PM CDT


-  INDICATES NEGATIVE NUMBERS.
R  INDICATES RECORD WAS SET OR TIED.
MM INDICATES DATA IS MISSING.
T  INDICATES TRACE AMOUNT.




$$
