000
CDUS44 KJAN 190640
CLIGWO


CLIMATE REPORT
NATIONAL WEATHER SERVICE JACKSON MS
139 AM CDT FRI OCT 19 2018


...................................

...THE GREENWOOD CLIMATE SUMMARY FOR OCTOBER 18 2018...

CLIMATE NORMAL PERIOD 1981 TO 2010
CLIMATE RECORD PERIOD 1948 TO 2018


WEATHER ITEM   OBSERVED TIME   RECORD YEAR NORMAL DEPARTURE LAST
                VALUE   (LST)  VALUE       VALUE  FROM      YEAR
                                                  NORMAL
..................................................................
TEMPERATURE (F)
 YESTERDAY
  MAXIMUM         72    317 PM  90    2016  76     -4       78
                                      1972
  MINIMUM         50    632 AM  30    1976  51     -1       45
  AVERAGE         61                        64     -3       62

PRECIPITATION (IN)
  YESTERDAY        0.00          0.95 1988   0.13  -0.13     0.00
  MONTH TO DATE    1.78                      2.24  -0.46     0.10
  SINCE SEP 1     14.11                      5.90   8.21     2.41
  SINCE JAN 1     62.78                     39.97  22.81    38.27

SNOWFALL (IN)
  YESTERDAY        0.0

DEGREE DAYS
 HEATING
  YESTERDAY        4                         4      0        3
  MONTH TO DATE   28                        47    -19       19
  SINCE SEP 1     28                        59    -31       21
  SINCE JUL 1     28                        59    -31       21

 COOLING
  YESTERDAY        0                         3     -3        0
  MONTH TO DATE  162                        71     91      146
  SINCE SEP 1    584                       376    208      452
  SINCE JAN 1   2567                      2118    449     2287
..................................................................


WIND (MPH)
  HIGHEST WIND SPEED    16   HIGHEST WIND DIRECTION    NE (60)
  HIGHEST GUST SPEED    21   HIGHEST GUST DIRECTION    NE (30)
  AVERAGE WIND SPEED     6.6


SKY COVER
  POSSIBLE SUNSHINE  MM
  AVERAGE SKY COVER 0.0


WEATHER CONDITIONS
 THE FOLLOWING WEATHER WAS RECORDED YESTERDAY.
  NO SIGNIFICANT WEATHER WAS OBSERVED.


RELATIVE HUMIDITY (PERCENT)
 HIGHEST    93           200 AM
 LOWEST     31           200 PM
 AVERAGE    62

..........................................................


THE GREENWOOD CLIMATE NORMALS FOR TODAY
                         NORMAL    RECORD    YEAR
 MAXIMUM TEMPERATURE (F)   76        90      2016
 MINIMUM TEMPERATURE (F)   51        30      1948


SUNRISE AND SUNSET
OCTOBER 19 2018.......SUNRISE   708 AM CDT   SUNSET   622 PM CDT
OCTOBER 20 2018.......SUNRISE   709 AM CDT   SUNSET   621 PM CDT


-  INDICATES NEGATIVE NUMBERS.
R  INDICATES RECORD WAS SET OR TIED.
MM INDICATES DATA IS MISSING.
T  INDICATES TRACE AMOUNT.




$$
