000
CDUS41 KGYX 250802
CLIGYX


CLIMATE REPORT
NATIONAL WEATHER SERVICE GRAY ME
402 AM EDT MON MAY 25 2020


...................................

...THE GRAY ME CLIMATE SUMMARY FOR MAY 24 2020...

CLIMATE NORMAL PERIOD 1981 TO 2010
CLIMATE RECORD PERIOD 1995 TO 2020


WEATHER ITEM   OBSERVED TIME   RECORD YEAR NORMAL DEPARTURE LAST
                VALUE   (LST)  VALUE       VALUE  FROM      YEAR
                                                  NORMAL
..................................................................
TEMPERATURE (F)
 YESTERDAY
  MAXIMUM         60        MM  MM      MM  68     -8       59
  MINIMUM         39        MM  MM      MM  47     -8       49
  AVERAGE         50                        57     -7       54

PRECIPITATION (IN)
  YESTERDAY        0.00         MM      MM   0.13  -0.13      T
  MONTH TO DATE    2.53                      2.97  -0.44     3.56
  SINCE MAR 1     10.53                     11.52  -0.99    11.25
  SINCE JAN 1     17.37                     18.36  -0.99    19.27

SNOWFALL (IN)
  YESTERDAY        0.0          MM      MM   0.0    0.0      0.0
  MONTH TO DATE    1.1                       0.2    0.9      0.0
  SINCE MAR 1     16.1                      24.9   -8.8     18.4
  SINCE JUL 1     70.0                      84.0  -14.0     79.1
  SNOW DEPTH       0

DEGREE DAYS
 HEATING
  YESTERDAY       15                         8      7       11
  MONTH TO DATE  323                       272     51      335
  SINCE MAR 1   1892                      1889      3     2027
  SINCE JUL 1   6866                      7047   -181     7428

 COOLING
  YESTERDAY        0                         0      0        0
  MONTH TO DATE    6                         0      6        0
  SINCE MAR 1      6                         1      5        0
  SINCE JAN 1      6                         1      5        0
..................................................................







THE GRAY ME CLIMATE NORMALS FOR TODAY
                         NORMAL
 MAXIMUM TEMPERATURE (F)   68
 MINIMUM TEMPERATURE (F)   47


SUNRISE AND SUNSET
MAY 25 2020...........SUNRISE   506 AM EDT   SUNSET   811 PM EDT
MAY 26 2020...........SUNRISE   505 AM EDT   SUNSET   812 PM EDT


-  INDICATES NEGATIVE NUMBERS.
R  INDICATES RECORD WAS SET OR TIED.
MM INDICATES DATA IS MISSING.
T  INDICATES TRACE AMOUNT.




$$
