000
CDUS41 KGYX 300809
CLIGYX


CLIMATE REPORT
NATIONAL WEATHER SERVICE GRAY ME
409 AM EDT FRI OCT 30 2020


...................................

...THE GRAY ME CLIMATE SUMMARY FOR OCTOBER 29 2020...

CLIMATE NORMAL PERIOD 1981 TO 2010
CLIMATE RECORD PERIOD 1995 TO 2020


WEATHER ITEM   OBSERVED TIME   RECORD YEAR NORMAL DEPARTURE LAST
                VALUE   (LST)  VALUE       VALUE  FROM      YEAR
                                                  NORMAL
..................................................................
TEMPERATURE (F)
 YESTERDAY
  MAXIMUM         44        MM  MM      MM  53     -9       50
  MINIMUM         34        MM  MM      MM  37     -3       45
  AVERAGE         39                        45     -6       48

PRECIPITATION (IN)
  YESTERDAY        0.37         MM      MM   0.15   0.22     0.09
  MONTH TO DATE    4.86                      4.85   0.01     6.34
  SINCE SEP 1      6.01                      9.04  -3.03     7.12
  SINCE JAN 1     36.22                     40.52  -4.30    40.87

SNOWFALL (IN)
  YESTERDAY        0.0          MM      MM   0.0    0.0      0.0
  MONTH TO DATE    T                         0.1   -0.1      0.0
  SINCE SEP 1      T                         0.1   -0.1      0.0
  SINCE JUL 1      T                         0.1   -0.1      0.0
  SNOW DEPTH       0

DEGREE DAYS
 HEATING
  YESTERDAY       26                        20      6       17
  MONTH TO DATE  440                       453    -13      427
  SINCE SEP 1    579                       621    -42      578
  SINCE JUL 1    619                       657    -38      589

 COOLING
  YESTERDAY        0                         0      0        0
  MONTH TO DATE    0                         0      0        0
  SINCE SEP 1     27                        28     -1       27
  SINCE JAN 1    548                       387    161      433
..................................................................







THE GRAY ME CLIMATE NORMALS FOR TODAY
                         NORMAL
 MAXIMUM TEMPERATURE (F)   53
 MINIMUM TEMPERATURE (F)   36


SUNRISE AND SUNSET
OCTOBER 30 2020.......SUNRISE   715 AM EDT   SUNSET   533 PM EDT
OCTOBER 31 2020.......SUNRISE   717 AM EDT   SUNSET   532 PM EDT


-  INDICATES NEGATIVE NUMBERS.
R  INDICATES RECORD WAS SET OR TIED.
MM INDICATES DATA IS MISSING.
T  INDICATES TRACE AMOUNT.




$$
