000
CDUS41 KGYX 190802
CLIGYX


CLIMATE REPORT
NATIONAL WEATHER SERVICE GRAY ME
402 AM EDT THU JUL 19 2018


...................................

...THE GRAY ME CLIMATE SUMMARY FOR JULY 18 2018...

CLIMATE NORMAL PERIOD 1981 TO 2010
CLIMATE RECORD PERIOD 1995 TO 2018


WEATHER ITEM   OBSERVED TIME   RECORD YEAR NORMAL DEPARTURE LAST
                VALUE   (LST)  VALUE       VALUE  FROM      YEAR
                                                  NORMAL
..................................................................
TEMPERATURE (F)
 YESTERDAY
  MAXIMUM         77        MM  MM      MM  79     -2       79
  MINIMUM         60        MM  MM      MM  60      0       65
  AVERAGE         69                        70     -1       72

PRECIPITATION (IN)
  YESTERDAY        0.00         MM      MM   0.14  -0.14     0.09
  MONTH TO DATE    0.87                      2.62  -1.75     0.95
  SINCE JUN 1      5.13                      6.92  -1.79     4.28
  SINCE JAN 1     20.82                     26.21  -5.39    24.82

SNOWFALL (IN)
  YESTERDAY        0.0          MM      MM   0.0    0.0      0.0
  MONTH TO DATE    0.0                       0.0    0.0      0.0
  SINCE JUN 1      0.0                       0.0    0.0      0.0
  SINCE JUL 1      0.0                       0.0    0.0      0.0
  SNOW DEPTH       0

DEGREE DAYS
 HEATING
  YESTERDAY        0                         0      0        0
  MONTH TO DATE    3                         7     -4        7
  SINCE JUN 1    108                       101      7       84
  SINCE JUL 1      3                         7     -4        7

 COOLING
  YESTERDAY        4                         5     -1        7
  MONTH TO DATE  107                        83     24       98
  SINCE JUN 1    163                       148     15      203
  SINCE JAN 1    173                       159     14      224
..................................................................







THE GRAY ME CLIMATE NORMALS FOR TODAY
                         NORMAL
 MAXIMUM TEMPERATURE (F)   80
 MINIMUM TEMPERATURE (F)   60


SUNRISE AND SUNSET
JULY 19 2018..........SUNRISE   516 AM EDT   SUNSET   818 PM EDT
JULY 20 2018..........SUNRISE   517 AM EDT   SUNSET   817 PM EDT


-  INDICATES NEGATIVE NUMBERS.
R  INDICATES RECORD WAS SET OR TIED.
MM INDICATES DATA IS MISSING.
T  INDICATES TRACE AMOUNT.




$$
