000
CDUS41 KGYX 180820
CLIGYX


CLIMATE REPORT
NATIONAL WEATHER SERVICE GRAY ME
420 AM EDT THU OCT 18 2018


...................................

...THE GRAY ME CLIMATE SUMMARY FOR OCTOBER 17 2018...

CLIMATE NORMAL PERIOD 1981 TO 2010
CLIMATE RECORD PERIOD 1995 TO 2018


WEATHER ITEM   OBSERVED TIME   RECORD YEAR NORMAL DEPARTURE LAST
                VALUE   (LST)  VALUE       VALUE  FROM      YEAR
                                                  NORMAL
..................................................................
TEMPERATURE (F)
 YESTERDAY
  MAXIMUM         MM        MM  MM      MM  58     MM       55
  MINIMUM         MM        MM  MM      MM  40     MM       34
  AVERAGE         MM                        49     MM       45

PRECIPITATION (IN)
  YESTERDAY       MM            MM      MM   0.17  MM        0.00
  MONTH TO DATE    2.42                      2.83  -0.41     0.74
  SINCE SEP 1      7.19                      7.02   0.17     3.31
  SINCE JAN 1     34.89                     38.50  -3.61    31.24

SNOWFALL (IN)
  YESTERDAY       MM            MM      MM   0.0   MM        0.0
  MONTH TO DATE    0.0                       0.0    0.0      0.0
  SINCE SEP 1      0.0                       0.0    0.0      0.0
  SINCE JUL 1      0.0                       0.0    0.0      0.0
  SNOW DEPTH      MM

DEGREE DAYS
 HEATING
  YESTERDAY       MM                        16     MM       20
  MONTH TO DATE  194                       232    -38      121
  SINCE SEP 1    336                       400    -64      187
  SINCE JUL 1    347                       436    -89      218

 COOLING
  YESTERDAY       MM                         0     MM        0
  MONTH TO DATE    2                         0      2       11
  SINCE SEP 1     70                        28     42       93
  SINCE JAN 1    521                       387    134      531
..................................................................







THE GRAY ME CLIMATE NORMALS FOR TODAY
                         NORMAL
 MAXIMUM TEMPERATURE (F)   57
 MINIMUM TEMPERATURE (F)   39


SUNRISE AND SUNSET
OCTOBER 18 2018.......SUNRISE   659 AM EDT   SUNSET   552 PM EDT
OCTOBER 19 2018.......SUNRISE   700 AM EDT   SUNSET   551 PM EDT


-  INDICATES NEGATIVE NUMBERS.
R  INDICATES RECORD WAS SET OR TIED.
MM INDICATES DATA IS MISSING.
T  INDICATES TRACE AMOUNT.




$$
