000
CDUS41 KGYX 230807
CLIGYX


CLIMATE REPORT
NATIONAL WEATHER SERVICE GRAY ME
407 AM EDT WED OCT 23 2019


...................................

...THE GRAY ME CLIMATE SUMMARY FOR OCTOBER 22 2019...

CLIMATE NORMAL PERIOD 1981 TO 2010
CLIMATE RECORD PERIOD 1995 TO 2019


WEATHER ITEM   OBSERVED TIME   RECORD YEAR NORMAL DEPARTURE LAST
                VALUE   (LST)  VALUE       VALUE  FROM      YEAR
                                                  NORMAL
..................................................................
TEMPERATURE (F)
 YESTERDAY
  MAXIMUM         57        MM  MM      MM  56      1       47
  MINIMUM         41        MM  MM      MM  38      3       31
  AVERAGE         49                        47      2       39

PRECIPITATION (IN)
  YESTERDAY        0.24         MM      MM   0.18   0.06     0.00
  MONTH TO DATE    3.23                      3.72  -0.49     2.46
  SINCE SEP 1      4.01                      7.91  -3.90     7.23
  SINCE JAN 1     37.76                     39.39  -1.63    34.93

SNOWFALL (IN)
  YESTERDAY        0.0          MM      MM   0.0    0.0      0.0
  MONTH TO DATE    0.0                       0.0    0.0       T
  SINCE SEP 1      0.0                       0.0    0.0       T
  SINCE JUL 1      0.0                       0.0    0.0       T
  SNOW DEPTH       0

DEGREE DAYS
 HEATING
  YESTERDAY       16                        18     -2       26
  MONTH TO DATE  296                       319    -23      344
  SINCE SEP 1    447                       487    -40      486
  SINCE JUL 1    458                       523    -65      497

 COOLING
  YESTERDAY        0                         0      0        0
  MONTH TO DATE    0                         0      0        2
  SINCE SEP 1     27                        28     -1       70
  SINCE JAN 1    433                       387     46      521
..................................................................







THE GRAY ME CLIMATE NORMALS FOR TODAY
                         NORMAL
 MAXIMUM TEMPERATURE (F)   56
 MINIMUM TEMPERATURE (F)   38


SUNRISE AND SUNSET
OCTOBER 23 2019.......SUNRISE   705 AM EDT   SUNSET   545 PM EDT
OCTOBER 24 2019.......SUNRISE   706 AM EDT   SUNSET   543 PM EDT


-  INDICATES NEGATIVE NUMBERS.
R  INDICATES RECORD WAS SET OR TIED.
MM INDICATES DATA IS MISSING.
T  INDICATES TRACE AMOUNT.




$$
