000
CDUS41 KGYX 180903
CLIGYX


CLIMATE REPORT
NATIONAL WEATHER SERVICE GRAY ME
403 AM EST FRI JAN 18 2019


...................................

...THE GRAY ME CLIMATE SUMMARY FOR JANUARY 17 2019...

CLIMATE NORMAL PERIOD 1981 TO 2010
CLIMATE RECORD PERIOD 1995 TO 2019


WEATHER ITEM   OBSERVED TIME   RECORD YEAR NORMAL DEPARTURE LAST
                VALUE   (LST)  VALUE       VALUE  FROM      YEAR
                                                  NORMAL
..................................................................
TEMPERATURE (F)
 YESTERDAY
  MAXIMUM         20        MM  MM      MM  29     -9       25
  MINIMUM          5        MM  MM      MM  12     -7       20
  AVERAGE         13                        20     -7       23

PRECIPITATION (IN)
  YESTERDAY        0.00         MM      MM   0.12  -0.12     0.34
  MONTH TO DATE    1.97                      1.96   0.01     2.72
  SINCE DEC 1      5.62                      6.02  -0.40     6.19
  SINCE JAN 1      1.97                      1.96   0.01     2.72

SNOWFALL (IN)
  YESTERDAY        0.0          MM      MM   0.7   -0.7      5.3
  MONTH TO DATE    9.2                      12.0   -2.8     18.6
  SINCE DEC 1     13.5                      30.3  -16.8     42.2
  SINCE JUL 1     34.3                      33.4    0.9     43.4
  SNOW DEPTH       7

DEGREE DAYS
 HEATING
  YESTERDAY       52                        45      7       42
  MONTH TO DATE  672                       743    -71      816
  SINCE DEC 1   1837                      1912    -75     2170
  SINCE JUL 1   3523                      3409    114     3363

 COOLING
  YESTERDAY        0                         0      0        0
  MONTH TO DATE    0                         0      0        0
  SINCE DEC 1      0                         0      0        0
  SINCE JAN 1      0                         0      0        0
..................................................................







THE GRAY ME CLIMATE NORMALS FOR TODAY
                         NORMAL
 MAXIMUM TEMPERATURE (F)   29
 MINIMUM TEMPERATURE (F)   12


SUNRISE AND SUNSET
JANUARY 18 2019.......SUNRISE   711 AM EST   SUNSET   433 PM EST
JANUARY 19 2019.......SUNRISE   710 AM EST   SUNSET   434 PM EST


-  INDICATES NEGATIVE NUMBERS.
R  INDICATES RECORD WAS SET OR TIED.
MM INDICATES DATA IS MISSING.
T  INDICATES TRACE AMOUNT.




$$
