000
CDUS44 KJAN 222212
CLIHBG


CLIMATE REPORT
NATIONAL WEATHER SERVICE JACKSON MS
405 PM CST THU FEB 22 2018


...................................

...THE HATTIESBURG CLIMATE SUMMARY FOR FEBRUARY 22 2018...
VALID TODAY AS OF 0400 PM LOCAL TIME.

CLIMATE NORMAL PERIOD 1981 TO 2010
CLIMATE RECORD PERIOD 1948 TO 2018


WEATHER ITEM   OBSERVED TIME   RECORD YEAR NORMAL DEPARTURE LAST
                VALUE   (LST)  VALUE       VALUE  FROM      YEAR
                                                  NORMAL
..................................................................
TEMPERATURE (F)
 TODAY
  MAXIMUM         85R   220 PM  82    2006  65     20       71
                                      1949
  MINIMUM         68    640 AM  19    1978  42     26       52
  AVERAGE         77                        54     23       62

PRECIPITATION (IN)
  TODAY            0.00          3.05 1991   0.19  -0.19     0.00
  MONTH TO DATE    3.24                      4.21  -0.97     1.99
  SINCE DEC 1     14.60                     14.86  -0.26    18.12
  SINCE JAN 1      9.88                      9.95  -0.07    11.06

SNOWFALL (IN)
  TODAY            0.0

DEGREE DAYS
 HEATING
  TODAY            0                        12    -12        3
  MONTH TO DATE  138                       314   -176      130
  SINCE DEC 1   1266                      1285    -19      743
  SINCE JUL 1   1571                      1613    -42      939

 COOLING
  TODAY           12                         0     12        0
  MONTH TO DATE   60                         0     60       25
  SINCE DEC 1     65                        19     46       96
  SINCE JAN 1     60                         6     54       57
..................................................................


WIND (MPH)
  HIGHEST WIND SPEED    18   HIGHEST WIND DIRECTION    SE (140)
  HIGHEST GUST SPEED    25   HIGHEST GUST DIRECTION     S (160)
  AVERAGE WIND SPEED     7.4


SKY COVER
  POSSIBLE SUNSHINE  MM
  AVERAGE SKY COVER 0.7


WEATHER CONDITIONS
 THE FOLLOWING WEATHER WAS RECORDED TODAY.
  FOG


RELATIVE HUMIDITY (PERCENT)
 HIGHEST   100          1200 AM
 LOWEST     51           100 PM
 AVERAGE    76

..........................................................


THE HATTIESBURG CLIMATE NORMALS FOR TOMORROW
                         NORMAL    RECORD    YEAR
 MAXIMUM TEMPERATURE (F)   66        83      2011
                                             1962
 MINIMUM TEMPERATURE (F)   42        19      1963


SUNRISE AND SUNSET
FEBRUARY 22 2018......SUNRISE   631 AM CST   SUNSET   550 PM CST
FEBRUARY 23 2018......SUNRISE   630 AM CST   SUNSET   551 PM CST


-  INDICATES NEGATIVE NUMBERS.
R  INDICATES RECORD WAS SET OR TIED.
MM INDICATES DATA IS MISSING.
T  INDICATES TRACE AMOUNT.




$$
