000
CDUS44 KJAN 280628
CLIHBG


CLIMATE REPORT
NATIONAL WEATHER SERVICE JACKSON MS
124 AM CDT WED OCT 28 2020


...................................

...THE HATTIESBURG CLIMATE SUMMARY FOR OCTOBER 27 2020...

CLIMATE NORMAL PERIOD 1981 TO 2010
CLIMATE RECORD PERIOD 1893 TO 2020


WEATHER ITEM   OBSERVED TIME   RECORD YEAR NORMAL DEPARTURE LAST
                VALUE   (LST)  VALUE       VALUE  FROM      YEAR
                                                  NORMAL
..................................................................
TEMPERATURE (F)
 YESTERDAY
  MAXIMUM         82    231 PM  91    1939  77      5       62
  MINIMUM         63    334 AM  31    1957  50     13       54
                                      1942
  AVERAGE         73                        64      9       58

PRECIPITATION (IN)
  YESTERDAY        0.31          1.69 2002   0.12   0.19     0.00
  MONTH TO DATE    2.18                      3.33  -1.15     7.95
  SINCE SEP 1      3.39                      7.41  -4.02     8.01
  SINCE JAN 1     42.37                     49.57  -7.20    58.06

SNOWFALL (IN)
  YESTERDAY        0.0

DEGREE DAYS
 HEATING
  YESTERDAY        0                         4     -4        7
  MONTH TO DATE   20                        56    -36       41
  SINCE SEP 1     22                        58    -36       41
  SINCE JUL 1     22                        58    -36       41

 COOLING
  YESTERDAY        8                         3      5        0
  MONTH TO DATE  153                       125     28      205
  SINCE SEP 1    503                       481     22      715
  SINCE JAN 1   2505                      2352    153     2761
..................................................................


WIND (MPH)
  HIGHEST WIND SPEED    10   HIGHEST WIND DIRECTION     E (90)
  HIGHEST GUST SPEED    15   HIGHEST GUST DIRECTION     E (90)
  AVERAGE WIND SPEED     3.8


SKY COVER
  POSSIBLE SUNSHINE  MM
  AVERAGE SKY COVER 0.9


WEATHER CONDITIONS
 THE FOLLOWING WEATHER WAS RECORDED YESTERDAY.
  THUNDERSTORM
  HEAVY RAIN
  RAIN
  LIGHT RAIN
  FOG


RELATIVE HUMIDITY (PERCENT)
 HIGHEST    94           800 PM
 LOWEST     74           100 PM
 AVERAGE    84

..........................................................


THE HATTIESBURG CLIMATE NORMALS FOR TODAY
                         NORMAL    RECORD    YEAR
 MAXIMUM TEMPERATURE (F)   76        92      1919
 MINIMUM TEMPERATURE (F)   50        28      1914


SUNRISE AND SUNSET
OCTOBER 28 2020.......SUNRISE   710 AM CDT   SUNSET   611 PM CDT
OCTOBER 29 2020.......SUNRISE   711 AM CDT   SUNSET   610 PM CDT


-  INDICATES NEGATIVE NUMBERS.
R  INDICATES RECORD WAS SET OR TIED.
MM INDICATES DATA IS MISSING.
T  INDICATES TRACE AMOUNT.




$$
