000
CDUS44 KJAN 160649
CLIHBG


CLIMATE REPORT
NATIONAL WEATHER SERVICE JACKSON MS
1247 AM CST SUN DEC 16 2018


...................................

...THE HATTIESBURG CLIMATE SUMMARY FOR DECEMBER 15 2018...

CLIMATE NORMAL PERIOD 1981 TO 2010
CLIMATE RECORD PERIOD 1948 TO 2018


WEATHER ITEM   OBSERVED TIME   RECORD YEAR NORMAL DEPARTURE LAST
                VALUE   (LST)  VALUE       VALUE  FROM      YEAR
                                                  NORMAL
..................................................................
TEMPERATURE (F)
 YESTERDAY
  MAXIMUM         56    145 PM  83    1948  62     -6       46
  MINIMUM         50   1159 PM  17    1901  40     10       33
  AVERAGE         53                        51      2       40

PRECIPITATION (IN)
  YESTERDAY        T             2.20 1902   0.15  -0.15     0.00
  MONTH TO DATE    2.96                      2.40   0.56     1.74
  SINCE DEC 1      2.96                      2.40   0.56     1.74
  SINCE JAN 1     63.54                     56.66   6.88    64.08

SNOWFALL (IN)
  YESTERDAY        0.0

DEGREE DAYS
 HEATING
  YESTERDAY       12                        15     -3       25
  MONTH TO DATE  213                       207      6      253
  SINCE DEC 1    213                       207      6      253
  SINCE JUL 1    584                       535     49      558

 COOLING
  YESTERDAY        0                         0      0        0
  MONTH TO DATE   10                        12     -2        0
  SINCE DEC 1     10                        12     -2        0
  SINCE JAN 1   2871                      2402    469     2544
..................................................................


WIND (MPH)
  HIGHEST WIND SPEED    14   HIGHEST WIND DIRECTION    NW (300)
  HIGHEST GUST SPEED    20   HIGHEST GUST DIRECTION    SW (240)
  AVERAGE WIND SPEED     7.6


SKY COVER
  POSSIBLE SUNSHINE  MM
  AVERAGE SKY COVER 1.0


WEATHER CONDITIONS
 THE FOLLOWING WEATHER WAS RECORDED YESTERDAY.
  LIGHT RAIN
  FOG


RELATIVE HUMIDITY (PERCENT)
 HIGHEST    89           800 AM
 LOWEST     71          1200 AM
 AVERAGE    80

..........................................................


THE HATTIESBURG CLIMATE NORMALS FOR TODAY
                         NORMAL    RECORD    YEAR
 MAXIMUM TEMPERATURE (F)   61        83      2001
 MINIMUM TEMPERATURE (F)   40        15      1901


SUNRISE AND SUNSET
DECEMBER 16 2018......SUNRISE   649 AM CST   SUNSET   456 PM CST
DECEMBER 17 2018......SUNRISE   649 AM CST   SUNSET   457 PM CST


-  INDICATES NEGATIVE NUMBERS.
R  INDICATES RECORD WAS SET OR TIED.
MM INDICATES DATA IS MISSING.
T  INDICATES TRACE AMOUNT.




$$
