000
CDUS44 KJAN 242212
CLIHBG


CLIMATE REPORT
NATIONAL WEATHER SERVICE JACKSON MS
411 PM CST FRI JAN 24 2020


...................................

...THE HATTIESBURG CLIMATE SUMMARY FOR JANUARY 24 2020...
VALID TODAY AS OF 0400 PM LOCAL TIME.

CLIMATE NORMAL PERIOD 1981 TO 2010
CLIMATE RECORD PERIOD 1893 TO 2020


WEATHER ITEM   OBSERVED TIME   RECORD YEAR NORMAL DEPARTURE LAST
                VALUE   (LST)  VALUE       VALUE  FROM      YEAR
                                                  NORMAL
..................................................................
TEMPERATURE (F)
 TODAY
  MAXIMUM         64        MM  82    1909  60      4       52
  MINIMUM         43        MM   7    1963  37      6       34
  AVERAGE         54                        48      6       43

PRECIPITATION (IN)
  TODAY            T             2.22 1932   0.19  -0.19     0.00
  MONTH TO DATE    5.74                      4.33   1.41     4.97
  SINCE DEC 1      9.64                      9.24   0.40    17.83
  SINCE JAN 1      5.74                      4.33   1.41     4.97

SNOWFALL (IN)
  TODAY            0.0

DEGREE DAYS
 HEATING
  TODAY           11                        17     -6       22
  MONTH TO DATE  271                       401   -130      350
  SINCE DEC 1    606                       858   -252      733
  SINCE JUL 1   1001                      1186   -185     1104

 COOLING
  TODAY            0                         0      0        0
  MONTH TO DATE    9                         0      9        0
  SINCE DEC 1     17                        13      4       14
  SINCE JAN 1      9                         0      9        0
..................................................................


WIND (MPH)
  HIGHEST WIND SPEED    32   HIGHEST WIND DIRECTION    MM
  HIGHEST GUST SPEED    21   HIGHEST GUST DIRECTION    MM
  AVERAGE WIND SPEED    MM


SKY COVER
  POSSIBLE SUNSHINE  MM
  AVERAGE SKY COVER  MM


WEATHER CONDITIONS
 THE FOLLOWING WEATHER WAS RECORDED TODAY.
  FOG


RELATIVE HUMIDITY (PERCENT)
 HIGHEST    MM
 LOWEST     MM
 AVERAGE    MM

..........................................................


THE HATTIESBURG CLIMATE NORMALS FOR TOMORROW
                         NORMAL    RECORD    YEAR
 MAXIMUM TEMPERATURE (F)   60        81      1943
 MINIMUM TEMPERATURE (F)   37        12      1963


SUNRISE AND SUNSET
JANUARY 24 2020.......SUNRISE   654 AM CST   SUNSET   525 PM CST
JANUARY 25 2020.......SUNRISE   653 AM CST   SUNSET   525 PM CST


-  INDICATES NEGATIVE NUMBERS.
R  INDICATES RECORD WAS SET OR TIED.
MM INDICATES DATA IS MISSING.
T  INDICATES TRACE AMOUNT.




$$
