000
CDUS44 KJAN 250818
CLIHBG


CLIMATE REPORT
NATIONAL WEATHER SERVICE JACKSON MS
316 AM CDT TUE SEP 25 2018


...................................

...THE HATTIESBURG CLIMATE SUMMARY FOR SEPTEMBER 24 2018...

CLIMATE NORMAL PERIOD 1981 TO 2010
CLIMATE RECORD PERIOD 1948 TO 2018


WEATHER ITEM   OBSERVED TIME   RECORD YEAR NORMAL DEPARTURE LAST
                VALUE   (LST)  VALUE       VALUE  FROM      YEAR
                                                  NORMAL
..................................................................
TEMPERATURE (F)
 YESTERDAY
  MAXIMUM         87    150 PM 100    1925  86      1       89
  MINIMUM         72    609 AM  43    1927  63      9       66
  AVERAGE         80                        74      6       78

PRECIPITATION (IN)
  YESTERDAY        0.15          2.00 1914   0.11   0.04     0.01
  MONTH TO DATE    3.32                      3.33  -0.01     2.16
  SINCE SEP 1      3.32                      3.33  -0.01     2.16
  SINCE JAN 1     49.35                     45.49   3.86    58.58

SNOWFALL (IN)
  YESTERDAY        0.0

DEGREE DAYS
 HEATING
  YESTERDAY        0                         0      0        0
  MONTH TO DATE    0                         0      0        0
  SINCE SEP 1      0                         0      0        0
  SINCE JUL 1      0                         0      0        0

 COOLING
  YESTERDAY       15                        10      5       13
  MONTH TO DATE  410                       305    105      272
  SINCE SEP 1    410                       305    105      272
  SINCE JAN 1   2539                      2176    363     2217
..................................................................


WIND (MPH)
  HIGHEST WIND SPEED    16   HIGHEST WIND DIRECTION    SE (140)
  HIGHEST GUST SPEED    22   HIGHEST GUST DIRECTION    SW (210)
  AVERAGE WIND SPEED     4.6


SKY COVER
  POSSIBLE SUNSHINE  MM
  AVERAGE SKY COVER 0.2


WEATHER CONDITIONS
 THE FOLLOWING WEATHER WAS RECORDED YESTERDAY.
  HEAVY RAIN
  LIGHT RAIN
  FOG


RELATIVE HUMIDITY (PERCENT)
 HIGHEST   100           400 AM
 LOWEST     61          1200 PM
 AVERAGE    81

..........................................................


THE HATTIESBURG CLIMATE NORMALS FOR TODAY
                         NORMAL    RECORD    YEAR
 MAXIMUM TEMPERATURE (F)   85        96      2016
 MINIMUM TEMPERATURE (F)   63        46      1928


SUNRISE AND SUNSET
SEPTEMBER 25 2018.....SUNRISE   647 AM CDT   SUNSET   650 PM CDT
SEPTEMBER 26 2018.....SUNRISE   648 AM CDT   SUNSET   648 PM CDT


-  INDICATES NEGATIVE NUMBERS.
R  INDICATES RECORD WAS SET OR TIED.
MM INDICATES DATA IS MISSING.
T  INDICATES TRACE AMOUNT.




$$
