612
CDUS44 KJAN 210715
CLIHBG


CLIMATE REPORT
NATIONAL WEATHER SERVICE JACKSON MS
211 AM CDT MON OCT 21 2019


...................................

...THE HATTIESBURG CLIMATE SUMMARY FOR OCTOBER 20 2019...

CLIMATE NORMAL PERIOD 1981 TO 2010
CLIMATE RECORD PERIOD 1893 TO 2019


WEATHER ITEM   OBSERVED TIME   RECORD YEAR NORMAL DEPARTURE LAST
                VALUE   (LST)  VALUE       VALUE  FROM      YEAR
                                                  NORMAL
..................................................................
TEMPERATURE (F)
 YESTERDAY
  MAXIMUM         86    247 PM  90    1963  79      7       82
                                      1940
                                      1920
  MINIMUM         58    628 AM  32    1948  53      5       60
  AVERAGE         72                        66      6       71

PRECIPITATION (IN)
  YESTERDAY        0.00          2.18 1947   0.12  -0.12     0.00
  MONTH TO DATE    3.84                      2.47   1.37     0.69
  SINCE SEP 1      3.90                      6.55  -2.65     6.11
  SINCE JAN 1     53.95                     48.71   5.24    52.14

SNOWFALL (IN)
  YESTERDAY        0.0

DEGREE DAYS
 HEATING
  YESTERDAY        0                         3     -3        0
  MONTH TO DATE   15                        30    -15        0
  SINCE SEP 1     15                        32    -17        0
  SINCE JUL 1     15                        32    -17        0

 COOLING
  YESTERDAY        7                         3      4        6
  MONTH TO DATE  194                       104     90      205
  SINCE SEP 1    704                       460    244      697
  SINCE JAN 1   2750                      2331    419     2826
..................................................................


WIND (MPH)
  HIGHEST WIND SPEED    13   HIGHEST WIND DIRECTION     S (170)
  HIGHEST GUST SPEED    16   HIGHEST GUST DIRECTION     S (170)
  AVERAGE WIND SPEED     3.5


SKY COVER
  POSSIBLE SUNSHINE  MM
  AVERAGE SKY COVER 0.1


WEATHER CONDITIONS
 THE FOLLOWING WEATHER WAS RECORDED YESTERDAY.
  FOG


RELATIVE HUMIDITY (PERCENT)
 HIGHEST    97           200 AM
 LOWEST     51           200 PM
 AVERAGE    74

..........................................................


THE HATTIESBURG CLIMATE NORMALS FOR TODAY
                         NORMAL    RECORD    YEAR
 MAXIMUM TEMPERATURE (F)   78        95      1919
 MINIMUM TEMPERATURE (F)   53        31      1913


SUNRISE AND SUNSET
OCTOBER 21 2019.......SUNRISE   704 AM CDT   SUNSET   619 PM CDT
OCTOBER 22 2019.......SUNRISE   705 AM CDT   SUNSET   618 PM CDT


-  INDICATES NEGATIVE NUMBERS.
R  INDICATES RECORD WAS SET OR TIED.
MM INDICATES DATA IS MISSING.
T  INDICATES TRACE AMOUNT.




$$
