000
CDUS41 KLWX 302127
CLIHGR

CLIMATE REPORT
NATIONAL WEATHER SERVICE BALTIMORE MD/WASHINGTON DC
527 PM EDT SAT MAY 30 2020

...................................

...THE HAGERSTOWN MD CLIMATE SUMMARY FOR MAY 30 2020...
VALID TODAY AS OF 0500 PM LOCAL TIME.

CLIMATE NORMAL PERIOD: 1981 TO 2010
CLIMATE RECORD PERIOD: 1998 TO 2020


WEATHER ITEM   OBSERVED TIME   NORMAL DEPARTURE LAST
                VALUE   (LST)  VALUE  FROM      YEAR
                                      NORMAL
.......................................................
TEMPERATURE (F)
 TODAY
  MAXIMUM         82   2:24 PM  76      6       82
  MINIMUM         64   5:59 AM  56      8       68
  AVERAGE         73            66      7       75

PRECIPITATION (IN)
  TODAY            0.00          0.14  -0.14     0.37
  MONTH TO DATE    1.55          3.89  -2.34     5.73
  SINCE MAR 1      8.65         10.83  -2.18    13.08
  SINCE JAN 1     13.11         16.06  -2.95    19.48

DEGREE DAYS
 HEATING
  TODAY            0             2     -2        0
  MONTH TO DATE  193           152     41       59
  SINCE MAR 1   1101          1263   -162      994
  SINCE JUL 1   4370          5166   -796     4557

 COOLING
  TODAY            8             4      4       10
  MONTH TO DATE   76            56     20      160
  SINCE MAR 1     78            71      7      173
  SINCE JAN 1     78            71      7      173
.......................................................


WIND (MPH)
  HIGHEST WIND SPEED    18   HIGHEST WIND DIRECTION     W (290)
  HIGHEST GUST SPEED    22   HIGHEST GUST DIRECTION    NW (300)
  AVERAGE WIND SPEED     7.5


SKY COVER
  AVERAGE SKY COVER 0.3


WEATHER CONDITIONS
THE FOLLOWING WEATHER WAS RECORDED TODAY.
  HAZE


RELATIVE HUMIDITY (PERCENT)
 HIGHEST    81           2:00 AM
 LOWEST     33           3:00 PM
 AVERAGE    57

..........................................................


THE HAGERSTOWN MD CLIMATE NORMALS FOR TOMORROW
                         NORMAL




SUNRISE AND SUNSET
MAY 30 2020...........SUNRISE   5:46 AM EDT   SUNSET   8:32 PM EDT
MAY 31 2020...........SUNRISE   5:45 AM EDT   SUNSET   8:32 PM EDT


-  INDICATES NEGATIVE NUMBERS.
R  INDICATES RECORD WAS SET OR TIED.
MM INDICATES DATA IS MISSING.
T  INDICATES TRACE AMOUNT.




$$
