331
CDUS41 KLWX 210526
CLIHGR


CLIMATE REPORT
NATIONAL WEATHER SERVICE BALTIMORE MD/WASHINGTON DC
126 AM EDT MON OCT 21 2019


...................................

...THE HAGERSTOWN MD CLIMATE SUMMARY FOR OCTOBER 20 2019...

CLIMATE NORMAL PERIOD 1981 TO 2010
CLIMATE RECORD PERIOD 1998 TO 2019


WEATHER ITEM   OBSERVED TIME   NORMAL DEPARTURE LAST
                VALUE   (LST)  VALUE  FROM      YEAR
                                      NORMAL
......................................................
TEMPERATURE (F)
 YESTERDAY
  MAXIMUM         55    328 PM  64     -9       66
  MINIMUM         49    608 AM  43      6       46
  AVERAGE         52            53     -1       56

PRECIPITATION (IN)
  YESTERDAY        0.23          0.08   0.15     0.03
  MONTH TO DATE    1.17          2.03  -0.86     0.86
  SINCE SEP 1      1.65          5.70  -4.05    10.17
  SINCE JAN 1     30.02         32.33  -2.31    44.56

DEGREE DAYS
 HEATING
  YESTERDAY       13            12      1        9
  MONTH TO DATE  135           180    -45       99
  SINCE SEP 1    136           249   -113      119
  SINCE JUL 1    136           254   -118      119

 COOLING
  YESTERDAY        0             0      0        0
  MONTH TO DATE   35             9     26       98
  SINCE SEP 1    264           100    164      342
  SINCE JAN 1   1473           968    505     1573
......................................................


WIND (MPH)
  HIGHEST WIND SPEED    12   HIGHEST WIND DIRECTION     N (350)
  HIGHEST GUST SPEED    14   HIGHEST GUST DIRECTION     N (20)
  AVERAGE WIND SPEED     5.3


SKY COVER
  POSSIBLE SUNSHINE  MM
  AVERAGE SKY COVER 0.8


WEATHER CONDITIONS
 THE FOLLOWING WEATHER WAS RECORDED YESTERDAY.
  LIGHT RAIN
  FOG


RELATIVE HUMIDITY (PERCENT)
 HIGHEST    96          1000 AM
 LOWEST     66          1200 AM
 AVERAGE    81

..........................................................


THE HAGERSTOWN MD CLIMATE NORMALS FOR TODAY
                         NORMAL    RECORD    YEAR
 MAXIMUM TEMPERATURE (F)   64        85      1947
 MINIMUM TEMPERATURE (F)   43        21      1930


SUNRISE AND SUNSET
OCTOBER 21 2019.......SUNRISE   727 AM EDT   SUNSET   623 PM EDT
OCTOBER 22 2019.......SUNRISE   728 AM EDT   SUNSET   622 PM EDT


-  INDICATES NEGATIVE NUMBERS.
R  INDICATES RECORD WAS SET OR TIED.
MM INDICATES DATA IS MISSING.
T  INDICATES TRACE AMOUNT.




$$
