000
CDUS41 KLWX 182125
CLIHGR


CLIMATE REPORT
NATIONAL WEATHER SERVICE BALTIMORE MD/WASHINGTON DC
524 PM EDT THU APR 18 2019


...................................

...THE HAGERSTOWN MD CLIMATE SUMMARY FOR APRIL 18 2019...
VALID TODAY AS OF 0500 PM LOCAL TIME.

CLIMATE NORMAL PERIOD 1981 TO 2010
CLIMATE RECORD PERIOD 1998 TO 2019


WEATHER ITEM   OBSERVED TIME   RECORD YEAR NORMAL DEPARTURE LAST
                VALUE   (LST)  VALUE       VALUE  FROM      YEAR
                                                  NORMAL
..................................................................
TEMPERATURE (F)
 TODAY
  MAXIMUM         75    359 PM  MM      MM  64     11       58
  MINIMUM         50    510 AM  MM      MM  44      6       32
  AVERAGE         63                        54      9       45

PRECIPITATION (IN)
  TODAY            0.03         MM      MM   0.12  -0.09     0.00
  MONTH TO DATE    1.02                      2.22  -1.20     3.40
  SINCE MAR 1      5.23                      5.60  -0.37     5.36
  SINCE JAN 1     11.63                     10.83   0.80    11.86

DEGREE DAYS
 HEATING
  TODAY            2                        12    -10       20
  MONTH TO DATE  171                       263    -92      311
  SINCE MAR 1    882                       992   -110     1129
  SINCE JUL 1   4445                      4895   -450     4542

 COOLING
  TODAY            0                         0      0        0
  MONTH TO DATE    7                         0      7       15
  SINCE MAR 1      7                         1      6       15
  SINCE JAN 1      7                         1      6       20
..................................................................


WIND (MPH)
  HIGHEST WIND SPEED    20   HIGHEST WIND DIRECTION    SE (150)
  HIGHEST GUST SPEED    24   HIGHEST GUST DIRECTION    SE (150)
  AVERAGE WIND SPEED     6.8


SKY COVER
  POSSIBLE SUNSHINE  MM
  AVERAGE SKY COVER 0.3


WEATHER CONDITIONS
 THE FOLLOWING WEATHER WAS RECORDED TODAY.
  LIGHT RAIN


RELATIVE HUMIDITY (PERCENT)
 HIGHEST    80           500 AM
 LOWEST     46           400 PM
 AVERAGE    63

..........................................................


THE HAGERSTOWN MD CLIMATE NORMALS FOR TOMORROW
                         NORMAL    RECORD    YEAR
 MAXIMUM TEMPERATURE (F)   64        MM        MM
 MINIMUM TEMPERATURE (F)   44        MM        MM


SUNRISE AND SUNSET
APRIL 18 2019.........SUNRISE   629 AM EDT   SUNSET   752 PM EDT
APRIL 19 2019.........SUNRISE   628 AM EDT   SUNSET   753 PM EDT


-  INDICATES NEGATIVE NUMBERS.
R  INDICATES RECORD WAS SET OR TIED.
MM INDICATES DATA IS MISSING.
T  INDICATES TRACE AMOUNT.




$$
