000
CDUS41 KLWX 172155
CLIHGR


CLIMATE REPORT
NATIONAL WEATHER SERVICE BALTIMORE MD/WASHINGTON DC
554 PM EDT WED OCT 17 2018


...................................

...THE HAGERSTOWN MD CLIMATE SUMMARY FOR OCTOBER 17 2018...
VALID TODAY AS OF 0500 PM LOCAL TIME.

CLIMATE NORMAL PERIOD 1981 TO 2010
CLIMATE RECORD PERIOD 1998 TO 2018


WEATHER ITEM   OBSERVED TIME   RECORD YEAR NORMAL DEPARTURE LAST
                VALUE   (LST)  VALUE       VALUE  FROM      YEAR
                                                  NORMAL
..................................................................
TEMPERATURE (F)
 TODAY
  MAXIMUM         66    111 PM  MM      MM  65      1       62
  MINIMUM         48    545 AM  MM      MM  44      4       39
  AVERAGE         57                        54      3       51

PRECIPITATION (IN)
  TODAY            T            MM      MM   0.09  -0.09     0.00
  MONTH TO DATE    0.83                      1.78  -0.95     1.17
  SINCE SEP 1     10.14                      5.45   4.69     2.62
  SINCE JAN 1     44.53                     32.08  12.45    28.23

DEGREE DAYS
 HEATING
  TODAY            8                        11     -3       14
  MONTH TO DATE   60                       146    -86       50
  SINCE SEP 1     80                       215   -135       89
  SINCE JUL 1     80                       220   -140       90

 COOLING
  TODAY            0                         0      0        0
  MONTH TO DATE   98                         9     89       74
  SINCE SEP 1    342                       100    242      232
  SINCE JAN 1   1573                       968    605     1332
..................................................................


WIND (MPH)
  HIGHEST WIND SPEED    30   HIGHEST WIND DIRECTION     W (280)
  HIGHEST GUST SPEED    39   HIGHEST GUST DIRECTION     W (290)
  AVERAGE WIND SPEED    11.9


SKY COVER
  POSSIBLE SUNSHINE  MM
  AVERAGE SKY COVER 0.1


WEATHER CONDITIONS
 THE FOLLOWING WEATHER WAS RECORDED TODAY.
  NO SIGNIFICANT WEATHER WAS OBSERVED.


RELATIVE HUMIDITY (PERCENT)
 HIGHEST    66           600 AM
 LOWEST     27           400 PM
 AVERAGE    47

..........................................................


THE HAGERSTOWN MD CLIMATE NORMALS FOR TOMORROW
                         NORMAL    RECORD    YEAR
 MAXIMUM TEMPERATURE (F)   65        MM        MM
 MINIMUM TEMPERATURE (F)   43        MM        MM


SUNRISE AND SUNSET
OCTOBER 17 2018.......SUNRISE   723 AM EDT   SUNSET   629 PM EDT
OCTOBER 18 2018.......SUNRISE   724 AM EDT   SUNSET   627 PM EDT


-  INDICATES NEGATIVE NUMBERS.
R  INDICATES RECORD WAS SET OR TIED.
MM INDICATES DATA IS MISSING.
T  INDICATES TRACE AMOUNT.




$$
