000
CDUS41 KLWX 212123
CLIHGR


CLIMATE REPORT
NATIONAL WEATHER SERVICE BALTIMORE MD/WASHINGTON DC
422 PM EST MON JAN 21 2019


...................................

...THE HAGERSTOWN MD CLIMATE SUMMARY FOR JANUARY 21 2019...
VALID TODAY AS OF 0400 PM LOCAL TIME.

CLIMATE NORMAL PERIOD 1981 TO 2010
CLIMATE RECORD PERIOD 1998 TO 2019


WEATHER ITEM   OBSERVED TIME   RECORD YEAR NORMAL DEPARTURE LAST
                VALUE   (LST)  VALUE       VALUE  FROM      YEAR
                                                  NORMAL
..................................................................
TEMPERATURE (F)
 TODAY
  MAXIMUM         18    343 PM  MM      MM  38    -20       57
  MINIMUM          9    835 AM  MM      MM  23    -14       43
  AVERAGE         14                        31    -17       50

PRECIPITATION (IN)
  TODAY            0.00         MM      MM   0.07  -0.07      T
  MONTH TO DATE    2.11                      1.83   0.28     1.46
  SINCE DEC 1      6.98                      4.72   2.26     2.27
  SINCE JAN 1      2.11                      1.83   0.28     1.46

DEGREE DAYS
 HEATING
  TODAY           51                        34     17       15
  MONTH TO DATE  641                       719    -78      782
  SINCE DEC 1   1446                      1678   -232     1708
  SINCE JUL 1   2413                      2683   -270     2489

 COOLING
  TODAY            0                         0      0        0
  MONTH TO DATE    0                         0      0        0
  SINCE DEC 1      0                         0      0        0
  SINCE JAN 1      0                         0      0        0
..................................................................


WIND (MPH)
  HIGHEST WIND SPEED    31   HIGHEST WIND DIRECTION    NW (320)
  HIGHEST GUST SPEED    38   HIGHEST GUST DIRECTION    NW (310)
  AVERAGE WIND SPEED    19.6


SKY COVER
  POSSIBLE SUNSHINE  MM
  AVERAGE SKY COVER 0.2


WEATHER CONDITIONS
 THE FOLLOWING WEATHER WAS RECORDED TODAY.
  NO SIGNIFICANT WEATHER WAS OBSERVED.


RELATIVE HUMIDITY (PERCENT)
 HIGHEST    58           600 AM
 LOWEST     43           200 PM
 AVERAGE    51

..........................................................


THE HAGERSTOWN MD CLIMATE NORMALS FOR TOMORROW
                         NORMAL    RECORD    YEAR
 MAXIMUM TEMPERATURE (F)   38        MM        MM
 MINIMUM TEMPERATURE (F)   23        MM        MM


SUNRISE AND SUNSET
JANUARY 21 2019.......SUNRISE   727 AM EST   SUNSET   517 PM EST
JANUARY 22 2019.......SUNRISE   727 AM EST   SUNSET   519 PM EST


-  INDICATES NEGATIVE NUMBERS.
R  INDICATES RECORD WAS SET OR TIED.
MM INDICATES DATA IS MISSING.
T  INDICATES TRACE AMOUNT.




$$
