000
CDUS41 KLWX 220529
CLIHGR

CLIMATE REPORT
NATIONAL WEATHER SERVICE BALTIMORE MD/WASHINGTON DC
129 AM EDT THU OCT 22 2020

...................................

...THE HAGERSTOWN MD CLIMATE SUMMARY FOR OCTOBER 21 2020...

CLIMATE NORMAL PERIOD: 1981 TO 2010
CLIMATE RECORD PERIOD: 1998 TO 2020


WEATHER ITEM   OBSERVED TIME   NORMAL DEPARTURE LAST
                VALUE   (LST)  VALUE  FROM      YEAR
                                      NORMAL
.......................................................
TEMPERATURE (F)
 YESTERDAY
  MAXIMUM         79   3:43 PM  64     15       65
  MINIMUM         55   7:14 AM  43     12       51
  AVERAGE         67            53     14       58

PRECIPITATION (IN)
  YESTERDAY        0.00          0.08  -0.08     0.00
  MONTH TO DATE    0.82          2.11  -1.29     2.12
  SINCE SEP 1      2.73          5.78  -3.05     2.60
  SINCE JAN 1     21.74         32.41 -10.67    30.97

DEGREE DAYS
 HEATING
  YESTERDAY        0            12    -12        7
  MONTH TO DATE  130           192    -62      142
  SINCE SEP 1    190           261    -71      143
  SINCE JUL 1    190           266    -76      143

 COOLING
  YESTERDAY        2             0      2        0
  MONTH TO DATE    6             9     -3       35
  SINCE SEP 1    132           100     32      264
  SINCE JAN 1   1375           968    407     1473
.......................................................


WIND (MPH)
  HIGHEST WIND SPEED    13   HIGHEST WIND DIRECTION     S (170)
  HIGHEST GUST SPEED    16   HIGHEST GUST DIRECTION    SE (140)
  AVERAGE WIND SPEED     5.1


SKY COVER
  AVERAGE SKY COVER 0.1


WEATHER CONDITIONS
THE FOLLOWING WEATHER WAS RECORDED YESTERDAY.
  FOG
  FOG W/VISIBILITY <= 1/4 MILE


RELATIVE HUMIDITY (PERCENT)
 HIGHEST   100           7:00 AM
 LOWEST     54           3:00 PM
 AVERAGE    77

..........................................................


THE HAGERSTOWN MD CLIMATE NORMALS FOR TODAY
                         NORMAL




SUNRISE AND SUNSET
OCTOBER 22 2020.......SUNRISE   7:29 AM EDT   SUNSET   6:21 PM EDT
OCTOBER 23 2020.......SUNRISE   7:30 AM EDT   SUNSET   6:20 PM EDT


-  INDICATES NEGATIVE NUMBERS.
R  INDICATES RECORD WAS SET OR TIED.
MM INDICATES DATA IS MISSING.
T  INDICATES TRACE AMOUNT.




$$
