000
CDUS41 KLWX 230530
CLIHGR


CLIMATE REPORT
NATIONAL WEATHER SERVICE BALTIMORE MD/WASHINGTON DC
129 AM EDT MON APR 23 2018


...................................

...THE HAGERSTOWN MD CLIMATE SUMMARY FOR APRIL 22 2018...

CLIMATE NORMAL PERIOD 1981 TO 2010
CLIMATE RECORD PERIOD 1998 TO 2018


WEATHER ITEM   OBSERVED TIME   RECORD YEAR NORMAL DEPARTURE LAST
                VALUE   (LST)  VALUE       VALUE  FROM      YEAR
                                                  NORMAL
..................................................................
TEMPERATURE (F)
 YESTERDAY
  MAXIMUM         66    442 PM  MM      MM  65      1       64
  MINIMUM         47    513 AM  MM      MM  45      2       47
  AVERAGE         57                        55      2       56

PRECIPITATION (IN)
  YESTERDAY        0.00         MM      MM   0.11  -0.11     0.16
  MONTH TO DATE    3.49                      2.69   0.80     1.76
  SINCE MAR 1      5.45                      6.07  -0.62     4.59
  SINCE JAN 1     11.95                     11.30   0.65     8.69

DEGREE DAYS
 HEATING
  YESTERDAY        8                        11     -3        9
  MONTH TO DATE  375                       307     68      147
  SINCE MAR 1   1193                      1036    157      844
  SINCE JUL 1   4606                      4939   -333     3851

 COOLING
  YESTERDAY        0                         1     -1        0
  MONTH TO DATE   15                         4     11       26
  SINCE MAR 1     15                         5     10       27
  SINCE JAN 1     20                         5     15       28
..................................................................


WIND (MPH)
  HIGHEST WIND SPEED    14   HIGHEST WIND DIRECTION     E (70)
  HIGHEST GUST SPEED    19   HIGHEST GUST DIRECTION    NE (60)
  AVERAGE WIND SPEED     6.0


SKY COVER
  POSSIBLE SUNSHINE  MM
  AVERAGE SKY COVER 0.3


WEATHER CONDITIONS
 THE FOLLOWING WEATHER WAS RECORDED YESTERDAY.
  NO SIGNIFICANT WEATHER WAS OBSERVED.


RELATIVE HUMIDITY (PERCENT)
 HIGHEST    60           500 AM
 LOWEST     27          1100 AM
 AVERAGE    44

..........................................................


THE HAGERSTOWN MD CLIMATE NORMALS FOR TODAY
                         NORMAL    RECORD    YEAR
 MAXIMUM TEMPERATURE (F)   66        MM        MM
 MINIMUM TEMPERATURE (F)   45        MM        MM


SUNRISE AND SUNSET
APRIL 23 2018.........SUNRISE   622 AM EDT   SUNSET   757 PM EDT
APRIL 24 2018.........SUNRISE   621 AM EDT   SUNSET   758 PM EDT


-  INDICATES NEGATIVE NUMBERS.
R  INDICATES RECORD WAS SET OR TIED.
MM INDICATES DATA IS MISSING.
T  INDICATES TRACE AMOUNT.




$$
