000
CDUS41 KLWX 222259
CLIHGR


CLIMATE REPORT
NATIONAL WEATHER SERVICE BALTIMORE MD/WASHINGTON DC
558 PM EST FRI FEB 22 2019


...................................

...THE HAGERSTOWN MD CLIMATE SUMMARY FOR FEBRUARY 22 2019...
VALID TODAY AS OF 0500 PM LOCAL TIME.

CLIMATE NORMAL PERIOD 1981 TO 2010
CLIMATE RECORD PERIOD 1998 TO 2019


WEATHER ITEM   OBSERVED TIME   RECORD YEAR NORMAL DEPARTURE LAST
                VALUE   (LST)  VALUE       VALUE  FROM      YEAR
                                                  NORMAL
..................................................................
TEMPERATURE (F)
 TODAY
  MAXIMUM         47   1238 AM  MM      MM  43      4       58
  MINIMUM         39    738 AM  MM      MM  27     12       40
  AVERAGE         43                        35      8       49

PRECIPITATION (IN)
  TODAY            0.00         MM      MM   0.09  -0.09     0.11
  MONTH TO DATE    2.25                      2.03   0.22     2.97
  SINCE DEC 1     10.55                      7.60   2.95     6.40
  SINCE JAN 1      5.68                      4.71   0.97     5.59

DEGREE DAYS
 HEATING
  TODAY           22                        30     -8       16
  MONTH TO DATE  622                       703    -81      564
  SINCE DEC 1   2437                      2722   -285     2530
  SINCE JUL 1   3404                      3727   -323     3311

 COOLING
  TODAY            0                         0      0        0
  MONTH TO DATE    0                         0      0        5
  SINCE DEC 1      0                         0      0        5
  SINCE JAN 1      0                         0      0        5
..................................................................


WIND (MPH)
  HIGHEST WIND SPEED    10   HIGHEST WIND DIRECTION    NW (310)
  HIGHEST GUST SPEED    13   HIGHEST GUST DIRECTION    NW (320)
  AVERAGE WIND SPEED     3.2


SKY COVER
  POSSIBLE SUNSHINE  MM
  AVERAGE SKY COVER 0.3


WEATHER CONDITIONS
 THE FOLLOWING WEATHER WAS RECORDED TODAY.
  NO SIGNIFICANT WEATHER WAS OBSERVED.


RELATIVE HUMIDITY (PERCENT)
 HIGHEST    59           700 AM
 LOWEST     40           200 AM
 AVERAGE    50

..........................................................


THE HAGERSTOWN MD CLIMATE NORMALS FOR TOMORROW
                         NORMAL    RECORD    YEAR
 MAXIMUM TEMPERATURE (F)   43        MM        MM
 MINIMUM TEMPERATURE (F)   27        MM        MM


SUNRISE AND SUNSET
FEBRUARY 22 2019......SUNRISE   654 AM EST   SUNSET   555 PM EST
FEBRUARY 23 2019......SUNRISE   653 AM EST   SUNSET   556 PM EST


-  INDICATES NEGATIVE NUMBERS.
R  INDICATES RECORD WAS SET OR TIED.
MM INDICATES DATA IS MISSING.
T  INDICATES TRACE AMOUNT.




$$
