000
CDUS41 KLWX 160524
CLIHGR


CLIMATE REPORT
NATIONAL WEATHER SERVICE BALTIMORE MD/WASHINGTON DC
124 AM EDT TUE JUL 16 2019


...................................

...THE HAGERSTOWN MD CLIMATE SUMMARY FOR JULY 15 2019...

CLIMATE NORMAL PERIOD 1981 TO 2010
CLIMATE RECORD PERIOD 1998 TO 2019


WEATHER ITEM   OBSERVED TIME   NORMAL DEPARTURE LAST
                VALUE   (LST)  VALUE  FROM      YEAR
                                      NORMAL
......................................................
TEMPERATURE (F)
 YESTERDAY
  MAXIMUM         90    446 PM  86      4       87
  MINIMUM         65    535 AM  66     -1       73
  AVERAGE         78            76      2       80

PRECIPITATION (IN)
  YESTERDAY        0.00          0.11  -0.11      T
  MONTH TO DATE    2.67          1.49   1.18     0.31
  SINCE JUN 1      4.79          5.37  -0.58     5.28
  SINCE JAN 1     24.27         21.57   2.70    22.50

DEGREE DAYS
 HEATING
  YESTERDAY        0             0      0        0
  MONTH TO DATE    0             0      0        0
  SINCE JUN 1      5            18    -13        7
  SINCE JUL 1      0             0      0        0

 COOLING
  YESTERDAY       13            11      2       15
  MONTH TO DATE  213           158     55      216
  SINCE JUN 1    468           367    101      459
  SINCE JAN 1    650           443    207      659
......................................................


WIND (MPH)
  HIGHEST WIND SPEED     8   HIGHEST WIND DIRECTION     N (350)
  HIGHEST GUST SPEED    12   HIGHEST GUST DIRECTION    NE (40)
  AVERAGE WIND SPEED     3.5


SKY COVER
  POSSIBLE SUNSHINE  MM
  AVERAGE SKY COVER 0.0


WEATHER CONDITIONS
 THE FOLLOWING WEATHER WAS RECORDED YESTERDAY.
  NO SIGNIFICANT WEATHER WAS OBSERVED.


RELATIVE HUMIDITY (PERCENT)
 HIGHEST    84           400 AM
 LOWEST     34           400 PM
 AVERAGE    59

..........................................................


THE HAGERSTOWN MD CLIMATE NORMALS FOR TODAY
                         NORMAL    RECORD    YEAR
 MAXIMUM TEMPERATURE (F)   85       101      1900
 MINIMUM TEMPERATURE (F)   66        44      1939


SUNRISE AND SUNSET
JULY 16 2019..........SUNRISE   556 AM EDT   SUNSET   837 PM EDT
JULY 17 2019..........SUNRISE   557 AM EDT   SUNSET   837 PM EDT


-  INDICATES NEGATIVE NUMBERS.
R  INDICATES RECORD WAS SET OR TIED.
MM INDICATES DATA IS MISSING.
T  INDICATES TRACE AMOUNT.




$$
