290
CDUS41 KLWX 180523
CLIHGR

CLIMATE REPORT
NATIONAL WEATHER SERVICE BALTIMORE MD/WASHINGTON DC
123 AM EDT SAT MAY 18 2024

...................................

...THE HAGERSTOWN MD CLIMATE SUMMARY FOR MAY 17 2024...

CLIMATE NORMAL PERIOD: 1991 TO 2020
CLIMATE RECORD PERIOD: 1998 TO 2024


WEATHER ITEM   OBSERVED TIME   NORMAL DEPARTURE LAST
                VALUE   (LST)  VALUE  FROM      YEAR
                                      NORMAL
.......................................................
TEMPERATURE (F)
 YESTERDAY
  MAXIMUM         68   2:54 PM  75     -7       71
  MINIMUM         59   4:01 AM  55      4       50
  AVERAGE         64            65     -1       61

PRECIPITATION (IN)
  YESTERDAY        0.01          0.11  -0.10     0.00
  MONTH TO DATE    2.01          1.94   0.07     0.77
  SINCE MAR 1      8.41          8.31   0.10     5.13
  SINCE JAN 1     14.46         12.74   1.72     7.68

DEGREE DAYS
 HEATING
  YESTERDAY        1             3     -2        4
  MONTH TO DATE   56            78    -22      109
  SINCE MAR 1    842          1081   -239     1002
  SINCE JUL 1   4061          4673   -612     4202

 COOLING
  YESTERDAY        0             3     -3        0
  MONTH TO DATE   40            37      3       11
  SINCE MAR 1     73            58     15       51
  SINCE JAN 1     73            58     15       51
.......................................................


WIND (MPH)
  HIGHEST WIND SPEED    12   HIGHEST WIND DIRECTION    SE (150)
  HIGHEST GUST SPEED    16   HIGHEST GUST DIRECTION     S (160)
  AVERAGE WIND SPEED     5.5


SKY COVER
  AVERAGE SKY COVER 0.9


WEATHER CONDITIONS
THE FOLLOWING WEATHER WAS RECORDED YESTERDAY.
  LIGHT RAIN


RELATIVE HUMIDITY (PERCENT)
 HIGHEST    87           8:00 PM
 LOWEST     70           2:00 PM
 AVERAGE    79

..........................................................


THE HAGERSTOWN MD CLIMATE NORMALS FOR TODAY
                         NORMAL




SUNRISE AND SUNSET
MAY 18 2024...........SUNRISE   5:53 AM EDT   SUNSET   8:22 PM EDT
MAY 19 2024...........SUNRISE   5:53 AM EDT   SUNSET   8:23 PM EDT


-  INDICATES NEGATIVE NUMBERS.
R  INDICATES RECORD WAS SET OR TIED.
MM INDICATES DATA IS MISSING.
T  INDICATES TRACE AMOUNT.




$$