000
CDUS41 KLWX 240537
CLIHGR


CLIMATE REPORT
NATIONAL WEATHER SERVICE BALTIMORE MD/WASHINGTON DC
1228 AM EST SAT FEB 24 2018


...................................

...THE HAGERSTOWN MD CLIMATE SUMMARY FOR FEBRUARY 23 2018...

CLIMATE NORMAL PERIOD 1981 TO 2010
CLIMATE RECORD PERIOD 1998 TO 2018


WEATHER ITEM   OBSERVED TIME   RECORD YEAR NORMAL DEPARTURE LAST
                VALUE   (LST)  VALUE       VALUE  FROM      YEAR
                                                  NORMAL
..................................................................
TEMPERATURE (F)
 YESTERDAY
  MAXIMUM         45   1159 PM  MM      MM  43      2       76
  MINIMUM         40    843 AM  MM      MM  27     13       48
  AVERAGE         43                        35      8       62

PRECIPITATION (IN)
  YESTERDAY        0.26         MM      MM   0.08   0.18      T
  MONTH TO DATE    3.23                      2.11   1.12     1.02
  SINCE DEC 1      6.66                      7.68  -1.02     5.55
  SINCE JAN 1      5.85                      4.79   1.06     3.77

DEGREE DAYS
 HEATING
  YESTERDAY       22                        30     -8        3
  MONTH TO DATE  586                       733   -147      505
  SINCE DEC 1   2552                      2752   -200     2222
  SINCE JUL 1   3333                      3757   -424     2930

 COOLING
  YESTERDAY        0                         0      0        0
  MONTH TO DATE    5                         0      5        0
  SINCE DEC 1      5                         0      5        0
  SINCE JAN 1      5                         0      5        0
..................................................................


WIND (MPH)
  HIGHEST WIND SPEED    14   HIGHEST WIND DIRECTION     S (170)
  HIGHEST GUST SPEED    19   HIGHEST GUST DIRECTION     S (160)
  AVERAGE WIND SPEED     6.3


SKY COVER
  POSSIBLE SUNSHINE  MM
  AVERAGE SKY COVER 1.0


WEATHER CONDITIONS
 THE FOLLOWING WEATHER WAS RECORDED YESTERDAY.
  RAIN
  LIGHT RAIN
  FOG
  FOG W/VISIBILITY <= 1/4 MILE


RELATIVE HUMIDITY (PERCENT)
 HIGHEST   100           900 PM
 LOWEST     82          1000 AM
 AVERAGE    91

..........................................................


THE HAGERSTOWN MD CLIMATE NORMALS FOR TODAY
                         NORMAL    RECORD    YEAR
 MAXIMUM TEMPERATURE (F)   44        MM        MM
 MINIMUM TEMPERATURE (F)   27        MM        MM


SUNRISE AND SUNSET
FEBRUARY 24 2018......SUNRISE   651 AM EST   SUNSET   557 PM EST
FEBRUARY 25 2018......SUNRISE   650 AM EST   SUNSET   559 PM EST


-  INDICATES NEGATIVE NUMBERS.
R  INDICATES RECORD WAS SET OR TIED.
MM INDICATES DATA IS MISSING.
T  INDICATES TRACE AMOUNT.




$$
