000
CDUS46 KPQR 210220
CLIHIO


CLIMATE REPORT
NATIONAL WEATHER SERVICE PORTLAND OREGON
720 PM PDT THU SEP 20 2018


...................................

...THE HILLSBORO OR CLIMATE SUMMARY FOR SEPTEMBER 20 2018...
VALID TODAY AS OF 0700 PM LOCAL TIME.

CLIMATE NORMAL PERIOD 1981 TO 2010
CLIMATE RECORD PERIOD 1929 TO 2018


WEATHER ITEM   OBSERVED TIME   RECORD YEAR NORMAL DEPARTURE LAST
                VALUE   (LST)  VALUE       VALUE  FROM      YEAR
                                                  NORMAL
..................................................................
TEMPERATURE (F)
 TODAY
  MAXIMUM         72    459 PM  96    1952  73     -1       62
  MINIMUM         43    609 AM  34    1947  46     -3       46
  AVERAGE         58                        60     -2       54

PRECIPITATION (IN)
  TODAY            0.00                      0.05  -0.05     0.40
  MONTH TO DATE    0.70                      0.72  -0.02     1.29
  SINCE OCT 1     27.19                     39.18 -11.99    48.66
  SINCE JAN 1     14.89                     22.79  -7.90    28.98

DEGREE DAYS
 HEATING
  TODAY            7                                        11
  MONTH TO DATE   88                                        48
  SINCE SEP 1     88                                        48
  SINCE JUL 1    133                                        64

 COOLING
  TODAY            0                                         0
  MONTH TO DATE   14                                        95
  SINCE SEP 1     14                                        95
  SINCE JAN 1    397                                       489
..................................................................


WIND (MPH)
  HIGHEST WIND SPEED     8   HIGHEST WIND DIRECTION    SW (240)
  HIGHEST GUST SPEED    12   HIGHEST GUST DIRECTION    SW (230)
  AVERAGE WIND SPEED     2.7


SKY COVER
  POSSIBLE SUNSHINE  MM
  AVERAGE SKY COVER 0.2


WEATHER CONDITIONS
 THE FOLLOWING WEATHER WAS RECORDED TODAY.
  FOG


RELATIVE HUMIDITY (PERCENT)
 HIGHEST    93           300 AM
 LOWEST     44           200 PM
 AVERAGE    69

..........................................................


THE HILLSBORO OR CLIMATE NORMALS FOR TOMORROW
                         NORMAL    RECORD    YEAR
 MAXIMUM TEMPERATURE (F)   73        95      1994
 MINIMUM TEMPERATURE (F)   45        35      1955


SUNRISE AND SUNSET
SEPTEMBER 20 2018.....SUNRISE   656 AM PDT   SUNSET   713 PM PDT
SEPTEMBER 21 2018.....SUNRISE   658 AM PDT   SUNSET   711 PM PDT


-  INDICATES NEGATIVE NUMBERS.
R  INDICATES RECORD WAS SET OR TIED.
MM INDICATES DATA IS MISSING.
T  INDICATES TRACE AMOUNT.




$$
