000
CDUS46 KPQR 290228
CLIHIO


CLIMATE REPORT
NATIONAL WEATHER SERVICE PORTLAND OREGON
628 PM PST FRI FEB 28 2020


...................................

...THE HILLSBORO OR CLIMATE SUMMARY FOR FEBRUARY 28 2020...
VALID TODAY AS OF 0600 PM LOCAL TIME.

CLIMATE NORMAL PERIOD 1981 TO 2010
CLIMATE RECORD PERIOD 1929 TO 2020


WEATHER ITEM   OBSERVED TIME   RECORD YEAR NORMAL DEPARTURE LAST
                VALUE   (LST)  VALUE       VALUE  FROM      YEAR
                                                  NORMAL
..................................................................
TEMPERATURE (F)
 TODAY
  MAXIMUM         57    221 PM  70    1968  53      4       43
  MINIMUM         31    614 AM  22    1993  34     -3       28
                                      1971
  AVERAGE         44                        44      0       36

PRECIPITATION (IN)
  TODAY            T                         0.16  -0.16     0.01
  MONTH TO DATE    1.28                      4.41  -3.13     4.96
  SINCE OCT 1     16.35                     26.86 -10.51    18.76
  SINCE JAN 1      8.46                     10.47  -2.01     8.08

DEGREE DAYS
 HEATING
  TODAY           21                                        29
  MONTH TO DATE  640                                       780
  SINCE DEC 1   2001                                      2249
  SINCE JUL 1   3281                                      3358

 COOLING
  TODAY            0                                         0
  MONTH TO DATE    0                                         0
  SINCE DEC 1      0                                         0
  SINCE JAN 1      0                                         0
..................................................................


WIND (MPH)
  HIGHEST WIND SPEED    18   HIGHEST WIND DIRECTION    SW (230)
  HIGHEST GUST SPEED    25   HIGHEST GUST DIRECTION    SW (240)
  AVERAGE WIND SPEED     4.3


SKY COVER
  POSSIBLE SUNSHINE  MM
  AVERAGE SKY COVER 0.4


WEATHER CONDITIONS
 THE FOLLOWING WEATHER WAS RECORDED TODAY.
  FOG
  FOG W/VISIBILITY <= 1/4 MILE


RELATIVE HUMIDITY (PERCENT)
 HIGHEST   100           200 AM
 LOWEST     54           400 PM
 AVERAGE    77

..........................................................


THE HILLSBORO OR CLIMATE NORMALS FOR TOMORROW
                         NORMAL    RECORD    YEAR
 MAXIMUM TEMPERATURE (F)   53        69      1968
 MINIMUM TEMPERATURE (F)   34        20      1960


SUNRISE AND SUNSET
FEBRUARY 28 2020......SUNRISE   653 AM PST   SUNSET   557 PM PST
FEBRUARY 29 2020......SUNRISE   651 AM PST   SUNSET   558 PM PST


-  INDICATES NEGATIVE NUMBERS.
R  INDICATES RECORD WAS SET OR TIED.
MM INDICATES DATA IS MISSING.
T  INDICATES TRACE AMOUNT.




$$
