000
CDUS46 KPQR 190221
CLIHIO


CLIMATE REPORT
NATIONAL WEATHER SERVICE PORTLAND OREGON
720 PM PDT MON JUN 18 2018


...................................

...THE HILLSBORO OR CLIMATE SUMMARY FOR JUNE 18 2018...
VALID TODAY AS OF 0700 PM LOCAL TIME.

CLIMATE NORMAL PERIOD 1981 TO 2010
CLIMATE RECORD PERIOD 1929 TO 2018


WEATHER ITEM   OBSERVED TIME   RECORD YEAR NORMAL DEPARTURE LAST
                VALUE   (LST)  VALUE       VALUE  FROM      YEAR
                                                  NORMAL
..................................................................
TEMPERATURE (F)
 TODAY
  MAXIMUM         84    519 PM  98    1985  73     11       79
  MINIMUM         52    440 AM  35    2001  49      3       59
  AVERAGE         68                        61      7       69

PRECIPITATION (IN)
  TODAY            0.00                      0.06  -0.06     0.00
  MONTH TO DATE    0.59                      1.00  -0.41     1.05
  SINCE OCT 1     26.43                     36.88 -10.45    47.24
  SINCE JAN 1     14.13                     20.49  -6.36    27.56

DEGREE DAYS
 HEATING
  TODAY            0                                         0
  MONTH TO DATE  101                                        91
  SINCE JUN 1    101                                        91
  SINCE JUL 1   4516                                      4866

 COOLING
  TODAY            3                                         4
  MONTH TO DATE    9                                         6
  SINCE JUN 1      9                                         6
  SINCE JAN 1     25                                        36
..................................................................


WIND (MPH)
  HIGHEST WIND SPEED    10   HIGHEST WIND DIRECTION    SE (140)
  HIGHEST GUST SPEED    16   HIGHEST GUST DIRECTION     S (170)
  AVERAGE WIND SPEED     3.5


SKY COVER
  POSSIBLE SUNSHINE  MM
  AVERAGE SKY COVER 0.1


WEATHER CONDITIONS
 THE FOLLOWING WEATHER WAS RECORDED TODAY.
  NO SIGNIFICANT WEATHER WAS OBSERVED.


RELATIVE HUMIDITY (PERCENT)
 HIGHEST    93           200 AM
 LOWEST     37           500 PM
 AVERAGE    65

..........................................................


THE HILLSBORO OR CLIMATE NORMALS FOR TOMORROW
                         NORMAL    RECORD    YEAR
 MAXIMUM TEMPERATURE (F)   73        94      1982
 MINIMUM TEMPERATURE (F)   49        34      1934


SUNRISE AND SUNSET
JUNE 18 2018..........SUNRISE   522 AM PDT   SUNSET   904 PM PDT
JUNE 19 2018..........SUNRISE   523 AM PDT   SUNSET   904 PM PDT


-  INDICATES NEGATIVE NUMBERS.
R  INDICATES RECORD WAS SET OR TIED.
MM INDICATES DATA IS MISSING.
T  INDICATES TRACE AMOUNT.




$$
