000
CDUS46 KPQR 150221
CLIHIO


CLIMATE REPORT
NATIONAL WEATHER SERVICE PORTLAND OREGON
721 PM PDT MON OCT 14 2019


...................................

...THE HILLSBORO OR CLIMATE SUMMARY FOR OCTOBER 14 2019...
VALID TODAY AS OF 0700 PM LOCAL TIME.

CLIMATE NORMAL PERIOD 1981 TO 2010
CLIMATE RECORD PERIOD 1929 TO 2019


WEATHER ITEM   OBSERVED TIME   RECORD YEAR NORMAL DEPARTURE LAST
                VALUE   (LST)  VALUE       VALUE  FROM      YEAR
                                                  NORMAL
..................................................................
TEMPERATURE (F)
 TODAY
  MAXIMUM         64    343 PM  84    1961  63      1       70
  MINIMUM         33    631 AM  27    1969  40     -7       40
  AVERAGE         49                        52     -3       55

PRECIPITATION (IN)
  TODAY            0.00                      0.09  -0.09     0.00
  MONTH TO DATE    0.19                      1.09  -0.90     0.83
  SINCE OCT 1      0.19                      1.09  -0.90     0.83
  SINCE JAN 1     18.73                     24.60  -5.87    15.81

DEGREE DAYS
 HEATING
  TODAY           16                                        10
  MONTH TO DATE  215                                       148
  SINCE SEP 1    349                                       287
  SINCE JUL 1    375                                       332

 COOLING
  TODAY            0                                         0
  MONTH TO DATE    0                                         0
  SINCE SEP 1     30                                        16
  SINCE JAN 1    275                                       399
..................................................................


WIND (MPH)
  HIGHEST WIND SPEED     6   HIGHEST WIND DIRECTION    NE (60)
  HIGHEST GUST SPEED     8   HIGHEST GUST DIRECTION    NW (320)
  AVERAGE WIND SPEED     0.8


SKY COVER
  POSSIBLE SUNSHINE  MM
  AVERAGE SKY COVER 0.1


WEATHER CONDITIONS
 THE FOLLOWING WEATHER WAS RECORDED TODAY.
  FOG
  FOG W/VISIBILITY <= 1/4 MILE


RELATIVE HUMIDITY (PERCENT)
 HIGHEST   100           200 AM
 LOWEST     36           300 PM
 AVERAGE    68

..........................................................


THE HILLSBORO OR CLIMATE NORMALS FOR TOMORROW
                         NORMAL    RECORD    YEAR
 MAXIMUM TEMPERATURE (F)   63        80      1961
 MINIMUM TEMPERATURE (F)   40        28      1999


SUNRISE AND SUNSET
OCTOBER 14 2019.......SUNRISE   727 AM PDT   SUNSET   628 PM PDT
OCTOBER 15 2019.......SUNRISE   728 AM PDT   SUNSET   626 PM PDT


-  INDICATES NEGATIVE NUMBERS.
R  INDICATES RECORD WAS SET OR TIED.
MM INDICATES DATA IS MISSING.
T  INDICATES TRACE AMOUNT.




$$
