000
CDUS46 KHNX 190828
CLIHJO


CLIMATE REPORT
NATIONAL WEATHER SERVICE SAN JOAQUIN VALLEY, CA
126 AM PDT SAT OCT 19 2019


...................................

...THE HANFORD CA AIRPORT CLIMATE SUMMARY FOR OCTOBER 18 2019...

CLIMATE NORMAL PERIOD 1981 TO 2010
CLIMATE RECORD PERIOD 1998 TO 2019


WEATHER ITEM   OBSERVED TIME   RECORD YEAR NORMAL DEPARTURE LAST
                VALUE   (LST)  VALUE       VALUE  FROM      YEAR
                                                  NORMAL
..................................................................
TEMPERATURE (F)
 YESTERDAY
  MAXIMUM         74    400 PM  96    2012  78     -4
  MINIMUM         43    643 AM  40    1998  47     -4
  AVERAGE         59                        63     -4       65

PRECIPITATION (IN)
  YESTERDAY        0.00          0.06 2004   0.02  -0.02
  MONTH TO DATE    T                         0.18  -0.18
  SINCE OCT 1      T                         0.18  -0.18
  SINCE JAN 1      7.63                      7.15   0.48

SNOWFALL (IN)
  YESTERDAY        0.0
  MONTH TO DATE    0.0
  SINCE SEP 1      0.0
  SINCE JUL 1      0.0
  SNOW DEPTH       0

DEGREE DAYS
 HEATING
  YESTERDAY        6
  MONTH TO DATE   40
  SINCE SEP 1     48
  SINCE JUL 1     48

 COOLING
  YESTERDAY        0
  MONTH TO DATE   17
  SINCE SEP 1    333
  SINCE JAN 1   2017
..................................................................


WIND (MPH)
  HIGHEST WIND SPEED    15   HIGHEST WIND DIRECTION    NW (320)
  HIGHEST GUST SPEED    20   HIGHEST GUST DIRECTION    NW (330)
  AVERAGE WIND SPEED     4.6




RELATIVE HUMIDITY (PERCENT)
 HIGHEST    89
 LOWEST     38
 AVERAGE    64

..........................................................


THE HANFORD CA AIRPORT CLIMATE NORMALS FOR TODAY
                         NORMAL    RECORD    YEAR
 MAXIMUM TEMPERATURE (F)   78        86      2013
 MINIMUM TEMPERATURE (F)   47        39      2006


SUNRISE AND SUNSET
OCTOBER 19 2019.......SUNRISE   709 AM PDT   SUNSET   617 PM PDT
OCTOBER 20 2019.......SUNRISE   710 AM PDT   SUNSET   616 PM PDT


-  INDICATES NEGATIVE NUMBERS.
R  INDICATES RECORD WAS SET OR TIED.
MM INDICATES DATA IS MISSING.
T  INDICATES TRACE AMOUNT.




$$
