000
CDUS46 KHNX 280027
CLIHJO


CLIMATE REPORT
NATIONAL WEATHER SERVICE SAN JOAQUIN VALLEY, CA
526 PM PDT WED MAY 27 2020


...................................

...THE HANFORD CA CLIMATE SUMMARY FOR MAY 27 2020...
VALID AS OF 0500 PM LOCAL TIME.

CLIMATE NORMAL PERIOD 1981 TO 2010
CLIMATE RECORD PERIOD 1998 TO 2020


WEATHER ITEM   OBSERVED TIME   RECORD YEAR NORMAL DEPARTURE LAST
                VALUE   (LST)  VALUE       VALUE  FROM      YEAR
                                                  NORMAL
..................................................................
TEMPERATURE (F)
 TODAY
  MAXIMUM        105R   308 PM  98    2009  87     18       70
  MINIMUM         65    504 AM  44    2019  56      9       44
  AVERAGE         85                        71     14       57

PRECIPITATION (IN)
  TODAY            0.00          0.04 2010   0.01  -0.01     0.00
  MONTH TO DATE    0.11                      0.38  -0.27     1.83
  SINCE OCT 1      6.62                      9.70  -3.08     9.50
  SINCE JAN 1      4.31                      6.57  -2.26     7.63

SNOWFALL (IN)
  TODAY            0.0
  MONTH TO DATE    0.0
  SINCE MAR 1      0.0
  SINCE JUL 1      0.0
  SNOW DEPTH       0

DEGREE DAYS
 HEATING
  TODAY            0                                         8
  MONTH TO DATE    3                                        49
  SINCE MAR 1    434                                       382
  SINCE JUL 1   2158                                      2120

 COOLING
  TODAY           20                                         0
  MONTH TO DATE  163                                        76
  SINCE MAR 1    233                                       167
  SINCE JAN 1    233                                       167
..................................................................


WIND (MPH)
  HIGHEST WIND SPEED    12   HIGHEST WIND DIRECTION     N (350)
  HIGHEST GUST SPEED    17   HIGHEST GUST DIRECTION     N (20)
  AVERAGE WIND SPEED     3.4




RELATIVE HUMIDITY (PERCENT)
 HIGHEST    87
 LOWEST     23
 AVERAGE    55

..........................................................


THE HANFORD CA CLIMATE NORMALS FOR TOMORROW
                         NORMAL    RECORD    YEAR
 MAXIMUM TEMPERATURE (F)   87       104      2003
 MINIMUM TEMPERATURE (F)   56        45      2006


SUNRISE AND SUNSET
MAY 27 2020...........SUNRISE   544 AM PDT   SUNSET   808 PM PDT
MAY 28 2020...........SUNRISE   544 AM PDT   SUNSET   809 PM PDT


-  INDICATES NEGATIVE NUMBERS.
R  INDICATES RECORD WAS SET OR TIED.
MM INDICATES DATA IS MISSING.
T  INDICATES TRACE AMOUNT.




$$
