000
CDUS46 KHNX 190026
CLIHJO


CLIMATE REPORT
NATIONAL WEATHER SERVICE SAN JOAQUIN VALLEY, CA
526 PM PDT MON JUN 18 2018


...................................

...THE HANFORD CA CLIMATE SUMMARY FOR JUNE 18 2018...
VALID AS OF 0500 PM LOCAL TIME.

CLIMATE NORMAL PERIOD 1981 TO 2010
CLIMATE RECORD PERIOD 1998 TO 2018


WEATHER ITEM   OBSERVED TIME   RECORD YEAR NORMAL DEPARTURE LAST
                VALUE   (LST)  VALUE       VALUE  FROM      YEAR
                                                  NORMAL
..................................................................
TEMPERATURE (F)
 TODAY
  MAXIMUM         87    345 PM 105    2017  91     -4      105
  MINIMUM         57   1205 AM  52    2010  59     -2       69
  AVERAGE         72                        75     -3       87

PRECIPITATION (IN)
  TODAY            0.00          0.00   MM   0.00   0.00     0.00
  MONTH TO DATE    0.00                      0.14  -0.14     0.01
  SINCE OCT 1      4.70                      9.88  -5.18    11.05
  SINCE JAN 1      4.29                      6.75  -2.46     8.18

SNOWFALL (IN)
  TODAY            0.0
  MONTH TO DATE    0.0
  SINCE JUN 1      0.0
  SINCE JUL 1      0.0
  SNOW DEPTH       0

DEGREE DAYS
 HEATING
  TODAY            0                                         0
  MONTH TO DATE    0                                         5
  SINCE JUN 1      0                                         5
  SINCE JUL 1   2042                                      2109

 COOLING
  TODAY            7                                        22
  MONTH TO DATE  181                                       192
  SINCE JUN 1    181                                       192
  SINCE JAN 1    431                                       400
..................................................................


WIND (MPH)
  HIGHEST WIND SPEED    14   HIGHEST WIND DIRECTION    NW (300)
  HIGHEST GUST SPEED    17   HIGHEST GUST DIRECTION     N (340)
  AVERAGE WIND SPEED     5.8




RELATIVE HUMIDITY (PERCENT)
 HIGHEST    87
 LOWEST     27
 AVERAGE    57

..........................................................


THE HANFORD CA CLIMATE NORMALS FOR TOMORROW
                         NORMAL    RECORD    YEAR
 MAXIMUM TEMPERATURE (F)   91       108      2017
 MINIMUM TEMPERATURE (F)   59        50      2010


SUNRISE AND SUNSET
JUNE 18 2018..........SUNRISE   441 AM PST   SUNSET   719 PM PST
JUNE 19 2018..........SUNRISE   441 AM PST   SUNSET   719 PM PST


-  INDICATES NEGATIVE NUMBERS.
R  INDICATES RECORD WAS SET OR TIED.
MM INDICATES DATA IS MISSING.
T  INDICATES TRACE AMOUNT.




$$
