000
CDUS46 KHNX 210827
CLIHJO


CLIMATE REPORT
NATIONAL WEATHER SERVICE SAN JOAQUIN VALLEY, CA
126 AM PDT FRI SEP 21 2018


...................................

...THE HANFORD CA CLIMATE SUMMARY FOR SEPTEMBER 20 2018...

CLIMATE NORMAL PERIOD 1981 TO 2010
CLIMATE RECORD PERIOD 1998 TO 2018


WEATHER ITEM   OBSERVED TIME   RECORD YEAR NORMAL DEPARTURE
                VALUE   (LST)  VALUE       VALUE  FROM
                                                  NORMAL
...............................................................
TEMPERATURE (F)
 YESTERDAY
  MAXIMUM         92    424 PM 101    2015  89      3
                                      2000
  MINIMUM         52    538 AM  44    2004  55     -3
  AVERAGE         72                        72      0

PRECIPITATION (IN)
  YESTERDAY        0.00          0.02 2007   0.01  -0.01
  MONTH TO DATE    0.00                      0.10  -0.10
  SINCE OCT 1      4.70                     10.03  -5.33
  SINCE JAN 1      4.29                      6.90  -2.61

SNOWFALL (IN)
  YESTERDAY        0.0
  MONTH TO DATE    0.0
  SINCE SEP 1      0.0
  SINCE JUL 1      0.0
  SNOW DEPTH       0

DEGREE DAYS
 HEATING
  YESTERDAY        0
  MONTH TO DATE    0
  SINCE SEP 1      0
  SINCE JUL 1      0

 COOLING
  YESTERDAY        7
  MONTH TO DATE  218
  SINCE SEP 1    218
  SINCE JAN 1   1960
...............................................................


WIND (MPH)
  HIGHEST WIND SPEED     9   HIGHEST WIND DIRECTION    NW (300)
  HIGHEST GUST SPEED    14   HIGHEST GUST DIRECTION    NW (330)
  AVERAGE WIND SPEED     2.6




RELATIVE HUMIDITY (PERCENT)
 HIGHEST    93
 LOWEST     18
 AVERAGE    56

..........................................................


THE HANFORD CA CLIMATE NORMALS FOR TODAY
                         NORMAL    RECORD    YEAR
 MAXIMUM TEMPERATURE (F)   89       102      2015
 MINIMUM TEMPERATURE (F)   55        42      2004


SUNRISE AND SUNSET
SEPTEMBER 21 2018.....SUNRISE   646 AM PDT   SUNSET   657 PM PDT
SEPTEMBER 22 2018.....SUNRISE   646 AM PDT   SUNSET   655 PM PDT


-  INDICATES NEGATIVE NUMBERS.
R  INDICATES RECORD WAS SET OR TIED.
MM INDICATES DATA IS MISSING.
T  INDICATES TRACE AMOUNT.




$$
