000
CDUS46 KHNX 200030
CLIHJO


CLIMATE REPORT
NATIONAL WEATHER SERVICE SAN JOAQUIN VALLEY, CA
530 PM PDT MON OCT 19 2020


...................................

...THE HANFORD CA CLIMATE SUMMARY FOR OCTOBER 19 2020...
VALID AS OF 0500 PM LOCAL TIME.

CLIMATE NORMAL PERIOD 1981 TO 2010
CLIMATE RECORD PERIOD 1998 TO 2020


WEATHER ITEM   OBSERVED TIME   RECORD YEAR NORMAL DEPARTURE LAST
                VALUE   (LST)  VALUE       VALUE  FROM      YEAR
                                                  NORMAL
..................................................................
TEMPERATURE (F)
 TODAY
  MAXIMUM         91    258 PM  96    1903  78     13       76
  MINIMUM         51    652 AM  29    1949  47      4       44
  AVERAGE         71                        62      9       60

PRECIPITATION (IN)
  TODAY            0.00          0.73 2004   0.01  -0.01     0.00
  MONTH TO DATE    0.00                      0.19  -0.19     0.00
  SINCE OCT 1      0.00                      0.19  -0.19     0.00
  SINCE JAN 1      4.31                      7.16  -2.85     7.63

SNOWFALL (IN)
  TODAY            0.0
  MONTH TO DATE    0.0
  SINCE SEP 1      0.0
  SINCE JUL 1      0.0
  SNOW DEPTH       0

DEGREE DAYS
 HEATING
  TODAY            0                                         5
  MONTH TO DATE    0                                        45
  SINCE SEP 1      0                                        53
  SINCE JUL 1      0                                        53

 COOLING
  TODAY            6                                         0
  MONTH TO DATE  141                                        17
  SINCE SEP 1    500                                       333
  SINCE JAN 1   2232                                      2017
..................................................................


WIND (MPH)
  HIGHEST WIND SPEED     8   HIGHEST WIND DIRECTION    NW (330)
  HIGHEST GUST SPEED    13   HIGHEST GUST DIRECTION    NW (320)
  AVERAGE WIND SPEED     1.6




RELATIVE HUMIDITY (PERCENT)
 HIGHEST    96
 LOWEST     26
 AVERAGE    61

..........................................................


THE HANFORD CA CLIMATE NORMALS FOR TOMORROW
                         NORMAL    RECORD    YEAR
 MAXIMUM TEMPERATURE (F)   78        94      1927
 MINIMUM TEMPERATURE (F)   47        30      1949
                                             1906


SUNRISE AND SUNSET
OCTOBER 19 2020.......SUNRISE   710 AM PDT   SUNSET   616 PM PDT
OCTOBER 20 2020.......SUNRISE   711 AM PDT   SUNSET   615 PM PDT


-  INDICATES NEGATIVE NUMBERS.
R  INDICATES RECORD WAS SET OR TIED.
MM INDICATES DATA IS MISSING.
T  INDICATES TRACE AMOUNT.




$$
