000
CDUS46 KHNX 160825
CLIHJO


CLIMATE REPORT
NATIONAL WEATHER SERVICE SAN JOAQUIN VALLEY, CA
1225 AM PST SUN DEC 16 2018


...................................

...THE HANFORD CA AIRPORT CLIMATE SUMMARY FOR DECEMBER 15 2018...

CLIMATE NORMAL PERIOD 1981 TO 2010
CLIMATE RECORD PERIOD 1998 TO 2018


WEATHER ITEM   OBSERVED TIME   RECORD YEAR NORMAL DEPARTURE LAST
                VALUE   (LST)  VALUE       VALUE  FROM      YEAR
                                                  NORMAL
..................................................................
TEMPERATURE (F)
 YESTERDAY
  MAXIMUM         66R   232 PM  64    2017  54     12
  MINIMUM         34    719 AM  26    2013  34      0
  AVERAGE         50                        44      6       47

PRECIPITATION (IN)
  YESTERDAY        0.00          0.77 2016   0.05  -0.05
  MONTH TO DATE    0.26                      0.44  -0.18
  SINCE OCT 1      1.71                      1.94  -0.23
  SINCE JAN 1      6.00                      8.91  -2.91

SNOWFALL (IN)
  YESTERDAY        0.0
  MONTH TO DATE    0.0
  SINCE DEC 1      0.0
  SINCE JUL 1      0.0
  SNOW DEPTH       0

DEGREE DAYS
 HEATING
  YESTERDAY       15
  MONTH TO DATE  236
  SINCE DEC 1    236
  SINCE JUL 1    559

 COOLING
  YESTERDAY        0
  MONTH TO DATE    0
  SINCE DEC 1      0
  SINCE JAN 1   2108
..................................................................


WIND (MPH)
  HIGHEST WIND SPEED     8   HIGHEST WIND DIRECTION    NE (50)
  HIGHEST GUST SPEED    10   HIGHEST GUST DIRECTION    NE (50)
  AVERAGE WIND SPEED     2.3




RELATIVE HUMIDITY (PERCENT)
 HIGHEST   100
 LOWEST     52
 AVERAGE    76

..........................................................


THE HANFORD CA AIRPORT CLIMATE NORMALS FOR TODAY
                         NORMAL    RECORD    YEAR
 MAXIMUM TEMPERATURE (F)   54        63      2013
 MINIMUM TEMPERATURE (F)   34        25      2007


SUNRISE AND SUNSET
DECEMBER 16 2018......SUNRISE   703 AM PST   SUNSET   445 PM PST
DECEMBER 17 2018......SUNRISE   704 AM PST   SUNSET   445 PM PST


-  INDICATES NEGATIVE NUMBERS.
R  INDICATES RECORD WAS SET OR TIED.
MM INDICATES DATA IS MISSING.
T  INDICATES TRACE AMOUNT.




$$
