000
CDUS44 KJAN 172111
CLIHKS


CLIMATE REPORT
NATIONAL WEATHER SERVICE JACKSON MS
409 PM CDT FRI AUG 17 2018


...................................

...THE JACKSON HAWKINS CLIMATE SUMMARY FOR AUGUST 17 2018...
VALID TODAY AS OF 0400 PM LOCAL TIME.

CLIMATE NORMAL PERIOD 1981 TO 2010
CLIMATE RECORD PERIOD 9999 TO 9999


WEATHER ITEM   OBSERVED TIME   NORMAL DEPARTURE LAST
                VALUE   (LST)  VALUE  FROM      YEAR
                                      NORMAL
......................................................
TEMPERATURE (F)
 TODAY
  MAXIMUM         94    203 PM  92      2       93
  MINIMUM         74    542 AM  72      2       72
  AVERAGE         84            82      2       83

PRECIPITATION (IN)
  TODAY            T             0.11  -0.11     0.02
  MONTH TO DATE    1.88          2.31  -0.43     7.19
  SINCE JUN 1      8.99         10.99  -2.00    20.23
  SINCE JAN 1     39.69         35.45   4.24    48.70

SNOWFALL (IN)
  TODAY            0.0

DEGREE DAYS
 HEATING
  TODAY            0             0      0        0
  MONTH TO DATE    0             0      0        0
  SINCE JUN 1      0             0      0        0
  SINCE JUL 1      0             0      0        0

 COOLING
  TODAY           19            17      2       18
  MONTH TO DATE  295           289      6      277
  SINCE JUN 1   1348          1242    106     1234
  SINCE JAN 1   1880          1620    260     1750
......................................................


WIND (MPH)
  HIGHEST WIND SPEED    16   HIGHEST WIND DIRECTION    SW (240)
  HIGHEST GUST SPEED    20   HIGHEST GUST DIRECTION    SW (240)
  AVERAGE WIND SPEED     6.1


SKY COVER
  POSSIBLE SUNSHINE  MM
  AVERAGE SKY COVER 0.2


WEATHER CONDITIONS
 THE FOLLOWING WEATHER WAS RECORDED TODAY.
  LIGHT RAIN


RELATIVE HUMIDITY (PERCENT)
 HIGHEST   100           300 AM
 LOWEST     56           200 PM
 AVERAGE    78

..........................................................


THE JACKSON HAWKINS CLIMATE NORMALS FOR TOMORROW
                         NORMAL
 MAXIMUM TEMPERATURE (F)   92
 MINIMUM TEMPERATURE (F)   72


SUNRISE AND SUNSET
AUGUST 17 2018........SUNRISE   626 AM CDT   SUNSET   743 PM CDT
AUGUST 18 2018........SUNRISE   627 AM CDT   SUNSET   742 PM CDT


-  INDICATES NEGATIVE NUMBERS.
R  INDICATES RECORD WAS SET OR TIED.
MM INDICATES DATA IS MISSING.
T  INDICATES TRACE AMOUNT.




$$
