555
CDUS44 KJAN 232212
CLIHKS


CLIMATE REPORT
NATIONAL WEATHER SERVICE JACKSON MS
410 PM CST WED JAN 23 2019


...................................

...THE JACKSON HAWKINS CLIMATE SUMMARY FOR JANUARY 23 2019...
VALID TODAY AS OF 0400 PM LOCAL TIME.

CLIMATE NORMAL PERIOD 1981 TO 2010
CLIMATE RECORD PERIOD 9999 TO 9999


WEATHER ITEM   OBSERVED TIME   NORMAL DEPARTURE LAST
                VALUE   (LST)  VALUE  FROM      YEAR
                                      NORMAL
......................................................
TEMPERATURE (F)
 TODAY
  MAXIMUM         64    737 AM  57      7       58
  MINIMUM         43    359 PM  37      6       39
  AVERAGE         54            47      7       49

PRECIPITATION (IN)
  TODAY            0.54          0.16   0.38     0.00
  MONTH TO DATE    5.88          3.63   2.25     2.24
  SINCE DEC 1     14.23          8.82   5.41     5.27
  SINCE JAN 1      5.88          3.63   2.25     2.24

SNOWFALL (IN)
  TODAY            0.0

DEGREE DAYS
 HEATING
  TODAY           11            18     -7       16
  MONTH TO DATE  365           434    -69      563
  SINCE DEC 1    813           948   -135     1076
  SINCE JUL 1   1268          1312    -44     1385

 COOLING
  TODAY            0             0      0        0
  MONTH TO DATE    0             0      0        0
  SINCE DEC 1      6             9     -3        8
  SINCE JAN 1      0             0      0        0
......................................................


WIND (MPH)
  HIGHEST WIND SPEED    24   HIGHEST WIND DIRECTION     W (280)
  HIGHEST GUST SPEED    28   HIGHEST GUST DIRECTION    NW (300)
  AVERAGE WIND SPEED     9.7


SKY COVER
  POSSIBLE SUNSHINE  MM
  AVERAGE SKY COVER 1.0


WEATHER CONDITIONS
 THE FOLLOWING WEATHER WAS RECORDED TODAY.
  HEAVY RAIN
  RAIN
  LIGHT RAIN
  FOG


RELATIVE HUMIDITY (PERCENT)
 HIGHEST   100           400 AM
 LOWEST     90          1200 AM
 AVERAGE    95

..........................................................


THE JACKSON HAWKINS CLIMATE NORMALS FOR TOMORROW
                         NORMAL
 MAXIMUM TEMPERATURE (F)   57
 MINIMUM TEMPERATURE (F)   37


SUNRISE AND SUNSET
JANUARY 23 2019.......SUNRISE   700 AM CST   SUNSET   526 PM CST
JANUARY 24 2019.......SUNRISE   700 AM CST   SUNSET   527 PM CST


-  INDICATES NEGATIVE NUMBERS.
R  INDICATES RECORD WAS SET OR TIED.
MM INDICATES DATA IS MISSING.
T  INDICATES TRACE AMOUNT.




$$
