000
CDUS44 KJAN 242114
CLIHKS


CLIMATE REPORT
NATIONAL WEATHER SERVICE JACKSON MS
408 PM CDT THU MAY 24 2018


...................................

...THE JACKSON HAWKINS CLIMATE SUMMARY FOR MAY 24 2018...
VALID TODAY AS OF 0400 PM LOCAL TIME.

CLIMATE NORMAL PERIOD 1981 TO 2010
CLIMATE RECORD PERIOD 9999 TO 9999


WEATHER ITEM   OBSERVED TIME   NORMAL DEPARTURE LAST
                VALUE   (LST)  VALUE  FROM      YEAR
                                      NORMAL
......................................................
TEMPERATURE (F)
 TODAY
  MAXIMUM         88    230 PM  85      3       73
  MINIMUM         68    430 AM  65      3       58
  AVERAGE         78            75      3       66

PRECIPITATION (IN)
  TODAY            0.00          0.16  -0.16     0.25
  MONTH TO DATE    2.42          3.77  -1.35     5.95
  SINCE MAR 1     17.26         13.98   3.28    18.06
  SINCE JAN 1     29.82         23.38   6.44    27.16

SNOWFALL (IN)
  TODAY            0.0

DEGREE DAYS
 HEATING
  TODAY            0             0      0        0
  MONTH TO DATE    0             8     -8       16
  SINCE MAR 1    341           354    -13      212
  SINCE JUL 1   2064          2217   -153     1314

 COOLING
  TODAY           13            10      3        1
  MONTH TO DATE  279           177    102      159
  SINCE MAR 1    354           290     64      390
  SINCE JAN 1    428           302    126      448
......................................................


WIND (MPH)
  HIGHEST WIND SPEED     9   HIGHEST WIND DIRECTION     N (340)
  HIGHEST GUST SPEED    12   HIGHEST GUST DIRECTION     N (340)
  AVERAGE WIND SPEED     2.5


SKY COVER
  POSSIBLE SUNSHINE  MM
  AVERAGE SKY COVER 0.4


WEATHER CONDITIONS
 THE FOLLOWING WEATHER WAS RECORDED TODAY.
  FOG


RELATIVE HUMIDITY (PERCENT)
 HIGHEST   100           100 AM
 LOWEST     57           200 PM
 AVERAGE    79

..........................................................


THE JACKSON HAWKINS CLIMATE NORMALS FOR TOMORROW
                         NORMAL
 MAXIMUM TEMPERATURE (F)   85
 MINIMUM TEMPERATURE (F)   65


SUNRISE AND SUNSET
MAY 24 2018...........SUNRISE   558 AM CDT   SUNSET   758 PM CDT
MAY 25 2018...........SUNRISE   557 AM CDT   SUNSET   759 PM CDT


-  INDICATES NEGATIVE NUMBERS.
R  INDICATES RECORD WAS SET OR TIED.
MM INDICATES DATA IS MISSING.
T  INDICATES TRACE AMOUNT.




$$
