000
CDUS44 KJAN 112120
CLIHKS


CLIMATE REPORT
NATIONAL WEATHER SERVICE JACKSON MS
419 PM CDT TUE AUG 11 2020


...................................

...THE JACKSON HAWKINS CLIMATE SUMMARY FOR AUGUST 11 2020...
VALID TODAY AS OF 0400 PM LOCAL TIME.

CLIMATE NORMAL PERIOD 1981 TO 2010
CLIMATE RECORD PERIOD 9999 TO 9999


WEATHER ITEM   OBSERVED TIME   NORMAL DEPARTURE LAST
                VALUE   (LST)  VALUE  FROM      YEAR
                                      NORMAL
......................................................
TEMPERATURE (F)
 TODAY
  MAXIMUM         96    254 PM  92      4       97
  MINIMUM         78    608 AM  72      6       76
  AVERAGE         87            82      5       87

PRECIPITATION (IN)
  TODAY            0.00          0.14  -0.14     0.00
  MONTH TO DATE    0.25          1.55  -1.30     0.39
  SINCE JUN 1     15.00         10.23   4.77     9.77
  SINCE JAN 1     58.56         34.69  23.87    36.01

SNOWFALL (IN)
  TODAY            0.0

DEGREE DAYS
 HEATING
  TODAY            0             0      0        0
  MONTH TO DATE    0             0      0        0
  SINCE JUN 1      0             0      0        0
  SINCE JUL 1      0             0      0        0

 COOLING
  TODAY           22            17      5       22
  MONTH TO DATE  187           187      0      205
  SINCE JUN 1   1191          1140     51     1197
  SINCE JAN 1   1651          1518    133     1654
......................................................


WIND (MPH)
  HIGHEST WIND SPEED    12   HIGHEST WIND DIRECTION     W (270)
  HIGHEST GUST SPEED    16   HIGHEST GUST DIRECTION     W (270)
  AVERAGE WIND SPEED     5.6


SKY COVER
  POSSIBLE SUNSHINE  MM
  AVERAGE SKY COVER 0.1


WEATHER CONDITIONS
 THE FOLLOWING WEATHER WAS RECORDED TODAY.
  NO SIGNIFICANT WEATHER WAS OBSERVED.


RELATIVE HUMIDITY (PERCENT)
 HIGHEST    79           100 AM
 LOWEST     42           300 PM
 AVERAGE    61

..........................................................


THE JACKSON HAWKINS CLIMATE NORMALS FOR TOMORROW
                         NORMAL
 MAXIMUM TEMPERATURE (F)   92
 MINIMUM TEMPERATURE (F)   72


SUNRISE AND SUNSET
AUGUST 11 2020........SUNRISE   623 AM CDT   SUNSET   749 PM CDT
AUGUST 12 2020........SUNRISE   623 AM CDT   SUNSET   748 PM CDT


-  INDICATES NEGATIVE NUMBERS.
R  INDICATES RECORD WAS SET OR TIED.
MM INDICATES DATA IS MISSING.
T  INDICATES TRACE AMOUNT.




$$
