000
CDUS44 KJAN 160723
CLIHKS


CLIMATE REPORT
NATIONAL WEATHER SERVICE JACKSON MS
220 AM CDT WED OCT 16 2019


...................................

...THE JACKSON HAWKINS CLIMATE SUMMARY FOR OCTOBER 15 2019...

CLIMATE NORMAL PERIOD 1981 TO 2010
CLIMATE RECORD PERIOD 9999 TO 9999


WEATHER ITEM   OBSERVED TIME   NORMAL DEPARTURE LAST
                VALUE   (LST)  VALUE  FROM      YEAR
                                      NORMAL
......................................................
TEMPERATURE (F)
 YESTERDAY
  MAXIMUM         69    622 PM  77     -8       86
  MINIMUM         66    133 AM  55     11       59
  AVERAGE         68            66      2       73

PRECIPITATION (IN)
  YESTERDAY        3.70          0.13   3.57      T
  MONTH TO DATE    4.45          1.93   2.52      T
  SINCE SEP 1      4.55          5.15  -0.60     5.33
  SINCE JAN 1     45.46         42.30   3.16    47.58

SNOWFALL (IN)
  YESTERDAY        0.0

DEGREE DAYS
 HEATING
  YESTERDAY        0             2     -2        0
  MONTH TO DATE    9            20    -11        1
  SINCE SEP 1      9            23    -14        1
  SINCE JUL 1      9            23    -14        1

 COOLING
  YESTERDAY        3             4     -1        8
  MONTH TO DATE  157            77     80      173
  SINCE SEP 1    713           420    293      628
  SINCE JAN 1   2729          2268    461     2737
......................................................


WIND (MPH)
  HIGHEST WIND SPEED    14   HIGHEST WIND DIRECTION     S (180)
  HIGHEST GUST SPEED    18   HIGHEST GUST DIRECTION     N (10)
  AVERAGE WIND SPEED     5.6


SKY COVER
  POSSIBLE SUNSHINE  MM
  AVERAGE SKY COVER 0.9


WEATHER CONDITIONS
 THE FOLLOWING WEATHER WAS RECORDED YESTERDAY.
  THUNDERSTORM
  HEAVY RAIN
  RAIN
  LIGHT RAIN
  FOG


RELATIVE HUMIDITY (PERCENT)
 HIGHEST    93          1200 AM
 LOWEST     87           900 AM
 AVERAGE    90

..........................................................


THE JACKSON HAWKINS CLIMATE NORMALS FOR TODAY
                         NORMAL
 MAXIMUM TEMPERATURE (F)   77
 MINIMUM TEMPERATURE (F)   55


SUNRISE AND SUNSET
OCTOBER 16 2019.......SUNRISE   705 AM CDT   SUNSET   627 PM CDT
OCTOBER 17 2019.......SUNRISE   706 AM CDT   SUNSET   626 PM CDT


-  INDICATES NEGATIVE NUMBERS.
R  INDICATES RECORD WAS SET OR TIED.
MM INDICATES DATA IS MISSING.
T  INDICATES TRACE AMOUNT.




$$
