000
CDUS44 KJAN 160712
CLIHKS


CLIMATE REPORT
NATIONAL WEATHER SERVICE JACKSON MS
210 AM CDT TUE OCT 16 2018


...................................

...THE JACKSON HAWKINS CLIMATE SUMMARY FOR OCTOBER 15 2018...

CLIMATE NORMAL PERIOD 1981 TO 2010
CLIMATE RECORD PERIOD 9999 TO 9999


WEATHER ITEM   OBSERVED TIME   NORMAL DEPARTURE LAST
                VALUE   (LST)  VALUE  FROM      YEAR
                                      NORMAL
......................................................
TEMPERATURE (F)
 YESTERDAY
  MAXIMUM         86   1240 PM  77      9       90
  MINIMUM         59   1159 PM  55      4       62
  AVERAGE         73            66      7       76

PRECIPITATION (IN)
  YESTERDAY        T             0.13  -0.13      T
  MONTH TO DATE    T             1.93  -1.93     0.38
  SINCE SEP 1      5.33          5.15   0.18     1.45
  SINCE JAN 1     47.58         42.30   5.28    51.93

SNOWFALL (IN)
  YESTERDAY        0.0

DEGREE DAYS
 HEATING
  YESTERDAY        0             2     -2        0
  MONTH TO DATE    1            20    -19        0
  SINCE SEP 1      1            23    -22        3
  SINCE JUL 1      1            23    -22        3

 COOLING
  YESTERDAY        8             4      4       11
  MONTH TO DATE  173            77     96      172
  SINCE SEP 1    628           420    208      518
  SINCE JAN 1   2737          2268    469     2482
......................................................


WIND (MPH)
  HIGHEST WIND SPEED    15   HIGHEST WIND DIRECTION     N (360)
  HIGHEST GUST SPEED    20   HIGHEST GUST DIRECTION     N (350)
  AVERAGE WIND SPEED     5.6


SKY COVER
  POSSIBLE SUNSHINE  MM
  AVERAGE SKY COVER 0.4


WEATHER CONDITIONS
 THE FOLLOWING WEATHER WAS RECORDED YESTERDAY.
  LIGHT RAIN
  FOG


RELATIVE HUMIDITY (PERCENT)
 HIGHEST   100           300 AM
 LOWEST     65          1200 PM
 AVERAGE    83

..........................................................


THE JACKSON HAWKINS CLIMATE NORMALS FOR TODAY
                         NORMAL
 MAXIMUM TEMPERATURE (F)   77
 MINIMUM TEMPERATURE (F)   55


SUNRISE AND SUNSET
OCTOBER 16 2018.......SUNRISE   705 AM CDT   SUNSET   627 PM CDT
OCTOBER 17 2018.......SUNRISE   706 AM CDT   SUNSET   626 PM CDT


-  INDICATES NEGATIVE NUMBERS.
R  INDICATES RECORD WAS SET OR TIED.
MM INDICATES DATA IS MISSING.
T  INDICATES TRACE AMOUNT.




$$
