700
CDUS44 KJAN 142115
CLIHKS

CLIMATE REPORT
NATIONAL WEATHER SERVICE JACKSON MS
415 PM CDT MON JUN 14 2021

...................................

...THE JACKSON HAWKINS CLIMATE SUMMARY FOR JUNE 14 2021...
VALID TODAY AS OF 0400 PM LOCAL TIME.

CLIMATE NORMAL PERIOD: 1991 TO 2020
CLIMATE RECORD PERIOD: 9999 TO 9999


WEATHER ITEM   OBSERVED TIME   NORMAL DEPARTURE LAST
                VALUE   (LST)  VALUE  FROM      YEAR
                                      NORMAL
.......................................................
TEMPERATURE (F)
 TODAY
  MAXIMUM         96   2:37 PM  90      6       91
  MINIMUM         70   4:43 AM  71     -1       68
  AVERAGE         83            80      3       80

PRECIPITATION (IN)
  TODAY            0.00          0.13  -0.13      T
  MONTH TO DATE    3.31          1.82   1.49     4.31
  SINCE JUN 1      3.31          1.82   1.49     4.31
  SINCE JAN 1     26.44         25.32   1.12    47.87

SNOWFALL (IN)
  TODAY            0.0

DEGREE DAYS
 HEATING
  TODAY            0             0      0        0
  MONTH TO DATE    0             0      0        0
  SINCE JUN 1      0             0      0        0
  SINCE JUL 1   2100          2123    -23     1776

 COOLING
  TODAY           18            15      3       15
  MONTH TO DATE  201           198      3      198
  SINCE JUN 1    201           198      3      198
  SINCE JAN 1    597           626    -29      658
.......................................................


WIND (MPH)
  HIGHEST WIND SPEED     9   HIGHEST WIND DIRECTION    NW (310)
  HIGHEST GUST SPEED    13   HIGHEST GUST DIRECTION    NW (310)
  AVERAGE WIND SPEED     2.0


SKY COVER
  POSSIBLE SUNSHINE  MM
  AVERAGE SKY COVER 0.1


WEATHER CONDITIONS
THE FOLLOWING WEATHER WAS RECORDED TODAY.
  NO SIGNIFICANT WEATHER WAS OBSERVED.


RELATIVE HUMIDITY (PERCENT)
 HIGHEST    90           6:00 AM
 LOWEST     49           3:00 PM
 AVERAGE    70

..........................................................


THE JACKSON HAWKINS CLIMATE NORMALS FOR TOMORROW
                         NORMAL




SUNRISE AND SUNSET
JUNE 14 2021..........SUNRISE   5:54 AM CDT   SUNSET   8:09 PM CDT
JUNE 15 2021..........SUNRISE   5:54 AM CDT   SUNSET   8:09 PM CDT


-  INDICATES NEGATIVE NUMBERS.
R  INDICATES RECORD WAS SET OR TIED.
MM INDICATES DATA IS MISSING.
T  INDICATES TRACE AMOUNT.




$$
