902
CDUS43 KGLD 190743 RRB
CLIHLC

CLIMATE REPORT
NATIONAL WEATHER SERVICE GOODLAND
140 AM MDT SAT OCT 19 2019

...................................

...THE HILL CITY KS CLIMATE SUMMARY FOR OCTOBER 18 2019...

CLIMATE NORMAL PERIOD 1981 TO 2010
CLIMATE RECORD PERIOD 1896 TO 2019


WEATHER ITEM   OBSERVED TIME   RECORD YEAR NORMAL DEPARTURE LAST
                VALUE   (LST)  VALUE       VALUE  FROM      YEAR
                                                  NORMAL
..................................................................
TEMPERATURE (F)
 YESTERDAY
  MAXIMUM         87    400 PM  93    2003  67     20       66
  MINIMUM         52   1129 PM  26    1948  39     13       39
  AVERAGE         70                        53     17       53

PRECIPITATION (IN)
  YESTERDAY        0.23                      0.05   0.18      T
  MONTH TO DATE    0.54                      0.96  -0.42     3.27
  SINCE SEP 1      1.86                      2.84  -0.98     8.10
  SINCE JAN 1     27.53                     20.72   6.81    33.50

..................................................................

THE HILL CITY KS CLIMATE NORMALS FOR TODAY
                         NORMAL    RECORD    YEAR
 MAXIMUM TEMPERATURE (F)   67        95      2003
 MINIMUM TEMPERATURE (F)   39        10      1917



-  INDICATES NEGATIVE NUMBERS.
R  INDICATES RECORD WAS SET OR TIED.
MM INDICATES DATA IS MISSING.
T  INDICATES TRACE AMOUNT.

$$
