000
CDUS43 KGLD 180745
CLIHLC

CLIMATE REPORT
NATIONAL WEATHER SERVICE GOODLAND
139 AM MDT WED JUL 18 2018

...................................

...THE HILL CITY KS CLIMATE SUMMARY FOR JULY 17 2018...

CLIMATE NORMAL PERIOD 1981 TO 2010
CLIMATE RECORD PERIOD 1896 TO 2018


WEATHER ITEM   OBSERVED TIME   RECORD YEAR NORMAL DEPARTURE LAST
                VALUE   (LST)  VALUE       VALUE  FROM      YEAR
                                                  NORMAL
..................................................................
TEMPERATURE (F)
 YESTERDAY
  MAXIMUM         87    521 PM 112    1936  93     -6       99
  MINIMUM         66    506 AM  51    1917  66      0       68
  AVERAGE         77                        80     -3       84

PRECIPITATION (IN)
  YESTERDAY        0.58                      0.15   0.43     0.00
  MONTH TO DATE    2.02                      2.04  -0.02     1.32
  SINCE JUN 1     10.83                      4.80   6.03     4.15
  SINCE JAN 1     20.52                     13.30   7.22    15.43

..................................................................


THE HILL CITY KS CLIMATE NORMALS FOR TODAY
                         NORMAL    RECORD    YEAR
 MAXIMUM TEMPERATURE (F)   93       111      1936
 MINIMUM TEMPERATURE (F)   66        55      1922


-  INDICATES NEGATIVE NUMBERS.
R  INDICATES RECORD WAS SET OR TIED.
MM INDICATES DATA IS MISSING.
T  INDICATES TRACE AMOUNT.

$$
