000
CDUS43 KGLD 280039
CLIHLC

CLIMATE REPORT
NATIONAL WEATHER SERVICE
639 PM MDT WED MAY 27 2020

...................................

...THE HILL CITY KS CLIMATE SUMMARY FOR MAY 27 2020...
VALID TODAY AS OF 0500 PM LOCAL TIME.

CLIMATE NORMAL PERIOD: 1981 TO 2010
CLIMATE RECORD PERIOD: 1896 TO 2020


WEATHER ITEM   OBSERVED TIME   RECORD YEAR NORMAL DEPARTURE LAST
                VALUE   (LST)  VALUE       VALUE  FROM      YEAR
                                                  NORMAL
...................................................................
TEMPERATURE (F)
 TODAY
  MAXIMUM         75   2:40 PM  99    2006  79     -4       80
  MINIMUM         47   4:22 AM  28    1907  54     -7       56
  AVERAGE         61                        66     -5       68

PRECIPITATION (IN)
  TODAY            0.00                      0.12  -0.12      T
  MONTH TO DATE    3.32                      3.26   0.06     8.01
  SINCE MAR 1      3.91                      7.01  -3.10     9.66
  SINCE JAN 1      5.06                      7.98  -2.92    10.68

...................................................................


THE HILL CITY KS CLIMATE NORMALS FOR TOMORROW
                         NORMAL    RECORD    YEAR
 MAXIMUM TEMPERATURE (F)   79       101      2006
 MINIMUM TEMPERATURE (F)   54        32      1947


-  INDICATES NEGATIVE NUMBERS.
R  INDICATES RECORD WAS SET OR TIED.
MM INDICATES DATA IS MISSING.
T  INDICATES TRACE AMOUNT.




$$
