000
CDUS41 KPBZ 212113
CLIHLG

CLIMATE REPORT
NATIONAL WEATHER SERVICE PITTSBURGH PA
513 PM EDT MON OCT 21 2019

...................................

...THE WHEELING WV CLIMATE SUMMARY FOR OCTOBER 21 2019...
VALID TODAY AS OF 0500 PM LOCAL TIME.

CLIMATE NORMAL PERIOD 1981 TO 2010
CLIMATE RECORD PERIOD 1878 TO 2019


WEATHER ITEM   OBSERVED TIME   RECORD YEAR NORMAL DEPARTURE LAST
                VALUE   (LST)  VALUE       VALUE  FROM      YEAR
                                                  NORMAL
...................................................................
TEMPERATURE (F)
 TODAY
  MAXIMUM         76    335 PM  81    1920  61     15       40
                                      1947
  MINIMUM         46    502 AM  19    1952  42      4       32
  AVERAGE         61                        52      9       36

PRECIPITATION (IN)
  TODAY            0.00          1.52 2016   0.08  -0.08      T
  MONTH TO DATE    2.45                      1.76   0.69     2.01
  SINCE JUN 1     16.54                     16.36   0.18    27.41
  SINCE JAN 1     30.43                     31.53  -1.10    49.89

DEGREE DAYS
 HEATING
  TODAY            4                        14    -10       29
  MONTH TO DATE  165                       221    -56      199
  SINCE SEP 1    166                       311   -145      238
  SINCE JUL 1    166                       322   -156      238

 COOLING
  TODAY            0                         0      0        0
  MONTH TO DATE   40                        10     30       68
  SINCE SEP 1    209                        80    129      254
  SINCE JAN 1    986                       688    298     1185
...................................................................


WIND (MPH)
  HIGHEST WIND SPEED    17   HIGHEST WIND DIRECTION    SE (140)
  HIGHEST GUST SPEED    21   HIGHEST GUST DIRECTION    SE (130)
  AVERAGE WIND SPEED     7.1


SKY COVER
  POSSIBLE SUNSHINE  MM
  AVERAGE SKY COVER 0.2


WEATHER CONDITIONS
THE FOLLOWING WEATHER WAS RECORDED TODAY.
  FOG
  FOG W/VISIBILITY <= 1/4 MILE


RELATIVE HUMIDITY (PERCENT)
 HIGHEST   100           700 AM
 LOWEST     38           400 PM
 AVERAGE    69

..........................................................


THE WHEELING WV CLIMATE NORMALS FOR TOMORROW
                         NORMAL    RECORD    YEAR
 MAXIMUM TEMPERATURE (F)   60        82      1947
 MINIMUM TEMPERATURE (F)   42        16      1930


SUNRISE AND SUNSET
OCTOBER 21 2019.......SUNRISE   739 AM EDT   SUNSET   634 PM EDT
OCTOBER 22 2019.......SUNRISE   741 AM EDT   SUNSET   633 PM EDT


-  INDICATES NEGATIVE NUMBERS.
R  INDICATES RECORD WAS SET OR TIED.
MM INDICATES DATA IS MISSING.
T  INDICATES TRACE AMOUNT.




$$
