000
CDUS41 KPBZ 170805
CLIHLG


CLIMATE REPORT
NATIONAL WEATHER SERVICE PITTSBURGH PA
304 AM EST SUN FEB 17 2019


...................................

...THE WHEELING CLIMATE SUMMARY FOR FEBRUARY 16 2019...

CLIMATE NORMAL PERIOD 1981 TO 2010
CLIMATE RECORD PERIOD 1878 TO 2019


WEATHER ITEM   OBSERVED TIME   RECORD YEAR NORMAL DEPARTURE LAST
                VALUE   (LST)  VALUE       VALUE  FROM      YEAR
                                                  NORMAL
..................................................................
TEMPERATURE (F)
 YESTERDAY
  MAXIMUM         29    340 PM  71    1921  40    -11       61
  MINIMUM         24    922 AM -10    1943  24      0       29
  AVERAGE         27                        32     -5       45

PRECIPITATION (IN)
  YESTERDAY        0.00          0.83 1909   0.07  -0.07     0.72
  MONTH TO DATE    2.90                      1.21   1.69     4.54
  SINCE JAN 1      4.94                      3.83   1.11     7.73

DEGREE DAYS
 HEATING
  YESTERDAY       38                        33      5       20
  MONTH TO DATE  446                       546   -100      512
  SINCE DEC 1   2406                      2660   -254     2782
  SINCE JUL 1   3612                      3788   -176     3774

 COOLING
  YESTERDAY        0                                         0
  MONTH TO DATE    0                                         0
  SINCE DEC 1      0                                         0
  SINCE JAN 1      0                                         0
..................................................................


WIND (MPH)
  HIGHEST WIND SPEED    14   HIGHEST WIND DIRECTION     N (350)
  HIGHEST GUST SPEED    18   HIGHEST GUST DIRECTION    NW (330)
  AVERAGE WIND SPEED     8.2


SKY COVER
  POSSIBLE SUNSHINE  MM
  AVERAGE SKY COVER 0.8


WEATHER CONDITIONS
 THE FOLLOWING WEATHER WAS RECORDED YESTERDAY.
  NO SIGNIFICANT WEATHER WAS OBSERVED.


RELATIVE HUMIDITY (PERCENT)
 HIGHEST    74           200 AM
 LOWEST     62           800 AM
 AVERAGE    68

..........................................................


THE WHEELING CLIMATE NORMALS FOR TODAY
                         NORMAL    RECORD    YEAR
 MAXIMUM TEMPERATURE (F)   40        68      1921
 MINIMUM TEMPERATURE (F)   24        -8      1904


SUNRISE AND SUNSET
FEBRUARY 17 2019......SUNRISE   713 AM EST   SUNSET   600 PM EST
FEBRUARY 18 2019......SUNRISE   712 AM EST   SUNSET   602 PM EST


-  INDICATES NEGATIVE NUMBERS.
R  INDICATES RECORD WAS SET OR TIED.
MM INDICATES DATA IS MISSING.
T  INDICATES TRACE AMOUNT.




$$
