057
CDUS41 KPBZ 182213
CLIHLG


CLIMATE REPORT
NATIONAL WEATHER SERVICE PITTSBURGH PA
512 PM EST SUN NOV 18 2018


...................................

...THE WHEELING CLIMATE SUMMARY FOR NOVEMBER 18 2018...
VALID TODAY AS OF 0500 PM LOCAL TIME.

CLIMATE NORMAL PERIOD 1981 TO 2010
CLIMATE RECORD PERIOD 1878 TO 2018


WEATHER ITEM   OBSERVED TIME   RECORD YEAR NORMAL DEPARTURE LAST
                VALUE   (LST)  VALUE       VALUE  FROM      YEAR
                                                  NORMAL
..................................................................
TEMPERATURE (F)
 TODAY
  MAXIMUM         53    341 PM  75    1921  50      3       62
  MINIMUM         35    748 AM  14    2014  35      0       40
  AVERAGE         44                        42      2       51

PRECIPITATION (IN)
  TODAY            0.00          0.90 2017   0.11  -0.11     0.90
                                      1929
  MONTH TO DATE    2.22                      1.88   0.34     4.31
  SINCE JAN 1     53.40                     34.20  19.20    43.68

DEGREE DAYS
 HEATING
  TODAY           21                        23     -2       14
  MONTH TO DATE  427                       354     73      390
  SINCE SEP 1    850                       817     33      716
  SINCE JUL 1    850                       828     22      723

 COOLING
  TODAY            0                         0      0        0
  MONTH TO DATE    0                         0      0        0
  SINCE SEP 1    254                        81    173      129
  SINCE JAN 1   1185                       689    496      757
..................................................................


WIND (MPH)
  HIGHEST WIND SPEED    10   HIGHEST WIND DIRECTION     N (360)
  HIGHEST GUST SPEED    14   HIGHEST GUST DIRECTION     N (350)
  AVERAGE WIND SPEED     4.1


SKY COVER
  POSSIBLE SUNSHINE  MM
  AVERAGE SKY COVER 0.8


WEATHER CONDITIONS
 THE FOLLOWING WEATHER WAS RECORDED TODAY.
  FOG
  HAZE


RELATIVE HUMIDITY (PERCENT)
 HIGHEST    92           400 AM
 LOWEST     59           200 PM
 AVERAGE    76

..........................................................


THE WHEELING CLIMATE NORMALS FOR TOMORROW
                         NORMAL    RECORD    YEAR
 MAXIMUM TEMPERATURE (F)   50        72      1941
                                             1931
                                             1921
 MINIMUM TEMPERATURE (F)   35        14      2014
                                             1936


SUNRISE AND SUNSET
NOVEMBER 18 2018......SUNRISE   712 AM EST   SUNSET   504 PM EST
NOVEMBER 19 2018......SUNRISE   713 AM EST   SUNSET   503 PM EST


-  INDICATES NEGATIVE NUMBERS.
R  INDICATES RECORD WAS SET OR TIED.
MM INDICATES DATA IS MISSING.
T  INDICATES TRACE AMOUNT.




$$
