000
CDUS41 KPBZ 040537
CLIHLG

CLIMATE REPORT
NATIONAL WEATHER SERVICE PITTSBURGH PA
137 AM EDT THU JUN 04 2020

...................................

...THE WHEELING WV CLIMATE SUMMARY FOR JUNE 3 2020...

CLIMATE NORMAL PERIOD 1981 TO 2010
CLIMATE RECORD PERIOD 1878 TO 2020


WEATHER ITEM   OBSERVED TIME   RECORD YEAR NORMAL DEPARTURE LAST
                VALUE   (LST)  VALUE       VALUE  FROM      YEAR
                                                  NORMAL
...................................................................
TEMPERATURE (F)
 YESTERDAY
  MAXIMUM         86    433 PM  98    1925  75     11       65
  MINIMUM         69    615 AM  35    1929  55     14       48
  AVERAGE         78                        65     13       57

PRECIPITATION (IN)
  YESTERDAY        T             1.62 1950   0.19  -0.19     0.00
  MONTH TO DATE    0.01                      0.59  -0.58     0.15
  SINCE JUN 1      0.01                      0.59  -0.58     0.15
  SINCE JAN 1     18.26                     15.76   2.50    14.04

DEGREE DAYS
 HEATING
  YESTERDAY        0                         3     -3        8
  MONTH TO DATE   10                         9      1       10
  SINCE JUN 1     10                         9      1       10
  SINCE JUL 1   4977                      5558   -581     5163

 COOLING
  YESTERDAY       13                         3     10        0
  MONTH TO DATE   16                         8      8        3
  SINCE JUN 1     16                         8      8        3
  SINCE JAN 1     95                        54     41      109
...................................................................


WIND (MPH)
  HIGHEST WIND SPEED    22   HIGHEST WIND DIRECTION     W (270)
  HIGHEST GUST SPEED    30   HIGHEST GUST DIRECTION     W (280)
  AVERAGE WIND SPEED    10.6


SKY COVER
  POSSIBLE SUNSHINE  MM
  AVERAGE SKY COVER 0.4


WEATHER CONDITIONS
THE FOLLOWING WEATHER WAS RECORDED YESTERDAY.
  LIGHT RAIN


RELATIVE HUMIDITY (PERCENT)
 HIGHEST    82          1000 PM
 LOWEST     46           400 PM
 AVERAGE    64

..........................................................


THE WHEELING WV CLIMATE NORMALS FOR TODAY
                         NORMAL    RECORD    YEAR
 MAXIMUM TEMPERATURE (F)   75        97      1925
 MINIMUM TEMPERATURE (F)   55        35      1947


SUNRISE AND SUNSET
JUNE  4 2020..........SUNRISE   554 AM EDT   SUNSET   848 PM EDT
JUNE  5 2020..........SUNRISE   554 AM EDT   SUNSET   849 PM EDT


-  INDICATES NEGATIVE NUMBERS.
R  INDICATES RECORD WAS SET OR TIED.
MM INDICATES DATA IS MISSING.
T  INDICATES TRACE AMOUNT.




$$
