000
CDUS41 KPBZ 310536
CLIHLG

CLIMATE REPORT
NATIONAL WEATHER SERVICE PITTSBURGH PA
136 AM EDT SAT OCT 31 2020

...................................

...THE WHEELING WV CLIMATE SUMMARY FOR OCTOBER 30 2020...

CLIMATE NORMAL PERIOD 1981 TO 2010
CLIMATE RECORD PERIOD 1878 TO 2020


WEATHER ITEM   OBSERVED TIME   RECORD YEAR NORMAL DEPARTURE LAST
                VALUE   (LST)  VALUE       VALUE  FROM      YEAR
                                                  NORMAL
...................................................................
TEMPERATURE (F)
 YESTERDAY
  MAXIMUM         46   1205 PM  78    1942  58    -12       63
  MINIMUM         37   1159 PM  22    1934  40     -3       46
                                      1939
  AVERAGE         42                        49     -7       55

PRECIPITATION (IN)
  YESTERDAY        0.08          0.87 2019   0.07   0.01     0.87
  MONTH TO DATE    1.99                      2.48  -0.49     4.71
  SINCE SEP 1      3.87                      4.68  -0.81     6.63
  SINCE JAN 1     28.72                     32.18  -3.46    32.69

DEGREE DAYS
 HEATING
  YESTERDAY       23                        16      7       10
  MONTH TO DATE  283                       356    -73      258
  SINCE SEP 1    370                       446    -76      259
  SINCE JUL 1    370                       457    -87      259

 COOLING
  YESTERDAY        0                         0      0        0
  MONTH TO DATE   11                        10      1       40
  SINCE SEP 1    116                        80     36      209
  SINCE JAN 1   1031                       688    343      986
...................................................................


WIND (MPH)
  HIGHEST WIND SPEED    21   HIGHEST WIND DIRECTION    NW (300)
  HIGHEST GUST SPEED    27   HIGHEST GUST DIRECTION     W (280)
  AVERAGE WIND SPEED     8.3


SKY COVER
  POSSIBLE SUNSHINE  MM
  AVERAGE SKY COVER 1.0


WEATHER CONDITIONS
THE FOLLOWING WEATHER WAS RECORDED YESTERDAY.
  LIGHT RAIN
  FOG


RELATIVE HUMIDITY (PERCENT)
 HIGHEST    93           200 AM
 LOWEST     65           200 PM
 AVERAGE    79

..........................................................


THE WHEELING WV CLIMATE NORMALS FOR TODAY
                         NORMAL    RECORD    YEAR
 MAXIMUM TEMPERATURE (F)   57        78      1933
                                             1950
 MINIMUM TEMPERATURE (F)   40        21      1938


SUNRISE AND SUNSET
OCTOBER 31 2020.......SUNRISE   751 AM EDT   SUNSET   620 PM EDT
NOVEMBER  1 2020......SUNRISE   653 AM EST   SUNSET   519 PM EST


-  INDICATES NEGATIVE NUMBERS.
R  INDICATES RECORD WAS SET OR TIED.
MM INDICATES DATA IS MISSING.
T  INDICATES TRACE AMOUNT.




$$
