000
CDUS41 KPBZ 202113
CLIHLG


CLIMATE REPORT
NATIONAL WEATHER SERVICE PITTSBURGH PA
512 PM EDT MON AUG 20 2018


...................................

...THE WHEELING CLIMATE SUMMARY FOR AUGUST 20 2018...
VALID TODAY AS OF 0500 PM LOCAL TIME.

CLIMATE NORMAL PERIOD 1981 TO 2010
CLIMATE RECORD PERIOD 1878 TO 2018


WEATHER ITEM   OBSERVED TIME   RECORD YEAR NORMAL DEPARTURE LAST
                VALUE   (LST)  VALUE       VALUE  FROM      YEAR
                                                  NORMAL
..................................................................
TEMPERATURE (F)
 TODAY
  MAXIMUM         84    359 PM  95    1947  81      3       84
                                      1945
                                      1937
  MINIMUM         61    559 AM  42    1932  61      0       58
  AVERAGE         73                        71      2       71

PRECIPITATION (IN)
  TODAY            0.00          1.86 2004   0.13  -0.13     0.00
  MONTH TO DATE    3.41                      2.11   1.30     3.41
  SINCE JAN 1     38.13                     26.13  12.00    33.79

DEGREE DAYS
 HEATING
  TODAY            0                         0      0        0
  MONTH TO DATE    0                         0      0        1
  SINCE JUN 1     21                        41    -20       33
  SINCE JUL 1      0                         3     -3        1

 COOLING
  TODAY            8                         6      2        6
  MONTH TO DATE  188                       137     51      112
  SINCE JUN 1    666                       500    166      521
  SINCE JAN 1    838                       546    292      590
..................................................................


WIND (MPH)
  HIGHEST WIND SPEED     9   HIGHEST WIND DIRECTION    SE (150)
  HIGHEST GUST SPEED    11   HIGHEST GUST DIRECTION     E (110)
  AVERAGE WIND SPEED     5.0


SKY COVER
  POSSIBLE SUNSHINE  MM
  AVERAGE SKY COVER 0.2


WEATHER CONDITIONS
 THE FOLLOWING WEATHER WAS RECORDED TODAY.
  FOG


RELATIVE HUMIDITY (PERCENT)
 HIGHEST    97           600 AM
 LOWEST     61           400 PM
 AVERAGE    79

..........................................................


THE WHEELING CLIMATE NORMALS FOR TOMORROW
                         NORMAL    RECORD    YEAR
 MAXIMUM TEMPERATURE (F)   81       101      1936
 MINIMUM TEMPERATURE (F)   61        40      1922


SUNRISE AND SUNSET
AUGUST 20 2018........SUNRISE   639 AM EDT   SUNSET   812 PM EDT
AUGUST 21 2018........SUNRISE   640 AM EDT   SUNSET   811 PM EDT


-  INDICATES NEGATIVE NUMBERS.
R  INDICATES RECORD WAS SET OR TIED.
MM INDICATES DATA IS MISSING.
T  INDICATES TRACE AMOUNT.




$$
