634
CDUS45 KTFX 152240
CLIHLN


CLIMATE REPORT
NATIONAL WEATHER SERVICE GREAT FALLS MT
440 PM MDT TUE OCT 15 2019

...................................

...THE HELENA MT CLIMATE SUMMARY FOR OCTOBER 15 2019...
VALID TODAY AS OF 0400 PM LOCAL TIME.

CLIMATE NORMAL PERIOD 1981 TO 2010
CLIMATE RECORD PERIOD 1866 TO 2019


WEATHER ITEM   OBSERVED TIME   RECORD YEAR NORMAL DEPARTURE LAST
                VALUE   (LST)  VALUE       VALUE  FROM      YEAR
                                                  NORMAL
...................................................................
TEMPERATURE (F)
 TODAY
  MAXIMUM         57    259 PM  83    1991  59     -2       56
  MINIMUM         27    531 AM  16    1930  33     -6       29
                                      1969
  AVERAGE         42                        46     -4       43

PRECIPITATION (IN)
  TODAY            0.00          0.92 1938   0.02  -0.02     0.00
  MONTH TO DATE    0.42                      0.37   0.05     0.52
  SINCE OCT 1      0.42                      0.37   0.05     0.52
  SINCE JAN 1     15.07                     10.02   5.05    12.53

DEGREE DAYS
 HEATING
  TODAY           23                        19      4       22
  MONTH TO DATE  366                       243    123      339
  SINCE SEP 1    593                       480    113      586
  SINCE JUL 1    621                       549     72      657

 COOLING
  TODAY            0                         0      0        0
  MONTH TO DATE    0                         0      0        0
  SINCE SEP 1     57                        23     34       18
  SINCE JAN 1    407                       406      1      410
...................................................................


WIND (MPH)
  HIGHEST WIND SPEED    12   HIGHEST WIND DIRECTION     E (100)
  HIGHEST GUST SPEED    17   HIGHEST GUST DIRECTION     E (100)
  AVERAGE WIND SPEED     3.7


SKY COVER
  AVERAGE SKY COVER 0.0


WEATHER CONDITIONS
THE FOLLOWING WEATHER WAS RECORDED TODAY.
  NO SIGNIFICANT WEATHER WAS OBSERVED.


RELATIVE HUMIDITY (PERCENT)
 HIGHEST    85           300 AM
 LOWEST     38           300 PM
 AVERAGE    62

..........................................................


THE HELENA MT CLIMATE NORMALS FOR TOMORROW
                         NORMAL    RECORD    YEAR
 MAXIMUM TEMPERATURE (F)   59        80      1927
                                             1991
 MINIMUM TEMPERATURE (F)   32        12      1946


SUNRISE AND SUNSET
OCTOBER 15 2019.......SUNRISE   745 AM MDT   SUNSET   641 PM MDT
OCTOBER 16 2019.......SUNRISE   747 AM MDT   SUNSET   640 PM MDT


-  INDICATES NEGATIVE NUMBERS.
R  INDICATES RECORD WAS SET OR TIED.
MM INDICATES DATA IS MISSING.
T  INDICATES TRACE AMOUNT.




$$
