000
CDHW40 PHFO 230231
CLIHNL


CLIMATE REPORT
NATIONAL WEATHER SERVICE HONOLULU HI
431 PM HST SUN APR 22 2018


...................................

...THE HONOLULU HI CLIMATE SUMMARY FOR APRIL 22 2018...
VALID TODAY AS OF 0400 PM LOCAL TIME.

CLIMATE NORMAL PERIOD 1981 TO 2010
CLIMATE RECORD PERIOD 1946 TO 2018


WEATHER ITEM   OBSERVED TIME   RECORD YEAR NORMAL DEPARTURE LAST
                VALUE   (LST)  VALUE       VALUE  FROM      YEAR
                                                  NORMAL
..................................................................
TEMPERATURE (F)
 TODAY
  MAXIMUM         84    359 PM  88    1996  83      1       84
  MINIMUM         74    132 AM  56    1958  70      4       73
  AVERAGE         79                        76      3       79

PRECIPITATION (IN)
  TODAY            T             2.29 1950   0.01  -0.01      T
  MONTH TO DATE    1.16                      0.51   0.65     0.50
  SINCE MAR 1      3.73                      2.53   1.20     3.25
  SINCE JAN 1      7.91                      6.83   1.08    10.58

SNOWFALL (IN)
  TODAY            0.0
  MONTH TO DATE    0.0
  SINCE MAR 1      0.0
  SINCE JUL 1      0.0
  SNOW DEPTH      MM

DEGREE DAYS
 HEATING
  TODAY            0                         0      0        0
  MONTH TO DATE    0                         0      0        0
  SINCE MAR 1      0                         0      0        0
  SINCE JUL 1      0                         0      0        0

 COOLING
  TODAY           14                        11      3       14
  MONTH TO DATE  283                       242     41      298
  SINCE MAR 1    599                       535     64      655
  SINCE JAN 1   1269                      1017    252     1182
..................................................................


WIND (MPH)
  HIGHEST WIND SPEED    24   HIGHEST WIND DIRECTION     E (80)
  HIGHEST GUST SPEED    29   HIGHEST GUST DIRECTION    NE (50)
  AVERAGE WIND SPEED    MM


SKY COVER
  POSSIBLE SUNSHINE  MM
  AVERAGE SKY COVER  MM


WEATHER CONDITIONS
 THE FOLLOWING WEATHER WAS RECORDED TODAY.
  NO SIGNIFICANT WEATHER WAS OBSERVED.


RELATIVE HUMIDITY (PERCENT)
 HIGHEST    MM
 LOWEST     MM
 AVERAGE    MM

..........................................................


THE HONOLULU HI CLIMATE NORMALS FOR TOMORROW
                         NORMAL    RECORD    YEAR
 MAXIMUM TEMPERATURE (F)   83        90      1996
 MINIMUM TEMPERATURE (F)   70        61      1958


SUNRISE AND SUNSET
APRIL 22 2018.........SUNRISE   607 AM HST   SUNSET   654 PM HST
APRIL 23 2018.........SUNRISE   606 AM HST   SUNSET   654 PM HST


-  INDICATES NEGATIVE NUMBERS.
R  INDICATES RECORD WAS SET OR TIED.
MM INDICATES DATA IS MISSING.
T  INDICATES TRACE AMOUNT.




$$
