000
CDHW40 PHFO 310240
CLIHNL


CLIMATE REPORT
NATIONAL WEATHER SERVICE HONOLULU HI
430 PM HST FRI OCT 30 2020


...................................

...THE HONOLULU HI CLIMATE SUMMARY FOR OCTOBER 30 2020...
VALID TODAY AS OF 0400 PM LOCAL TIME.

CLIMATE NORMAL PERIOD 1981 TO 2010
CLIMATE RECORD PERIOD 1940 TO 2020


WEATHER ITEM   OBSERVED TIME   RECORD YEAR NORMAL DEPARTURE LAST
                VALUE   (LST)  VALUE       VALUE  FROM      YEAR
                                                  NORMAL
..................................................................
TEMPERATURE (F)
 TODAY
  MAXIMUM         88   1234 PM  92    2015  86      2       87
  MINIMUM         69    519 AM  66    1982  73     -4       73
                                      1978
                                      1959
  AVERAGE         79                        79      0       80

PRECIPITATION (IN)
  TODAY            0.00          7.47 1978   0.07  -0.07     0.05
  MONTH TO DATE    3.20                      1.76   1.44     1.15
  SINCE SEP 1      3.27                      2.46   0.81     3.28
  SINCE JAN 1     13.15                     11.36   1.79    12.34

SNOWFALL (IN)
  TODAY            0.0
  MONTH TO DATE    0.0
  SINCE SEP 1      0.0
  SINCE JUL 1      0.0
  SNOW DEPTH      MM

DEGREE DAYS
 HEATING
  TODAY            0                         0      0        0
  MONTH TO DATE    0                         0      0        0
  SINCE SEP 1      0                         0      0        0
  SINCE JUL 1      0                         0      0        0

 COOLING
  TODAY           14                        14      0       15
  MONTH TO DATE  459                       453      6      522
  SINCE SEP 1    972                       948     24     1060
  SINCE JAN 1   4296                      3932    364     4447
..................................................................


WIND (MPH)
  HIGHEST WIND SPEED    20   HIGHEST WIND DIRECTION    SW (240)
  HIGHEST GUST SPEED    23   HIGHEST GUST DIRECTION     W (260)
  AVERAGE WIND SPEED    MM


SKY COVER
  POSSIBLE SUNSHINE  MM
  AVERAGE SKY COVER  MM


WEATHER CONDITIONS
 THE FOLLOWING WEATHER WAS RECORDED TODAY.
  NO SIGNIFICANT WEATHER WAS OBSERVED.


RELATIVE HUMIDITY (PERCENT)
 HIGHEST    MM
 LOWEST     MM
 AVERAGE    MM

..........................................................


THE HONOLULU HI CLIMATE NORMALS FOR TOMORROW
                         NORMAL    RECORD    YEAR
 MAXIMUM TEMPERATURE (F)   85        89      2013
                                             1991
                                             1977
 MINIMUM TEMPERATURE (F)   73        64      1975


SUNRISE AND SUNSET
OCTOBER 30 2020.......SUNRISE   634 AM HST   SUNSET   556 PM HST
OCTOBER 31 2020.......SUNRISE   635 AM HST   SUNSET   556 PM HST


-  INDICATES NEGATIVE NUMBERS.
R  INDICATES RECORD WAS SET OR TIED.
MM INDICATES DATA IS MISSING.
T  INDICATES TRACE AMOUNT.




$$
