000
CDHW40 PHFO 151245
CLIHNL


CLIMATE REPORT
NATIONAL WEATHER SERVICE HONOLULU HI
245 AM HST MON OCT 15 2018


...................................

...THE HONOLULU HI CLIMATE SUMMARY FOR OCTOBER 14 2018...

CLIMATE NORMAL PERIOD 1981 TO 2010
CLIMATE RECORD PERIOD 1946 TO 2018


WEATHER ITEM   OBSERVED TIME   RECORD YEAR NORMAL DEPARTURE LAST
                VALUE   (LST)  VALUE       VALUE  FROM      YEAR
                                                  NORMAL
..................................................................
TEMPERATURE (F)
 YESTERDAY
  MAXIMUM         84    326 PM  90    1995  87     -3       89
                                      1988
                                      1986
  MINIMUM         69    508 AM  67    1987  74     -5       78
                                      1962
  AVERAGE         77                        80     -3       84

PRECIPITATION (IN)
  YESTERDAY        T             1.06 1956   0.06  -0.06     0.00
  MONTH TO DATE    1.11                      0.67   0.44     0.10
  SINCE SEP 1      2.89                      1.37   1.52     0.20
  SINCE JAN 1     12.48                     10.27   2.21    16.09

SNOWFALL (IN)
  YESTERDAY        0.0
  MONTH TO DATE    0.0
  SINCE SEP 1      0.0
  SINCE JUL 1      0.0
  SNOW DEPTH      MM

DEGREE DAYS
 HEATING
  YESTERDAY        0                         0      0        0
  MONTH TO DATE    0                         0      0        0
  SINCE SEP 1      0                         0      0        0
  SINCE JUL 1      0                         0      0        0

 COOLING
  YESTERDAY       12                        15     -3       19
  MONTH TO DATE  220                       219      1      234
  SINCE SEP 1    720                       714      6      742
  SINCE JAN 1   4104                      3698    406     3795
..................................................................


WIND (MPH)
  HIGHEST WIND SPEED    12   HIGHEST WIND DIRECTION     N (10)
  HIGHEST GUST SPEED    17   HIGHEST GUST DIRECTION    NE (30)
  AVERAGE WIND SPEED     5.8


SKY COVER
  POSSIBLE SUNSHINE  MM
  AVERAGE SKY COVER  MM


WEATHER CONDITIONS
 THE FOLLOWING WEATHER WAS RECORDED YESTERDAY.
  NO SIGNIFICANT WEATHER WAS OBSERVED.


RELATIVE HUMIDITY (PERCENT)
 HIGHEST    MM
 LOWEST     MM
 AVERAGE    MM

..........................................................


THE HONOLULU HI CLIMATE NORMALS FOR TODAY
                         NORMAL    RECORD    YEAR
 MAXIMUM TEMPERATURE (F)   87        92      1995
 MINIMUM TEMPERATURE (F)   74        68      1999
                                             1985
                                             1962


SUNRISE AND SUNSET
OCTOBER 15 2018.......SUNRISE   627 AM HST   SUNSET   607 PM HST
OCTOBER 16 2018.......SUNRISE   628 AM HST   SUNSET   606 PM HST


-  INDICATES NEGATIVE NUMBERS.
R  INDICATES RECORD WAS SET OR TIED.
MM INDICATES DATA IS MISSING.
T  INDICATES TRACE AMOUNT.




$$
