000
CDHW40 PHFO 040255
CLIHNL


CLIMATE REPORT
NATIONAL WEATHER SERVICE HONOLULU HI
452 PM HST WED JUN 3 2020


...................................

...THE HONOLULU HI CLIMATE SUMMARY FOR JUNE 3 2020...
VALID TODAY AS OF 0400 PM LOCAL TIME.

CLIMATE NORMAL PERIOD 1981 TO 2010
CLIMATE RECORD PERIOD 1940 TO 2020


WEATHER ITEM   OBSERVED TIME   RECORD YEAR NORMAL DEPARTURE LAST
                VALUE   (LST)  VALUE       VALUE  FROM      YEAR
                                                  NORMAL
..................................................................
TEMPERATURE (F)
 TODAY
  MAXIMUM         89    217 PM  90    1989  86      3       88
  MINIMUM         75    625 AM  66    1982  73      2       77
  AVERAGE         82                        79      3       83

PRECIPITATION (IN)
  TODAY            0.00          0.92 2011   0.01  -0.01      T
  MONTH TO DATE    T                         0.03  -0.03     0.01
  SINCE JUN 1      T                         0.03  -0.03     0.01
  SINCE JAN 1      8.88                      7.60   1.28     3.09

SNOWFALL (IN)
  TODAY            0.0
  MONTH TO DATE    0.0
  SINCE JUN 1      0.0
  SINCE JUL 1      0.0
  SNOW DEPTH      MM

DEGREE DAYS
 HEATING
  TODAY            0                         0      0        0
  MONTH TO DATE    0                         0      0        0
  SINCE JUN 1      0                         0      0        0
  SINCE JUL 1      0                         0      0        0

 COOLING
  TODAY           17                        14      3       18
  MONTH TO DATE   51                        42      9       55
  SINCE JUN 1     51                        42      9       55
  SINCE JAN 1   1799                      1544    255     1725
..................................................................


WIND (MPH)
  HIGHEST WIND SPEED    21   HIGHEST WIND DIRECTION    NE (60)
  HIGHEST GUST SPEED    25   HIGHEST GUST DIRECTION     E (70)
  AVERAGE WIND SPEED    MM


SKY COVER
  POSSIBLE SUNSHINE  MM
  AVERAGE SKY COVER  MM


WEATHER CONDITIONS
 THE FOLLOWING WEATHER WAS RECORDED TODAY.
  NO SIGNIFICANT WEATHER WAS OBSERVED.


RELATIVE HUMIDITY (PERCENT)
 HIGHEST    MM
 LOWEST     MM
 AVERAGE    MM

..........................................................


THE HONOLULU HI CLIMATE NORMALS FOR TOMORROW
                         NORMAL    RECORD    YEAR
 MAXIMUM TEMPERATURE (F)   86        92      1992
 MINIMUM TEMPERATURE (F)   73        66      1964


SUNRISE AND SUNSET
JUNE  3 2020..........SUNRISE   549 AM HST   SUNSET   711 PM HST
JUNE  4 2020..........SUNRISE   549 AM HST   SUNSET   712 PM HST


-  INDICATES NEGATIVE NUMBERS.
R  INDICATES RECORD WAS SET OR TIED.
MM INDICATES DATA IS MISSING.
T  INDICATES TRACE AMOUNT.




$$
