000
CDHW40 PHFO 230240
CLIHNL


CLIMATE REPORT
NATIONAL WEATHER SERVICE HONOLULU HI
439 PM HST TUE JAN 22 2019


...................................

...THE HONOLULU HI CLIMATE SUMMARY FOR JANUARY 22 2019...
VALID TODAY AS OF 0400 PM LOCAL TIME.

CLIMATE NORMAL PERIOD 1981 TO 2010
CLIMATE RECORD PERIOD 1946 TO 2019


WEATHER ITEM   OBSERVED TIME   RECORD YEAR NORMAL DEPARTURE LAST
                VALUE   (LST)  VALUE       VALUE  FROM      YEAR
                                                  NORMAL
..................................................................
TEMPERATURE (F)
 TODAY
  MAXIMUM         83   1247 PM  87    1996  80      3       83
                                      1978
  MINIMUM         67    432 AM  54    1969  66      1       70
  AVERAGE         75                        73      2       77

PRECIPITATION (IN)
  TODAY            0.00          4.59 1950   0.06  -0.06     0.00
  MONTH TO DATE    0.19                      1.75  -1.56     0.06
  SINCE DEC 1      0.79                      4.99  -4.20     3.46
  SINCE JAN 1      0.19                      1.75  -1.56     0.06

SNOWFALL (IN)
  TODAY            0.0
  MONTH TO DATE    0.0
  SINCE DEC 1      0.0
  SINCE JUL 1      0.0
  SNOW DEPTH      MM

DEGREE DAYS
 HEATING
  TODAY            0                         0      0        0
  MONTH TO DATE    0                         0      0        0
  SINCE DEC 1      0                         0      0        0
  SINCE JUL 1      0                         0      0        0

 COOLING
  TODAY           10                         8      2       12
  MONTH TO DATE  246                       178     68      262
  SINCE DEC 1    615                       480    135      568
  SINCE JAN 1    246                       178     68      262
..................................................................


WIND (MPH)
  HIGHEST WIND SPEED    13   HIGHEST WIND DIRECTION    SE (150)
  HIGHEST GUST SPEED    16   HIGHEST GUST DIRECTION     S (180)
  AVERAGE WIND SPEED    MM


SKY COVER
  POSSIBLE SUNSHINE  MM
  AVERAGE SKY COVER  MM


WEATHER CONDITIONS
 THE FOLLOWING WEATHER WAS RECORDED TODAY.
  NO SIGNIFICANT WEATHER WAS OBSERVED.


RELATIVE HUMIDITY (PERCENT)
 HIGHEST    MM
 LOWEST     MM
 AVERAGE    MM

..........................................................


THE HONOLULU HI CLIMATE NORMALS FOR TOMORROW
                         NORMAL    RECORD    YEAR
 MAXIMUM TEMPERATURE (F)   80        85      1996
                                             1984
                                             1954
 MINIMUM TEMPERATURE (F)   66        55      1969


SUNRISE AND SUNSET
JANUARY 22 2019.......SUNRISE   711 AM HST   SUNSET   615 PM HST
JANUARY 23 2019.......SUNRISE   711 AM HST   SUNSET   616 PM HST


-  INDICATES NEGATIVE NUMBERS.
R  INDICATES RECORD WAS SET OR TIED.
MM INDICATES DATA IS MISSING.
T  INDICATES TRACE AMOUNT.




$$
