000
CDUS43 KFSD 202225
CLIHON


CLIMATE REPORT
NATIONAL WEATHER SERVICE SIOUX FALLS SD
524 PM CDT WED JUN 20 2018


...................................

...THE HURON SD CLIMATE SUMMARY FOR JUNE 20 2018...
VALID TODAY AS OF 0500 PM LOCAL TIME.

CLIMATE NORMAL PERIOD 1981 TO 2010
CLIMATE RECORD PERIOD 1881 TO 2018


WEATHER ITEM   OBSERVED TIME   RECORD YEAR NORMAL DEPARTURE LAST
                VALUE   (LST)  VALUE       VALUE  FROM      YEAR
                                                  NORMAL
..................................................................
TEMPERATURE (F)
 TODAY
  MAXIMUM         72    317 PM 103    1988  81     -9       79
  MINIMUM         56    407 AM  39    1969  57     -1       54
  AVERAGE         64                        69     -5       67

PRECIPITATION (IN)
  TODAY            T             2.30 2011   0.13  -0.13     0.00
  MONTH TO DATE    1.88                      2.76  -0.88     2.13
  SINCE JUN 1      1.88                      2.76  -0.88     2.13
  SINCE JAN 1      8.86                     10.74  -1.88     6.22

SNOWFALL (IN)
  TODAY            0.0           0.0    MM   0.0    0.0      0.0
  MONTH TO DATE    0.0                       0.0    0.0      0.0
  SINCE JUN 1      0.0                       0.0    0.0      0.0
  SINCE JUL 1     58.7                      43.9   14.8     35.9
  SNOW DEPTH       0

DEGREE DAYS
 HEATING
  TODAY            1                         1      0        0
  MONTH TO DATE    9                        43    -34        2
  SINCE JUN 1      9                        43    -34        2
  SINCE JUL 1   7940                      7664    276     6882

 COOLING
  TODAY            0                         5     -5        2
  MONTH TO DATE  139                        68     71      133
  SINCE JUN 1    139                        68     71      133
  SINCE JAN 1    261                       101    160      154
..................................................................


WIND (MPH)
  HIGHEST WIND SPEED    15   HIGHEST WIND DIRECTION     N (360)
  HIGHEST GUST SPEED    21   HIGHEST GUST DIRECTION     N (350)
  AVERAGE WIND SPEED     7.9


SKY COVER
  POSSIBLE SUNSHINE  MM
  AVERAGE SKY COVER 0.6


WEATHER CONDITIONS
 THE FOLLOWING WEATHER WAS RECORDED TODAY.
  LIGHT RAIN


RELATIVE HUMIDITY (PERCENT)
 HIGHEST    97           100 AM
 LOWEST     61           300 PM
 AVERAGE    79

..........................................................


THE HURON SD CLIMATE NORMALS FOR TOMORROW
                         NORMAL    RECORD    YEAR
 MAXIMUM TEMPERATURE (F)   82       109      1988
 MINIMUM TEMPERATURE (F)   58        32      1902


SUNRISE AND SUNSET
JUNE 20 2018..........SUNRISE   548 AM CDT   SUNSET   921 PM CDT
JUNE 21 2018..........SUNRISE   549 AM CDT   SUNSET   921 PM CDT


-  INDICATES NEGATIVE NUMBERS.
R  INDICATES RECORD WAS SET OR TIED.
MM INDICATES DATA IS MISSING.
T  INDICATES TRACE AMOUNT.




$$
