000
CDUS43 KFSD 232237
CLIHON


CLIMATE REPORT
NATIONAL WEATHER SERVICE SIOUX FALLS SD
437 PM CST FRI FEB 23 2018


...................................

...THE HURON SD CLIMATE SUMMARY FOR FEBRUARY 23 2018...
VALID TODAY AS OF 0400 PM LOCAL TIME.

CLIMATE NORMAL PERIOD 1981 TO 2010
CLIMATE RECORD PERIOD 1881 TO 2018


WEATHER ITEM   OBSERVED TIME   RECORD YEAR NORMAL DEPARTURE LAST
                VALUE   (LST)  VALUE       VALUE  FROM      YEAR
                                                  NORMAL
..................................................................
TEMPERATURE (F)
 TODAY
  MAXIMUM         19    339 PM  68    1958  34    -15       33
  MINIMUM          5    212 AM -30    1965  14     -9       25
  AVERAGE         12                        24    -12       29

PRECIPITATION (IN)
  TODAY            T             1.46 1977   0.03  -0.03     0.00
  MONTH TO DATE    0.66                      0.47   0.19     0.15
  SINCE DEC 1      1.54                      1.49   0.05     2.12
  SINCE JAN 1      1.04                      0.97   0.07     0.73

SNOWFALL (IN)
  TODAY            T             8.1  2012   0.3   -0.3      0.0
  MONTH TO DATE    9.1                       6.0    3.1       T
  SINCE DEC 1     22.1                      21.3    0.8     17.0
  SINCE JUL 1     23.4                      29.6   -6.2     21.7
  SNOW DEPTH       4

DEGREE DAYS
 HEATING
  TODAY           53                        41     12       36
  MONTH TO DATE 1273                      1018    255      771
  SINCE DEC 1   4139                      3933    206     3766
  SINCE JUL 1   5704                      5635     69     4974

 COOLING
  TODAY            0                         0      0        0
  MONTH TO DATE    0                         0      0        0
  SINCE DEC 1      0                         0      0        0
  SINCE JAN 1      0                         0      0        0
..................................................................


WIND (MPH)
  HIGHEST WIND SPEED    16   HIGHEST WIND DIRECTION    NW (320)
  HIGHEST GUST SPEED    19   HIGHEST GUST DIRECTION    NW (330)
  AVERAGE WIND SPEED     8.7


SKY COVER
  POSSIBLE SUNSHINE  MM
  AVERAGE SKY COVER 0.5


WEATHER CONDITIONS
 THE FOLLOWING WEATHER WAS RECORDED TODAY.
  LIGHT SNOW
  FOG
  FOG W/VISIBILITY <= 1/4 MILE


RELATIVE HUMIDITY (PERCENT)
 HIGHEST   100           200 AM
 LOWEST     67           300 PM
 AVERAGE    84

..........................................................


THE HURON SD CLIMATE NORMALS FOR TOMORROW
                         NORMAL    RECORD    YEAR
 MAXIMUM TEMPERATURE (F)   35        63      1976
 MINIMUM TEMPERATURE (F)   15       -33      1965


SUNRISE AND SUNSET
FEBRUARY 23 2018......SUNRISE   720 AM CST   SUNSET   613 PM CST
FEBRUARY 24 2018......SUNRISE   718 AM CST   SUNSET   614 PM CST


-  INDICATES NEGATIVE NUMBERS.
R  INDICATES RECORD WAS SET OR TIED.
MM INDICATES DATA IS MISSING.
T  INDICATES TRACE AMOUNT.




$$
