000
CDUS43 KFSD 230629
CLIHON


CLIMATE REPORT
NATIONAL WEATHER SERVICE SIOUX FALLS SD
127 AM CDT WED OCT 23 2019


...................................

...THE HURON SD CLIMATE SUMMARY FOR OCTOBER 22 2019...

CLIMATE NORMAL PERIOD 1981 TO 2010
CLIMATE RECORD PERIOD 1881 TO 2019


WEATHER ITEM   OBSERVED TIME   RECORD YEAR NORMAL DEPARTURE LAST
                VALUE   (LST)  VALUE       VALUE  FROM      YEAR
                                                  NORMAL
..................................................................
TEMPERATURE (F)
 YESTERDAY
  MAXIMUM         54    152 PM  84    1992  58     -4       65
  MINIMUM         33   1018 PM  13    1896  33      0       25
  AVERAGE         44                        45     -1       45

PRECIPITATION (IN)
  YESTERDAY        0.00          1.25 2008   0.06  -0.06     0.00
  MONTH TO DATE    2.17                      1.37   0.80     1.85
  SINCE SEP 1      5.43                      3.83   1.60     5.22
  SINCE JAN 1     35.03                     21.09  13.94    17.78

SNOWFALL (IN)
  YESTERDAY        0.0           4.0  2002   0.1   -0.1      0.0
  MONTH TO DATE    5.5                       0.5    5.0       T
  SINCE SEP 1      5.5                       0.5    5.0       T
  SINCE JUL 1      5.5                       0.5    5.0       T
  SNOW DEPTH       0

DEGREE DAYS
 HEATING
  YESTERDAY       21                        20      1       20
  MONTH TO DATE  422                       337     85      486
  SINCE SEP 1    489                       504    -15      616
  SINCE JUL 1    500                       533    -33      631

 COOLING
  YESTERDAY        0                         0      0        0
  MONTH TO DATE    0                         0      0        0
  SINCE SEP 1     98                        69     29      119
  SINCE JAN 1    714                       738    -24      950
..................................................................


WIND (MPH)
  HIGHEST WIND SPEED    31   HIGHEST WIND DIRECTION    NW (320)
  HIGHEST GUST SPEED    40   HIGHEST GUST DIRECTION    NW (300)
  AVERAGE WIND SPEED    14.3


SKY COVER
  POSSIBLE SUNSHINE  MM
  AVERAGE SKY COVER 0.1


WEATHER CONDITIONS
 THE FOLLOWING WEATHER WAS RECORDED YESTERDAY.
  NO SIGNIFICANT WEATHER WAS OBSERVED.


RELATIVE HUMIDITY (PERCENT)
 HIGHEST    89          1100 PM
 LOWEST     41           100 PM
 AVERAGE    65

..........................................................


THE HURON SD CLIMATE NORMALS FOR TODAY
                         NORMAL    RECORD    YEAR
 MAXIMUM TEMPERATURE (F)   57        83      1927
 MINIMUM TEMPERATURE (F)   33         6      1917


SUNRISE AND SUNSET
OCTOBER 23 2019.......SUNRISE   758 AM CDT   SUNSET   636 PM CDT
OCTOBER 24 2019.......SUNRISE   759 AM CDT   SUNSET   634 PM CDT


-  INDICATES NEGATIVE NUMBERS.
R  INDICATES RECORD WAS SET OR TIED.
MM INDICATES DATA IS MISSING.
T  INDICATES TRACE AMOUNT.




$$
