000
CDUS43 KFSD 220627
CLIHON

CLIMATE REPORT
NATIONAL WEATHER SERVICE SIOUX FALLS SD
127 AM CDT THU OCT 22 2020

...................................

...THE HURON CLIMATE SUMMARY FOR OCTOBER 21 2020...

CLIMATE NORMAL PERIOD: 1981 TO 2010
CLIMATE RECORD PERIOD: 1881 TO 2020


WEATHER ITEM   OBSERVED TIME   RECORD YEAR NORMAL DEPARTURE LAST
                VALUE   (LST)  VALUE       VALUE  FROM      YEAR
                                                  NORMAL
...................................................................
TEMPERATURE (F)
 YESTERDAY
  MAXIMUM         33  11:16 PM  88    1927  58    -25       48
                                      1947
  MINIMUM         27   3:28 AM  13    1913  34     -7       38
                                      1930
  AVERAGE         30                        46    -16       43

PRECIPITATION (IN)
  YESTERDAY        0.20          0.64 1963   0.05   0.15     0.04
  MONTH TO DATE    0.55                      1.31  -0.76     2.17
  SINCE SEP 1      1.20                      3.77  -2.57     5.43
  SINCE JAN 1     16.97                     21.03  -4.06    35.03

SNOWFALL (IN)
  YESTERDAY        2.6 R         2.5  1951   0.0    2.6      0.0
  MONTH TO DATE    3.1                       0.4    2.7      5.5
  SINCE SEP 1      3.1                       0.4    2.7      5.5
  SINCE JUL 1      3.1                       0.4    2.7      5.5
  SNOW DEPTH       T

DEGREE DAYS
 HEATING
  YESTERDAY       35                        19     16       22
  MONTH TO DATE  337                       317     20      401
  SINCE SEP 1    492                       484      8      468
  SINCE JUL 1    497                       513    -16      479

 COOLING
  YESTERDAY        0                         0      0        0
  MONTH TO DATE    2                         0      2        0
  SINCE SEP 1     58                        69    -11       98
  SINCE JAN 1    879                       738    141      714
...................................................................


WIND (MPH)
  HIGHEST WIND SPEED    13   HIGHEST WIND DIRECTION     E (100)
  HIGHEST GUST SPEED    18   HIGHEST GUST DIRECTION     E (100)
  AVERAGE WIND SPEED     5.7


SKY COVER
  POSSIBLE SUNSHINE  MM
  AVERAGE SKY COVER 0.7


WEATHER CONDITIONS
THE FOLLOWING WEATHER WAS RECORDED YESTERDAY.
  HEAVY SNOW
  SNOW
  LIGHT SNOW
  FOG
  FOG W/VISIBILITY <= 1/4 MILE


RELATIVE HUMIDITY (PERCENT)
 HIGHEST    96          11:00 AM
 LOWEST     81           9:00 AM
 AVERAGE    89

..........................................................


THE HURON CLIMATE NORMALS FOR TODAY
                         NORMAL    RECORD    YEAR
 MAXIMUM TEMPERATURE (F)   58        84      1992
 MINIMUM TEMPERATURE (F)   33        13      1896


SUNRISE AND SUNSET
OCTOBER 22 2020.......SUNRISE   7:58 AM CDT   SUNSET   6:36 PM CDT
OCTOBER 23 2020.......SUNRISE   7:59 AM CDT   SUNSET   6:35 PM CDT


-  INDICATES NEGATIVE NUMBERS.
R  INDICATES RECORD WAS SET OR TIED.
MM INDICATES DATA IS MISSING.
T  INDICATES TRACE AMOUNT.




$$
