000
CDUS44 KHGX 260718
CLIHOU


CLIMATE REPORT
NATIONAL WEATHER SERVICE HOUSTON/GALVESTON TX
217 AM CDT MON OCT 26 2020


...................................

...THE HOUSTON/HOBBY AIRPORT CLIMATE SUMMARY FOR OCTOBER 25 2020...

CLIMATE NORMAL PERIOD 1981 TO 2010
CLIMATE RECORD PERIOD 1930 TO 2020


WEATHER ITEM   OBSERVED TIME   RECORD YEAR NORMAL DEPARTURE LAST
                VALUE   (LST)  VALUE       VALUE  FROM      YEAR
                                                  NORMAL
..................................................................
TEMPERATURE (F)
 YESTERDAY
  MAXIMUM         77   1230 PM  92    1942  79     -2       69
  MINIMUM         64    459 AM  42    1980  61      3       51
  AVERAGE         71                        70      1       60

PRECIPITATION (IN)
  YESTERDAY        T             4.70 1975   0.21  -0.21     1.88
  MONTH TO DATE    0.91                      4.84  -3.93     3.74
  SINCE SEP 1     13.98                     10.05   3.93    15.22
  SINCE JAN 1     47.59                     45.15   2.44    51.34

SNOWFALL (IN)
  YESTERDAY        0.0
  MONTH TO DATE    0.0
  SINCE JUL 1      0.0

DEGREE DAYS
 HEATING
  YESTERDAY        0                         1     -1        5
  MONTH TO DATE    1                        10     -9        8
  SINCE SEP 1      1                        10     -9        8
  SINCE JUL 1      1                        10     -9        8

 COOLING
  YESTERDAY        6                         6      0        0
  MONTH TO DATE  305                       211     94      290
  SINCE SEP 1    835                       663    172      878
  SINCE JAN 1   3741                      3004    737     3538
..................................................................


WIND (MPH)
  HIGHEST WIND SPEED    17   HIGHEST WIND DIRECTION     E (110)
  HIGHEST GUST SPEED    20   HIGHEST GUST DIRECTION     E (110)



WEATHER CONDITIONS
 THE FOLLOWING WEATHER WAS RECORDED YESTERDAY.
  LIGHT RAIN
  FOG
  HAZE


RELATIVE HUMIDITY (PERCENT)
 HIGHEST    93
 LOWEST     73
 AVERAGE    83

..........................................................


THE HOUSTON/HOBBY AIRPORT CLIMATE NORMALS FOR TODAY
                         NORMAL    RECORD    YEAR
 MAXIMUM TEMPERATURE (F)   79        90      2010
 MINIMUM TEMPERATURE (F)   60        41      1957


SUNRISE AND SUNSET
OCTOBER 26 2020.......SUNRISE   731 AM CDT   SUNSET   639 PM CDT
OCTOBER 27 2020.......SUNRISE   731 AM CDT   SUNSET   638 PM CDT


-  INDICATES NEGATIVE NUMBERS.
R  INDICATES RECORD WAS SET OR TIED.
MM INDICATES DATA IS MISSING.
T  INDICATES TRACE AMOUNT.




$$
