000
CDUS44 KHGX 230720
CLIHOU


CLIMATE REPORT
NATIONAL WEATHER SERVICE HOUSTON/GALVESTON TX
220 AM CDT SUN SEP 23 2018


...................................

...THE HOUSTON/HOBBY AIRPORT CLIMATE SUMMARY FOR SEPTEMBER 22 2018...

CLIMATE NORMAL PERIOD 1981 TO 2010
CLIMATE RECORD PERIOD 1930 TO 2018


WEATHER ITEM   OBSERVED TIME   RECORD YEAR NORMAL DEPARTURE LAST
                VALUE   (LST)  VALUE       VALUE  FROM      YEAR
                                                  NORMAL
..................................................................
TEMPERATURE (F)
 YESTERDAY
  MAXIMUM         87   1230 PM  99    2005  87      0       91
  MINIMUM         74    243 PM  53    1983  70      4       75
  AVERAGE         81                        79      2       83

PRECIPITATION (IN)
  YESTERDAY        1.25          3.86 1997   0.14   1.11     0.00
  MONTH TO DATE    6.78                      4.01   2.77     3.16
  SINCE SEP 1      6.78                      4.01   2.77     3.16
  SINCE JAN 1     36.11                     39.11  -3.00    70.28

DEGREE DAYS
 HEATING
  YESTERDAY        0                         0      0        0
  MONTH TO DATE    0                         0      0        0
  SINCE SEP 1      0                         0      0        0
  SINCE JUL 1      0                         0      0        0

 COOLING
  YESTERDAY       16                        14      2       18
  MONTH TO DATE  377                       353     24      369
  SINCE SEP 1    377                       353     24      369
  SINCE JAN 1   3044                      2694    350     3168
..................................................................


WIND (MPH)
  HIGHEST WIND SPEED    23   HIGHEST WIND DIRECTION     W (260)
  HIGHEST GUST SPEED    27   HIGHEST GUST DIRECTION     W (270)




RELATIVE HUMIDITY (PERCENT)
 HIGHEST    94
 LOWEST     70
 AVERAGE    82

..........................................................


THE HOUSTON/HOBBY AIRPORT CLIMATE NORMALS FOR TODAY
                         NORMAL    RECORD    YEAR
 MAXIMUM TEMPERATURE (F)   87        96      2005
 MINIMUM TEMPERATURE (F)   70        54      1994


SUNRISE AND SUNSET
SEPTEMBER 23 2018.....SUNRISE   710 AM CDT   SUNSET   716 PM CDT
SEPTEMBER 24 2018.....SUNRISE   711 AM CDT   SUNSET   715 PM CDT


-  INDICATES NEGATIVE NUMBERS.
R  INDICATES RECORD WAS SET OR TIED.
MM INDICATES DATA IS MISSING.
T  INDICATES TRACE AMOUNT.




$$
