000
CDUS44 KHGX 310723
CLIHOU


CLIMATE REPORT
NATIONAL WEATHER SERVICE HOUSTON/GALVESTON TX
223 AM CDT SAT OCT 31 2020


...................................

...THE HOUSTON/HOBBY AIRPORT CLIMATE SUMMARY FOR OCTOBER 30 2020...

CLIMATE NORMAL PERIOD 1981 TO 2010
CLIMATE RECORD PERIOD 1930 TO 2020


WEATHER ITEM   OBSERVED TIME   RECORD YEAR NORMAL DEPARTURE LAST
                VALUE   (LST)  VALUE       VALUE  FROM      YEAR
                                                  NORMAL
..................................................................
TEMPERATURE (F)
 YESTERDAY
  MAXIMUM         70    436 PM  89    1951  78     -8       72
  MINIMUM         50    551 AM  38    1993  59     -9       45
  AVERAGE         60                        68     -8       59

PRECIPITATION (IN)
  YESTERDAY        0.00          4.86 1979   0.18  -0.18     0.44
  MONTH TO DATE    1.13                      5.81  -4.68     4.21
  SINCE SEP 1     14.20                     11.02   3.18    15.69
  SINCE JAN 1     47.81                     46.12   1.69    51.81

SNOWFALL (IN)
  YESTERDAY        0.0
  MONTH TO DATE    0.0
  SINCE JUL 1      0.0

DEGREE DAYS
 HEATING
  YESTERDAY        5                         2      3        6
  MONTH TO DATE   24                        17      7       19
  SINCE SEP 1     24                        17      7       19
  SINCE JUL 1     24                        17      7       19

 COOLING
  YESTERDAY        0                         5     -5        0
  MONTH TO DATE  323                       237     86      301
  SINCE SEP 1    853                       689    164      889
  SINCE JAN 1   3759                      3030    729     3549
..................................................................


WIND (MPH)
  HIGHEST WIND SPEED    15   HIGHEST WIND DIRECTION     N (20)
  HIGHEST GUST SPEED    21   HIGHEST GUST DIRECTION     N (10)



WEATHER CONDITIONS
 THE FOLLOWING WEATHER WAS RECORDED YESTERDAY.
  NO SIGNIFICANT WEATHER WAS OBSERVED.


RELATIVE HUMIDITY (PERCENT)
 HIGHEST    77
 LOWEST     33
 AVERAGE    55

..........................................................


THE HOUSTON/HOBBY AIRPORT CLIMATE NORMALS FOR TODAY
                         NORMAL    RECORD    YEAR
 MAXIMUM TEMPERATURE (F)   77        90      1977
 MINIMUM TEMPERATURE (F)   59        33      1993


SUNRISE AND SUNSET
OCTOBER 31 2020.......SUNRISE   734 AM CDT   SUNSET   635 PM CDT
NOVEMBER  1 2020......SUNRISE   635 AM CST   SUNSET   534 PM CST


-  INDICATES NEGATIVE NUMBERS.
R  INDICATES RECORD WAS SET OR TIED.
MM INDICATES DATA IS MISSING.
T  INDICATES TRACE AMOUNT.




$$
