000
CDUS44 KHGX 220736
CLIHOU

CLIMATE REPORT
NATIONAL WEATHER SERVICE HOUSTON/GALVESTON TX
236 AM CDT TUE JUN 22 2021

...................................

...THE HOUSTON/HOBBY AIRPORT CLIMATE SUMMARY FOR JUNE 21 2021...

CLIMATE NORMAL PERIOD: 1991 TO 2020
CLIMATE RECORD PERIOD: 1930 TO 2021


WEATHER ITEM   OBSERVED TIME   RECORD YEAR NORMAL DEPARTURE LAST
                VALUE   (LST)  VALUE       VALUE  FROM      YEAR
                                                  NORMAL
...................................................................
TEMPERATURE (F)
 YESTERDAY
  MAXIMUM         92   3:10 PM  99    1998  92      0       91
  MINIMUM         82  11:59 PM  66    1933  76      6       76
                                      1976
  AVERAGE         87                        84      3       84

PRECIPITATION (IN)
  YESTERDAY        0.48          3.32 1968   0.21   0.27
  MONTH TO DATE    1.93                      4.36  -2.43
  SINCE JUN 1      1.93                      4.36  -2.43
  SINCE JAN 1     19.44                     24.08  -4.64

SNOWFALL (IN)
  YESTERDAY        0.0
  MONTH TO DATE    0.0
  SINCE JUN 1      0.0
  SINCE JUL 1      0.5

DEGREE DAYS
 HEATING
  YESTERDAY        0                         0      0        0
  MONTH TO DATE    0                         0      0        0
  SINCE JUN 1      0                         0      0        0
  SINCE JUL 1   1024                      1099    -75      850

 COOLING
  YESTERDAY       22                        18      4       19
  MONTH TO DATE  426                       368     58      397
  SINCE JUN 1    426                       368     58      397
  SINCE JAN 1   1223                      1090    133     1381
...................................................................


WIND (MPH)
  HIGHEST WIND SPEED    21   HIGHEST WIND DIRECTION     S (160)
  HIGHEST GUST SPEED    28   HIGHEST GUST DIRECTION     S (160)
  AVERAGE WIND SPEED    11.1


WEATHER CONDITIONS
THE FOLLOWING WEATHER WAS RECORDED YESTERDAY.
  THUNDERSTORM
  RAIN
  LIGHT RAIN
  FOG


RELATIVE HUMIDITY (PERCENT)
 HIGHEST    88
 LOWEST     54
 AVERAGE    71

..........................................................


THE HOUSTON/HOBBY AIRPORT CLIMATE NORMALS FOR TODAY
                         NORMAL    RECORD    YEAR
 MAXIMUM TEMPERATURE (F)   92       101      1933
 MINIMUM TEMPERATURE (F)   76        66      1982


SUNRISE AND SUNSET
JUNE 22 2021..........SUNRISE   6:22 AM CDT   SUNSET   8:25 PM CDT
JUNE 23 2021..........SUNRISE   6:22 AM CDT   SUNSET   8:25 PM CDT


-  INDICATES NEGATIVE NUMBERS.
R  INDICATES RECORD WAS SET OR TIED.
MM INDICATES DATA IS MISSING.
T  INDICATES TRACE AMOUNT.




$$
