000
CDUS44 KHGX 202119
CLIHOU

CLIMATE REPORT
NATIONAL WEATHER SERVICE HOUSTON/GALVESTON TX
416 PM CDT WED JUN 20 2018


...................................

...THE HOUSTON/HOBBY AIRPORT CLIMATE SUMMARY FOR JUNE 20 2018...
VALID TODAY AS OF 400 PM LOCAL TIME.

CLIMATE NORMAL PERIOD 1981 TO 2010
CLIMATE RECORD PERIOD 1930 TO 2018


WEATHER ITEM   OBSERVED TIME   RECORD YEAR NORMAL DEPARTURE LAST
                VALUE   (LST)  VALUE       VALUE  FROM      YEAR
                                                  NORMAL
..................................................................
TEMPERATURE (F)
 TODAY
  MAXIMUM         87    110 PM  99    1933  91     -4       95
  MINIMUM         77    617 AM  66    1933  75      2       80
  AVERAGE         82                        82      0       88

PRECIPITATION (IN)
  TODAY            0.04          1.45 1999   0.24  -0.20     0.01
  MONTH TO DATE    1.75                      4.77  -3.02     3.34
  SINCE JUN 1      1.75                      4.77  -3.02     3.34
  SINCE JAN 1     17.23                     23.05  -5.82    23.27

DEGREE DAYS
 COOLING
  TODAY           17                        18     -1       23
  MONTH TO DATE  381                       330     51      347
  SINCE JUN 1    381                       330     51      347
  SINCE JAN 1   1174                       984    190     1281
..................................................................


WIND (MPH)
  RESULTANT WIND SPEED  10   RESULTANT WIND DIRECTION  SE (130)
  HIGHEST WIND SPEED    20   HIGHEST WIND DIRECTION    SE (120)
  HIGHEST GUST SPEED    28   HIGHEST GUST DIRECTION    SE (130)
  AVERAGE WIND SPEED     9.8



WEATHER CONDITIONS
 THE FOLLOWING WEATHER WAS RECORDED TODAY.
  FOG


RELATIVE HUMIDITY (PERCENT)
 HIGHEST   100          1200 AM
 LOWEST     77          1000 AM
 AVERAGE    89

..........................................................


THE HOUSTON/HOBBY AIRPORT CLIMATE NORMALS FOR TOMORROW
                         NORMAL    RECORD    YEAR
 MAXIMUM TEMPERATURE (F)   91        99      1998
 MINIMUM TEMPERATURE (F)   75        66      1976
                                             1933


SUNRISE AND SUNSET
JUNE 20 2018..........SUNRISE   621 AM CDT   SUNSET   824 PM CDT
JUNE 21 2018..........SUNRISE   621 AM CDT   SUNSET   824 PM CDT


-  INDICATES NEGATIVE NUMBERS.
R  INDICATES RECORD WAS SET OR TIED.
MM INDICATES DATA IS MISSING.
T  INDICATES TRACE AMOUNT.

...MISCELLANEOUS CLIMATE DATA FOR TODAY...

LOCATION                        HIGH    LOW     PRECIP
PEARLAND                         87      78      0.02
SUGAR LAND                       90      78      0.51
TOMBALL                          88      77      0.08
CONROE                           90      75      0.49
HUNTSVILLE                       82      75      1.79
ANGLETON/LAKE JACKSON            88      76      0.33
PALACIOS                         84      75      0.79
LEAGUE CITY (NWS)                88      77      0.75


THIS PRODUCT...ALONG WITH OTHER WEATHER...HYDROLOGIC...AND CLIMATE
PRODUCTS...IS AVAILABLE ON THE WEB AT HTTP://WWW.WEATHER.GOV/HGX


$$
