000
CDUS44 KHGX 180822
CLIHOU


CLIMATE REPORT
NATIONAL WEATHER SERVICE HOUSTON/GALVESTON TX
219 AM CST TUE DEC 18 2018


...................................

...THE HOUSTON/HOBBY AIRPORT CLIMATE SUMMARY FOR DECEMBER 17 2018...

CLIMATE NORMAL PERIOD 1981 TO 2010
CLIMATE RECORD PERIOD 1930 TO 2018


WEATHER ITEM   OBSERVED TIME   RECORD YEAR NORMAL DEPARTURE LAST
                VALUE   (LST)  VALUE       VALUE  FROM      YEAR
                                                  NORMAL
..................................................................
TEMPERATURE (F)
 YESTERDAY
  MAXIMUM         70    428 PM  82    2016  64      6       65
  MINIMUM         49   1157 PM  22    1932  46      3       48
  AVERAGE         60                        55      5       57

PRECIPITATION (IN)
  YESTERDAY        0.00          4.18 1995   0.13  -0.13     0.00
  MONTH TO DATE    4.37                      2.29   2.08     4.15
  SINCE DEC 1      4.37                      2.29   2.08     4.15
  SINCE JAN 1     50.67                     52.91  -2.24    78.65

SNOWFALL (IN)
  YESTERDAY        0.0          MM      MM
  MONTH TO DATE    0.0
  SINCE DEC 1      0.0
  SINCE JUL 1      T

DEGREE DAYS
 HEATING
  YESTERDAY        5                        11     -6        8
  MONTH TO DATE  147                       161    -14      199
  SINCE DEC 1    147                       161    -14      199
  SINCE JUL 1    387                       317     70      280
..................................................................


WIND (MPH)
  HIGHEST WIND SPEED     9   HIGHEST WIND DIRECTION     E (90)
  HIGHEST GUST SPEED    10   HIGHEST GUST DIRECTION     E (90)




RELATIVE HUMIDITY (PERCENT)
 HIGHEST    96
 LOWEST     36
 AVERAGE    66

..........................................................


THE HOUSTON/HOBBY AIRPORT CLIMATE NORMALS FOR TODAY
                         NORMAL    RECORD    YEAR
 MAXIMUM TEMPERATURE (F)   64        81      2012
 MINIMUM TEMPERATURE (F)   46        24      1932


SUNRISE AND SUNSET
DECEMBER 18 2018......SUNRISE   710 AM CST   SUNSET   525 PM CST
DECEMBER 19 2018......SUNRISE   711 AM CST   SUNSET   526 PM CST


-  INDICATES NEGATIVE NUMBERS.
R  INDICATES RECORD WAS SET OR TIED.
MM INDICATES DATA IS MISSING.
T  INDICATES TRACE AMOUNT.




$$
