000
CDUS44 KHGX 240819
CLIHOU


CLIMATE REPORT
NATIONAL WEATHER SERVICE HOUSTON/GALVESTON TX
218 AM CST MON FEB 24 2020


...................................

...THE HOUSTON/HOBBY AIRPORT CLIMATE SUMMARY FOR FEBRUARY 23 2020...

CLIMATE NORMAL PERIOD 1981 TO 2010
CLIMATE RECORD PERIOD 1930 TO 2020


WEATHER ITEM   OBSERVED TIME   RECORD YEAR NORMAL DEPARTURE LAST
                VALUE   (LST)  VALUE       VALUE  FROM      YEAR
                                                  NORMAL
..................................................................
TEMPERATURE (F)
 YESTERDAY
  MAXIMUM         69    405 PM  86    1996  68      1       78
  MINIMUM         50   1201 AM  30    1967  50      0       57
                                      1964
  AVERAGE         60                        59      1       68

PRECIPITATION (IN)
  YESTERDAY        T             2.88 1985   0.11  -0.11     0.02
  MONTH TO DATE    0.37                      2.68  -2.31     1.25
  SINCE DEC 1      6.13                     10.58  -4.45    11.61
  SINCE JAN 1      5.29                      6.55  -1.26     5.41

SNOWFALL (IN)
  YESTERDAY        0.0
  MONTH TO DATE    0.0
  SINCE JUL 1      0.0

DEGREE DAYS
 HEATING
  YESTERDAY        5                         7     -2        0
  MONTH TO DATE  158                       205    -47      134
  SINCE DEC 1    560                       880   -320      713
  SINCE JUL 1    777                      1036   -259      953
..................................................................


WIND (MPH)
  HIGHEST WIND SPEED    20   HIGHEST WIND DIRECTION    SE (150)
  HIGHEST GUST SPEED    24   HIGHEST GUST DIRECTION     S (160)



WEATHER CONDITIONS
 THE FOLLOWING WEATHER WAS RECORDED YESTERDAY.
  FOG


RELATIVE HUMIDITY (PERCENT)
 HIGHEST    93
 LOWEST     59
 AVERAGE    76

..........................................................


THE HOUSTON/HOBBY AIRPORT CLIMATE NORMALS FOR TODAY
                         NORMAL    RECORD    YEAR
 MAXIMUM TEMPERATURE (F)   68        84      2017
 MINIMUM TEMPERATURE (F)   50        26      1965


SUNRISE AND SUNSET
FEBRUARY 24 2020......SUNRISE   652 AM CST   SUNSET   617 PM CST
FEBRUARY 25 2020......SUNRISE   651 AM CST   SUNSET   617 PM CST


-  INDICATES NEGATIVE NUMBERS.
R  INDICATES RECORD WAS SET OR TIED.
MM INDICATES DATA IS MISSING.
T  INDICATES TRACE AMOUNT.




$$
