000
CDUS44 KHGX 240727
CLIHOU


CLIMATE REPORT
NATIONAL WEATHER SERVICE HOUSTON/GALVESTON TX
226 AM CDT WED JUL 24 2019


...................................

...THE HOUSTON/HOBBY AIRPORT CLIMATE SUMMARY FOR JULY 23 2019...

CLIMATE NORMAL PERIOD 1981 TO 2010
CLIMATE RECORD PERIOD 1930 TO 2019


WEATHER ITEM   OBSERVED TIME   RECORD YEAR NORMAL DEPARTURE LAST
                VALUE   (LST)  VALUE       VALUE  FROM      YEAR
                                                  NORMAL
..................................................................
TEMPERATURE (F)
 YESTERDAY
  MAXIMUM         89    511 PM 100    2018  93     -4      100
  MINIMUM         79   1159 PM  69    1947  76      3       79
  AVERAGE         84                        84      0       90

PRECIPITATION (IN)
  YESTERDAY        0.07          2.90 1933   0.13  -0.06     0.00
  MONTH TO DATE    0.37                      3.68  -3.31     7.76
  SINCE JUN 1      7.75                     10.78  -3.03    11.93
  SINCE JAN 1     29.00                     29.06  -0.06    27.41

DEGREE DAYS
 COOLING
  YESTERDAY       19                        19      0       25
  MONTH TO DATE  495                       431     64      467
  SINCE JUN 1   1051                       941    110     1047
  SINCE JAN 1   1824                      1595    229     1840
..................................................................


WIND (MPH)
  HIGHEST WIND SPEED    17   HIGHEST WIND DIRECTION     N (10)
  HIGHEST GUST SPEED    25   HIGHEST GUST DIRECTION     N (20)




RELATIVE HUMIDITY (PERCENT)
 HIGHEST    85
 LOWEST     48
 AVERAGE    67

..........................................................


THE HOUSTON/HOBBY AIRPORT CLIMATE NORMALS FOR TODAY
                         NORMAL    RECORD    YEAR
 MAXIMUM TEMPERATURE (F)   93       101      1954
                                             1934
 MINIMUM TEMPERATURE (F)   76        69      1947
                                             1931


SUNRISE AND SUNSET
JULY 24 2019..........SUNRISE   636 AM CDT   SUNSET   819 PM CDT
JULY 25 2019..........SUNRISE   637 AM CDT   SUNSET   818 PM CDT


-  INDICATES NEGATIVE NUMBERS.
R  INDICATES RECORD WAS SET OR TIED.
MM INDICATES DATA IS MISSING.
T  INDICATES TRACE AMOUNT.




$$
