000
CDUS44 KHGX 160736
CLIHOU


CLIMATE REPORT
NATIONAL WEATHER SERVICE HOUSTON/GALVESTON TX
233 AM CDT WED OCT 16 2019


...................................

...THE HOUSTON/HOBBY AIRPORT CLIMATE SUMMARY FOR OCTOBER 15 2019...

CLIMATE NORMAL PERIOD 1981 TO 2010
CLIMATE RECORD PERIOD 1930 TO 2019


WEATHER ITEM   OBSERVED TIME   RECORD YEAR NORMAL DEPARTURE LAST
                VALUE   (LST)  VALUE       VALUE  FROM      YEAR
                                                  NORMAL
..................................................................
TEMPERATURE (F)
 YESTERDAY
  MAXIMUM         92    331 PM  93    2017  82     10       82
  MINIMUM         77R  1159 PM  45    1978  63     14       57
  AVERAGE         85                        72     13       70

PRECIPITATION (IN)
  YESTERDAY        0.00          5.06 1957   0.20  -0.20     1.60
  MONTH TO DATE    0.47                      2.71  -2.24     2.79
  SINCE SEP 1     11.95                      7.92   4.03    11.04
  SINCE JAN 1     48.07                     43.02   5.05    40.37

SNOWFALL (IN)
  YESTERDAY        0.0
  MONTH TO DATE    0.0
  SINCE JUL 1      0.0

DEGREE DAYS
 HEATING
  YESTERDAY        0                         0      0        0
  MONTH TO DATE    1                         0      1        0
  SINCE SEP 1      1                         0      1        0
  SINCE JUL 1      1                         0      1        0

 COOLING
  YESTERDAY       20                         8     12        5
  MONTH TO DATE  221                       144     77      229
  SINCE SEP 1    809                       596    213      717
  SINCE JAN 1   3469                      2937    532     3384
..................................................................


WIND (MPH)
  HIGHEST WIND SPEED    16   HIGHEST WIND DIRECTION    SW (210)
  HIGHEST GUST SPEED    19   HIGHEST GUST DIRECTION     S (190)



WEATHER CONDITIONS
 THE FOLLOWING WEATHER WAS RECORDED YESTERDAY.
  NO SIGNIFICANT WEATHER WAS OBSERVED.


RELATIVE HUMIDITY (PERCENT)
 HIGHEST    94
 LOWEST     52
 AVERAGE    73

..........................................................


THE HOUSTON/HOBBY AIRPORT CLIMATE NORMALS FOR TODAY
                         NORMAL    RECORD    YEAR
 MAXIMUM TEMPERATURE (F)   81        94      1933
 MINIMUM TEMPERATURE (F)   63        45      1961


SUNRISE AND SUNSET
OCTOBER 16 2019.......SUNRISE   723 AM CDT   SUNSET   650 PM CDT
OCTOBER 17 2019.......SUNRISE   724 AM CDT   SUNSET   649 PM CDT


-  INDICATES NEGATIVE NUMBERS.
R  INDICATES RECORD WAS SET OR TIED.
MM INDICATES DATA IS MISSING.
T  INDICATES TRACE AMOUNT.




$$
