000
CDUS44 KHGX 270723
CLIHOU

CLIMATE REPORT
NATIONAL WEATHER SERVICE HOUSTON/GALVESTON TX
223 AM CDT MON JUN 27 2022

...................................

...THE HOUSTON/HOBBY AIRPORT CLIMATE SUMMARY FOR JUNE 26 2022...

CLIMATE NORMAL PERIOD: 1991 TO 2020
CLIMATE RECORD PERIOD: 1930 TO 2022


WEATHER ITEM   OBSERVED TIME   RECORD YEAR NORMAL DEPARTURE LAST
                VALUE   (LST)  VALUE       VALUE  FROM      YEAR
                                                  NORMAL
...................................................................
TEMPERATURE (F)
 YESTERDAY
  MAXIMUM        101   2:28 PM 102    2012  92      9       94
  MINIMUM         76   5:57 AM  64    1974  76      0       80
  AVERAGE         89                        84      5       87

PRECIPITATION (IN)
  YESTERDAY        0.00          7.24 1989   0.20  -0.20
  MONTH TO DATE    0.22                      5.32  -5.10
  SINCE JUN 1      0.22                      5.32  -5.10
  SINCE JAN 1     11.48                     25.04 -13.56

SNOWFALL (IN)
  YESTERDAY        0.0
  MONTH TO DATE    0.0
  SINCE JUN 1      0.0
  SINCE JUL 1      0.0

DEGREE DAYS
 HEATING
  YESTERDAY        0                         0      0        0
  MONTH TO DATE    0                         0      0        0
  SINCE JUN 1      0                         0      0        0
  SINCE JUL 1    928                      1099   -171     1024

 COOLING
  YESTERDAY       24                        19      5       22
  MONTH TO DATE  571                       463    108      537
  SINCE JUN 1    571                       463    108      537
  SINCE JAN 1   1485                      1185    300     1334
...................................................................


WIND (MPH)
  HIGHEST WIND SPEED    20   HIGHEST WIND DIRECTION     S (190)
  HIGHEST GUST SPEED    23   HIGHEST GUST DIRECTION     S (180)
  AVERAGE WIND SPEED     6.5


WEATHER CONDITIONS
THE FOLLOWING WEATHER WAS RECORDED YESTERDAY.
  NO SIGNIFICANT WEATHER WAS OBSERVED.


RELATIVE HUMIDITY (PERCENT)
 HIGHEST    88
 LOWEST     29
 AVERAGE    59

..........................................................


THE HOUSTON/HOBBY AIRPORT CLIMATE NORMALS FOR TODAY
                         NORMAL    RECORD    YEAR
 MAXIMUM TEMPERATURE (F)   92        99      1980
                                             2009
                                             2012
 MINIMUM TEMPERATURE (F)   76        65      1974


SUNRISE AND SUNSET
JUNE 27 2022..........SUNRISE   6:23 AM CDT   SUNSET   8:25 PM CDT
JUNE 28 2022..........SUNRISE   6:23 AM CDT   SUNSET   8:25 PM CDT


-  INDICATES NEGATIVE NUMBERS.
R  INDICATES RECORD WAS SET OR TIED.
MM INDICATES DATA IS MISSING.
T  INDICATES TRACE AMOUNT.




$$
