000
CDUS46 KSEW 240832
CLIHQM


CLIMATE REPORT
NATIONAL WEATHER SERVICE SEATTLE WA
1231 AM PST FRI JAN 24 2020


...................................

...THE HOQUIAM WA AIRPORT CLIMATE SUMMARY FOR JANUARY 23 2020...

CLIMATE NORMAL PERIOD 1981 TO 2010
CLIMATE RECORD PERIOD 1953 TO 2020


WEATHER ITEM   OBSERVED TIME   RECORD YEAR NORMAL DEPARTURE LAST
                VALUE   (LST)  VALUE       VALUE  FROM      YEAR
                                                  NORMAL
..................................................................
TEMPERATURE (F)
 YESTERDAY
  MAXIMUM         52    556 PM  58    1968  48      4       54
  MINIMUM         50   1159 PM  19    1969  38     12       47
  AVERAGE         51                        43      8       51

PRECIPITATION (IN)
  YESTERDAY        1.39          3.01 1984   0.31   1.08     0.12
  MONTH TO DATE   13.64                      7.96   5.68     7.19
  SINCE OCT 1     32.31                     35.62  -3.31    34.33
  SINCE JAN 1     13.64                      7.96   5.68     7.19

DEGREE DAYS
 HEATING
  YESTERDAY       14                        22     -8       14
  MONTH TO DATE  485                       517    -32      439
  SINCE DEC 1   1140                      1244   -104     1067
  SINCE JUL 1   2439                      2720   -281     2230

 COOLING
  YESTERDAY        0                         0      0        0
  MONTH TO DATE    0                         0      0        0
  SINCE DEC 1      0                         0      0        0
  SINCE JAN 1      0                         0      0        0
..................................................................


WIND (MPH)
  RESULTANT WIND SPEED  22   RESULTANT WIND DIRECTION   S (190)
  HIGHEST WIND SPEED    32   HIGHEST WIND DIRECTION     S (180)
  HIGHEST GUST SPEED    41   HIGHEST GUST DIRECTION     S (170)
  AVERAGE WIND SPEED    20.1


SKY COVER
  AVERAGE SKY COVER 1.0


WEATHER CONDITIONS
 THE FOLLOWING WEATHER WAS RECORDED YESTERDAY.
  RAIN
  LIGHT RAIN
  FOG


RELATIVE HUMIDITY (PERCENT)
 HIGHEST   100           100 AM
 LOWEST     96           500 AM
 AVERAGE    98

..........................................................


THE HOQUIAM WA AIRPORT CLIMATE NORMALS FOR TODAY
                         NORMAL    RECORD    YEAR
 MAXIMUM TEMPERATURE (F)   48        58      2014
 MINIMUM TEMPERATURE (F)   38        22      1969


SUNRISE AND SUNSET
JANUARY 24 2020.......SUNRISE   750 AM PST   SUNSET   506 PM PST
JANUARY 25 2020.......SUNRISE   749 AM PST   SUNSET   508 PM PST


-  INDICATES NEGATIVE NUMBERS.
R  INDICATES RECORD WAS SET OR TIED.
MM INDICATES DATA IS MISSING.
T  INDICATES TRACE AMOUNT.




$$
