000
CDUS46 KSEW 280828
CLIHQM


CLIMATE REPORT
NATIONAL WEATHER SERVICE SEATTLE WA
127 AM PDT WED OCT 28 2020


...................................

...THE HOQUIAM WA AIRPORT CLIMATE SUMMARY FOR OCTOBER 27 2020...

CLIMATE NORMAL PERIOD 1981 TO 2010
CLIMATE RECORD PERIOD 1953 TO 2020


WEATHER ITEM   OBSERVED TIME   RECORD YEAR NORMAL DEPARTURE LAST
                VALUE   (LST)  VALUE       VALUE  FROM      YEAR
                                                  NORMAL
..................................................................
TEMPERATURE (F)
 YESTERDAY
  MAXIMUM         52    227 PM  70    1968  56     -4       57
  MINIMUM         43    753 AM  31    1971  44     -1       33
  AVERAGE         48                        50     -2       45

PRECIPITATION (IN)
  YESTERDAY        0.00          1.62 1981   0.28  -0.28     0.00
  MONTH TO DATE    4.58                      5.32  -0.74     5.12
  SINCE OCT 1      4.58                      5.32  -0.74     5.12
  SINCE JAN 1     49.72                     45.21   4.51    31.63

DEGREE DAYS
 HEATING
  YESTERDAY       17                        15      2       20
  MONTH TO DATE  312                       331    -19      368
  SINCE SEP 1    417                       527   -110      522
  SINCE JUL 1    680                       834   -154      645

 COOLING
  YESTERDAY        0                         0      0        0
  MONTH TO DATE    0                         0      0        0
  SINCE SEP 1     33                         7     26        2
  SINCE JAN 1     56                        23     33       42
..................................................................


WIND (MPH)
  RESULTANT WIND SPEED   2   RESULTANT WIND DIRECTION   E (90)
  HIGHEST WIND SPEED     9   HIGHEST WIND DIRECTION     E (110)
  HIGHEST GUST SPEED    11   HIGHEST GUST DIRECTION     W (290)
  AVERAGE WIND SPEED     4.3


SKY COVER
  AVERAGE SKY COVER 1.0


WEATHER CONDITIONS
 THE FOLLOWING WEATHER WAS RECORDED YESTERDAY.
  FOG


RELATIVE HUMIDITY (PERCENT)
 HIGHEST   100           800 AM
 LOWEST     83          1200 PM
 AVERAGE    92

..........................................................


THE HOQUIAM WA AIRPORT CLIMATE NORMALS FOR TODAY
                         NORMAL    RECORD    YEAR
 MAXIMUM TEMPERATURE (F)   56        69      1964
 MINIMUM TEMPERATURE (F)   44        28      1971


SUNRISE AND SUNSET
OCTOBER 28 2020.......SUNRISE   753 AM PDT   SUNSET   605 PM PDT
OCTOBER 29 2020.......SUNRISE   755 AM PDT   SUNSET   603 PM PDT


-  INDICATES NEGATIVE NUMBERS.
R  INDICATES RECORD WAS SET OR TIED.
MM INDICATES DATA IS MISSING.
T  INDICATES TRACE AMOUNT.




$$
