000
CDUS46 KSEW 210827
CLIHQM


CLIMATE REPORT
NATIONAL WEATHER SERVICE SEATTLE WA
126 AM PDT THU JUN 21 2018


...................................

...THE HOQUIAM WA AIRPORT CLIMATE SUMMARY FOR JUNE 20 2018...

CLIMATE NORMAL PERIOD 1981 TO 2010
CLIMATE RECORD PERIOD 1953 TO 2018


WEATHER ITEM   OBSERVED TIME   RECORD YEAR NORMAL DEPARTURE LAST
                VALUE   (LST)  VALUE       VALUE  FROM      YEAR
                                                  NORMAL
..................................................................
TEMPERATURE (F)
 YESTERDAY
  MAXIMUM         63    116 PM  82    1973  64     -1       64
  MINIMUM         56    443 AM  42    1960  51      5       52
  AVERAGE         60                        57      3       58

PRECIPITATION (IN)
  YESTERDAY        0.00          1.33 1984   0.07  -0.07     0.02
  MONTH TO DATE    1.70                      1.66   0.04     1.99
  SINCE OCT 1     66.44                     62.24   4.20    84.05
  SINCE JAN 1     34.85                     34.58   0.27    42.51

DEGREE DAYS
 HEATING
  YESTERDAY        5                         8     -3        7
  MONTH TO DATE  141                       175    -34      163
  SINCE JUN 1    141                       175    -34      163

 COOLING
  YESTERDAY        0                         0      0        0
  MONTH TO DATE    0                         0      0        0
  SINCE JUN 1      0                         0      0        0
  SINCE JAN 1      0                         1     -1        0
..................................................................


WIND (MPH)
  RESULTANT WIND SPEED   7   RESULTANT WIND DIRECTION  SW (230)
  HIGHEST WIND SPEED    15   HIGHEST WIND DIRECTION    SW (230)
  HIGHEST GUST SPEED    17   HIGHEST GUST DIRECTION    SW (230)
  AVERAGE WIND SPEED     7.7


SKY COVER
  AVERAGE SKY COVER 1.0


WEATHER CONDITIONS
 THE FOLLOWING WEATHER WAS RECORDED YESTERDAY.
  FOG
  FOG W/VISIBILITY <= 1/4 MILE


RELATIVE HUMIDITY (PERCENT)
 HIGHEST   100           400 AM
 LOWEST     84          1100 AM
 AVERAGE    92

..........................................................


THE HOQUIAM WA AIRPORT CLIMATE NORMALS FOR TODAY
                         NORMAL    RECORD    YEAR
 MAXIMUM TEMPERATURE (F)   64        88      1990
 MINIMUM TEMPERATURE (F)   51        36      1956


SUNRISE AND SUNSET
JUNE 21 2018..........SUNRISE   521 AM PDT   SUNSET   914 PM PDT
JUNE 22 2018..........SUNRISE   521 AM PDT   SUNSET   915 PM PDT


-  INDICATES NEGATIVE NUMBERS.
R  INDICATES RECORD WAS SET OR TIED.
MM INDICATES DATA IS MISSING.
T  INDICATES TRACE AMOUNT.




$$
