000
CDUS46 KSEW 150835
CLIHQM


CLIMATE REPORT
NATIONAL WEATHER SERVICE SEATTLE WA
1235 AM PST SAT DEC 15 2018


...................................

...THE HOQUIAM WA AIRPORT CLIMATE SUMMARY FOR DECEMBER 14 2018...

CLIMATE NORMAL PERIOD 1981 TO 2010
CLIMATE RECORD PERIOD 1953 TO 2018


WEATHER ITEM   OBSERVED TIME   RECORD YEAR NORMAL DEPARTURE LAST
                VALUE   (LST)  VALUE       VALUE  FROM      YEAR
                                                  NORMAL
..................................................................
TEMPERATURE (F)
 YESTERDAY
  MAXIMUM         57R  1201 PM  57    2006  46     11       51
                                      2002
  MINIMUM         44   1156 PM  24    1967  37      7       35
  AVERAGE         51                        41     10       43

PRECIPITATION (IN)
  YESTERDAY        0.27          3.07 1959   0.30  -0.03     0.00
  MONTH TO DATE    4.79                      4.56   0.23     1.58
  SINCE OCT 1     19.51                     22.26  -2.75    25.35
  SINCE JAN 1     57.02                     62.15  -5.13    70.85

DEGREE DAYS
 HEATING
  YESTERDAY       14                        24    -10       22
  MONTH TO DATE  287                       323    -36      322
  SINCE DEC 1    287                       323    -36      322

 COOLING
  YESTERDAY        0                         0      0        0
  MONTH TO DATE    0                         0      0        0
  SINCE DEC 1      0                         0      0        0
  SINCE JAN 1     23                        23      0       77
..................................................................


WIND (MPH)
  RESULTANT WIND SPEED   8   RESULTANT WIND DIRECTION  SE (130)
  HIGHEST WIND SPEED    41   HIGHEST WIND DIRECTION    SE (150)
  HIGHEST GUST SPEED    52   HIGHEST GUST DIRECTION    SE (150)
  AVERAGE WIND SPEED    16.0


SKY COVER
  AVERAGE SKY COVER 0.4


WEATHER CONDITIONS
 THE FOLLOWING WEATHER WAS RECORDED YESTERDAY.
  HEAVY RAIN
  RAIN
  LIGHT RAIN
  FOG
  HAZE


RELATIVE HUMIDITY (PERCENT)
 HIGHEST    92           200 AM
 LOWEST     62          1200 PM
 AVERAGE    77

..........................................................


THE HOQUIAM WA AIRPORT CLIMATE NORMALS FOR TODAY
                         NORMAL    RECORD    YEAR
 MAXIMUM TEMPERATURE (F)   46        57      1976
 MINIMUM TEMPERATURE (F)   37        25      2008
                                             1967


SUNRISE AND SUNSET
DECEMBER 15 2018......SUNRISE   755 AM PST   SUNSET   427 PM PST
DECEMBER 16 2018......SUNRISE   755 AM PST   SUNSET   427 PM PST


-  INDICATES NEGATIVE NUMBERS.
R  INDICATES RECORD WAS SET OR TIED.
MM INDICATES DATA IS MISSING.
T  INDICATES TRACE AMOUNT.




$$
