000
CDUS46 KSEW 260130
CLIHQM


CLIMATE REPORT
NATIONAL WEATHER SERVICE SEATTLE WA
629 PM PDT TUE SEP 25 2018


...................................

...THE HOQUIAM WA AIRPORT CLIMATE SUMMARY FOR SEPTEMBER 25 2018...
VALID TODAY AS OF 0500 PM LOCAL TIME.

CLIMATE NORMAL PERIOD 1981 TO 2010
CLIMATE RECORD PERIOD 1953 TO 2018


WEATHER ITEM   OBSERVED TIME   RECORD YEAR NORMAL DEPARTURE LAST
                VALUE   (LST)  VALUE       VALUE  FROM      YEAR
                                                  NORMAL
..................................................................
TEMPERATURE (F)
 TODAY
  MAXIMUM         72    110 PM  84    1991  65      7       62
  MINIMUM         48    455 AM  36    1972  49     -1       56
  AVERAGE         60                        57      3       59

PRECIPITATION (IN)
  TODAY            0.00          1.00 1959   0.09  -0.09     0.21
  MONTH TO DATE    1.89                      1.78   0.11     2.27
  SINCE OCT 1     68.84                     67.05   1.79    86.68
  SINCE JAN 1     37.25                     39.39  -2.14    45.14

DEGREE DAYS
 HEATING
  TODAY            5                         8     -3        6
  MONTH TO DATE  146                       147     -1      129
  SINCE SEP 1    146                       147     -1      129

 COOLING
  TODAY            0                         0      0        0
  MONTH TO DATE    0                         0      0       22
  SINCE SEP 1      0                         0      0       22
  SINCE JAN 1     21                        16      5       67
..................................................................


WIND (MPH)
  RESULTANT WIND SPEED   3   RESULTANT WIND DIRECTION  NE (40)
  HIGHEST WIND SPEED    13   HIGHEST WIND DIRECTION    SW (240)
  HIGHEST GUST SPEED    18   HIGHEST GUST DIRECTION    NE (50)
  AVERAGE WIND SPEED     6.4


SKY COVER
  AVERAGE SKY COVER 0.0


WEATHER CONDITIONS
 THE FOLLOWING WEATHER WAS RECORDED TODAY.
  FOG


RELATIVE HUMIDITY (PERCENT)
 HIGHEST    93           500 AM
 LOWEST     47           100 PM
 AVERAGE    70

..........................................................


THE HOQUIAM WA AIRPORT CLIMATE NORMALS FOR TOMORROW
                         NORMAL    RECORD    YEAR
 MAXIMUM TEMPERATURE (F)   65        83      1967
 MINIMUM TEMPERATURE (F)   49        36      1972


SUNRISE AND SUNSET
SEPTEMBER 25 2018.....SUNRISE   707 AM PDT   SUNSET   707 PM PDT
SEPTEMBER 26 2018.....SUNRISE   708 AM PDT   SUNSET   705 PM PDT


-  INDICATES NEGATIVE NUMBERS.
R  INDICATES RECORD WAS SET OR TIED.
MM INDICATES DATA IS MISSING.
T  INDICATES TRACE AMOUNT.




$$
