083
CDUS46 KSEW 220121
CLIHQM


CLIMATE REPORT
NATIONAL WEATHER SERVICE SEATTLE WA
620 PM PDT MON OCT 21 2019


...................................

...THE HOQUIAM WA AIRPORT CLIMATE SUMMARY FOR OCTOBER 21 2019...
VALID TODAY AS OF 0500 PM LOCAL TIME.

CLIMATE NORMAL PERIOD 1981 TO 2010
CLIMATE RECORD PERIOD 1953 TO 2019


WEATHER ITEM   OBSERVED TIME   RECORD YEAR NORMAL DEPARTURE LAST
                VALUE   (LST)  VALUE       VALUE  FROM      YEAR
                                                  NORMAL
..................................................................
TEMPERATURE (F)
 TODAY
  MAXIMUM         58    459 PM  75    1998  58      0       62
                                      1987
  MINIMUM         52    450 AM  34    1961  45      7       39
  AVERAGE         55                        51      4       51

PRECIPITATION (IN)
  TODAY            0.24          2.63 2017   0.24   0.00     0.00
  MONTH TO DATE    4.14                      3.73   0.41     1.77
  SINCE OCT 1      4.14                      3.73   0.41     1.77
  SINCE JAN 1     30.65                     43.62 -12.97    39.28

DEGREE DAYS
 HEATING
  TODAY           10                        14     -4       14
  MONTH TO DATE  285                       243     42      233
  SINCE SEP 1    439                       439      0      393

 COOLING
  TODAY            0                         0      0        0
  MONTH TO DATE    0                         0      0        0
  SINCE SEP 1      2                         7     -5        2
  SINCE JAN 1     42                        23     19       23
..................................................................


WIND (MPH)
  RESULTANT WIND SPEED   7   RESULTANT WIND DIRECTION   S (200)
  HIGHEST WIND SPEED    31   HIGHEST WIND DIRECTION    SW (220)
  HIGHEST GUST SPEED    39   HIGHEST GUST DIRECTION    SW (230)
  AVERAGE WIND SPEED     7.8


SKY COVER
  AVERAGE SKY COVER 1.0


WEATHER CONDITIONS
 THE FOLLOWING WEATHER WAS RECORDED TODAY.
  RAIN
  LIGHT RAIN
  FOG


RELATIVE HUMIDITY (PERCENT)
 HIGHEST   100           400 AM
 LOWEST     93          1200 AM
 AVERAGE    97

..........................................................


THE HOQUIAM WA AIRPORT CLIMATE NORMALS FOR TOMORROW
                         NORMAL    RECORD    YEAR
 MAXIMUM TEMPERATURE (F)   57        70      1964
 MINIMUM TEMPERATURE (F)   45        35      1953


SUNRISE AND SUNSET
OCTOBER 21 2019.......SUNRISE   742 AM PDT   SUNSET   618 PM PDT
OCTOBER 22 2019.......SUNRISE   744 AM PDT   SUNSET   616 PM PDT


-  INDICATES NEGATIVE NUMBERS.
R  INDICATES RECORD WAS SET OR TIED.
MM INDICATES DATA IS MISSING.
T  INDICATES TRACE AMOUNT.




$$
