000
CDUS46 KPDT 250028
CLIHRI

CLIMATE REPORT
NATIONAL WEATHER SERVICE PENDLETON OR
526 PM PDT SUN MAY 24 2020


...................................

...THE HERMISTON OR CLIMATE SUMMARY FOR MAY 24 2020...
VALID TODAY AS OF 0500 PM LOCAL TIME.

CLIMATE NORMAL PERIOD 1981 TO 2010
CLIMATE RECORD PERIOD 1906 TO 2020


WEATHER ITEM   OBSERVED TIME   RECORD YEAR NORMAL DEPARTURE LAST
                VALUE   (LST)  VALUE       VALUE  FROM      YEAR
                                                  NORMAL
..................................................................
TEMPERATURE (F)
 TODAY
  MAXIMUM         79    358 PM  98    2001  76      3       74
  MINIMUM         42    354 AM  34    1923  48     -6       54
  AVERAGE         61                        62     -1       64

PRECIPITATION (IN)
  TODAY            0.00          0.31 1962   0.02  -0.02      T
  MONTH TO DATE    0.87                      0.67   0.20     0.44
  SINCE OCT 1      1.47                      8.41  -6.94     7.02
  SINCE JAN 1      1.16                      5.09  -3.93     4.32

..................................................................


WIND (MPH)
  HIGHEST WIND SPEED    12   HIGHEST WIND DIRECTION     W (270)
  HIGHEST GUST SPEED    14   HIGHEST GUST DIRECTION    SW (230)
  AVERAGE WIND SPEED     4.2


SKY COVER
  POSSIBLE SUNSHINE  MM
  AVERAGE SKY COVER 0.0


WEATHER CONDITIONS
 THE FOLLOWING WEATHER WAS RECORDED TODAY.
  NO SIGNIFICANT WEATHER WAS OBSERVED.


RELATIVE HUMIDITY (PERCENT)
 HIGHEST    89           200 AM
 LOWEST     23           300 PM
 AVERAGE    56

..........................................................


THE HERMISTON OR CLIMATE NORMALS FOR TOMORROW
                         NORMAL    RECORD    YEAR
 MAXIMUM TEMPERATURE (F)   77        99      1928
 MINIMUM TEMPERATURE (F)   48        28      1918


SUNRISE AND SUNSET
MAY 24 2020...........SUNRISE   516 AM PDT   SUNSET   833 PM PDT
MAY 25 2020...........SUNRISE   515 AM PDT   SUNSET   834 PM PDT


-  INDICATES NEGATIVE NUMBERS.
R  INDICATES RECORD WAS SET OR TIED.
MM INDICATES DATA IS MISSING.
T  INDICATES TRACE AMOUNT.




$$
