000
CDUS46 KPDT 200830
CLIHRI

CLIMATE REPORT
NATIONAL WEATHER SERVICE PENDLETON OR
1227 AM PST TUE FEB 20 2018


...................................

...THE HERMISTON OR CLIMATE SUMMARY FOR FEBRUARY 19 2018...

CLIMATE NORMAL PERIOD 1981 TO 2010
CLIMATE RECORD PERIOD 1906 TO 2018


WEATHER ITEM   OBSERVED TIME   RECORD YEAR NORMAL DEPARTURE LAST
                VALUE   (LST)  VALUE       VALUE  FROM      YEAR
                                                  NORMAL
..................................................................
TEMPERATURE (F)
 YESTERDAY
  MAXIMUM         31    319 PM  66    1995  49    -18       52
  MINIMUM         15   1143 PM   6    2006  27    -12       31
  AVERAGE         23                        38    -15       42

PRECIPITATION (IN)
  YESTERDAY        0.00          0.53 1993   0.03  -0.03     0.09
  MONTH TO DATE    0.51                      0.71  -0.20     1.02
  SINCE OCT 1      4.15                      5.37  -1.22     4.39
  SINCE JAN 1      1.61                      2.05  -0.44     1.42

..................................................................


WIND (MPH)
  HIGHEST WIND SPEED    20   HIGHEST WIND DIRECTION    NE (30)
  HIGHEST GUST SPEED    26   HIGHEST GUST DIRECTION    NE (30)
  AVERAGE WIND SPEED     7.8


SKY COVER
  POSSIBLE SUNSHINE  MM
  AVERAGE SKY COVER 0.4


WEATHER CONDITIONS
 THE FOLLOWING WEATHER WAS RECORDED YESTERDAY.
  NO SIGNIFICANT WEATHER WAS OBSERVED.


RELATIVE HUMIDITY (PERCENT)
 HIGHEST    80           900 PM
 LOWEST     31          1200 PM
 AVERAGE    56

..........................................................


THE HERMISTON OR CLIMATE NORMALS FOR TODAY
                         NORMAL    RECORD    YEAR
 MAXIMUM TEMPERATURE (F)   50        67      1982
 MINIMUM TEMPERATURE (F)   27         2      2006


SUNRISE AND SUNSET
FEBRUARY 20 2018......SUNRISE   651 AM PST   SUNSET   531 PM PST
FEBRUARY 21 2018......SUNRISE   649 AM PST   SUNSET   532 PM PST


-  INDICATES NEGATIVE NUMBERS.
R  INDICATES RECORD WAS SET OR TIED.
MM INDICATES DATA IS MISSING.
T  INDICATES TRACE AMOUNT.




$$
