392
CDUS46 KPDT 230053 RRB
CLIHRI

CLIMATE REPORT
NATIONAL WEATHER SERVICE PENDLETON OR
432 PM PST FRI FEB 22 2019


...................................

...THE HERMISTON OR CLIMATE SUMMARY FOR FEBRUARY 22 2019...
VALID TODAY AS OF 0400 PM LOCAL TIME.

CLIMATE NORMAL PERIOD 1981 TO 2010
CLIMATE RECORD PERIOD 1906 TO 2019


WEATHER ITEM   OBSERVED TIME   RECORD YEAR NORMAL DEPARTURE LAST
                VALUE   (LST)  VALUE       VALUE  FROM      YEAR
                                                  NORMAL
..................................................................
TEMPERATURE (F)
 TODAY
  MAXIMUM         40    359 PM  71    1988  50    -10       35
  MINIMUM         16    208 AM  12    1918  27    -11       15
  AVERAGE         28                        39    -11       25

PRECIPITATION (IN)
  TODAY            0.00          0.45 1940   0.03  -0.03      T
  MONTH TO DATE    1.47                      0.79   0.68     0.51
  SINCE OCT 1      5.70                      5.45   0.25     4.15
  SINCE JAN 1      3.00                      2.13   0.87     1.61

..................................................................


WIND (MPH)
  HIGHEST WIND SPEED     9   HIGHEST WIND DIRECTION     S (190)
  HIGHEST GUST SPEED    11   HIGHEST GUST DIRECTION     W (280)
  AVERAGE WIND SPEED     2.8


SKY COVER
  POSSIBLE SUNSHINE  MM
  AVERAGE SKY COVER 0.2


WEATHER CONDITIONS
THE FOLLOWING WEATHER WAS RECORDED TODAY.
  FOG
  HAZE


RELATIVE HUMIDITY (PERCENT)
 HIGHEST    92           200 AM
 LOWEST     52           100 PM
 AVERAGE    72

..........................................................


THE HERMISTON OR CLIMATE NORMALS FOR TOMORROW
                         NORMAL    RECORD    YEAR
 MAXIMUM TEMPERATURE (F)   51        69      2002
 MINIMUM TEMPERATURE (F)   28        10      2018


SUNRISE AND SUNSET
FEBRUARY 22 2019......SUNRISE   648 AM PST   SUNSET   534 PM PST
FEBRUARY 23 2019......SUNRISE   646 AM PST   SUNSET   535 PM PST


-  INDICATES NEGATIVE NUMBERS.
R  INDICATES RECORD WAS SET OR TIED.
MM INDICATES DATA IS MISSING.
T  INDICATES TRACE AMOUNT.




$$
