000
CDUS46 KPDT 180830 RRC
CLIHRI

CLIMATE REPORT
NATIONAL WEATHER SERVICE PENDLETON OR
129 AM PDT SAT AUG 18 2018


...................................

...THE HERMISTON OR CLIMATE SUMMARY FOR AUGUST 17 2018...

CLIMATE NORMAL PERIOD 1981 TO 2010
CLIMATE RECORD PERIOD 1906 TO 2018


WEATHER ITEM   OBSERVED TIME   RECORD YEAR NORMAL DEPARTURE LAST
                VALUE   (LST)  VALUE       VALUE  FROM      YEAR
                                                  NORMAL
..................................................................
TEMPERATURE (F)
 YESTERDAY
  MAXIMUM         92    415 PM 106    1967  89      3       90
  MINIMUM         64    520 AM  42    1969  55      9       65
  AVERAGE         78                        72      6       78

PRECIPITATION (IN)
  YESTERDAY        0.03          0.11 1993   0.02   0.01     0.00
  MONTH TO DATE    0.03                      0.15  -0.12     0.06
  SINCE OCT 1      7.68                      9.76  -2.08     8.44
  SINCE JAN 1      5.14                      6.44  -1.30     5.47

..................................................................


WIND (MPH)
  HIGHEST WIND SPEED    23   HIGHEST WIND DIRECTION    SW (220)
  HIGHEST GUST SPEED    29   HIGHEST GUST DIRECTION    SW (230)
  AVERAGE WIND SPEED    11.3


SKY COVER
  POSSIBLE SUNSHINE  MM
  AVERAGE SKY COVER 0.0


WEATHER CONDITIONS
 THE FOLLOWING WEATHER WAS RECORDED YESTERDAY.
  THUNDERSTORM
  LIGHT RAIN


RELATIVE HUMIDITY (PERCENT)
 HIGHEST    59           400 AM
 LOWEST     10           100 PM
 AVERAGE    35

..........................................................


THE HERMISTON OR CLIMATE NORMALS FOR TODAY
                         NORMAL    RECORD    YEAR
 MAXIMUM TEMPERATURE (F)   89       105      1967
 MINIMUM TEMPERATURE (F)   55        43      1907


SUNRISE AND SUNSET
AUGUST 18 2018........SUNRISE   601 AM PDT   SUNSET   800 PM PDT
AUGUST 19 2018........SUNRISE   602 AM PDT   SUNSET   758 PM PDT


-  INDICATES NEGATIVE NUMBERS.
R  INDICATES RECORD WAS SET OR TIED.
MM INDICATES DATA IS MISSING.
T  INDICATES TRACE AMOUNT.




$$
