000
CDUS46 KPDT 150856 RRA
CLIHRI

CLIMATE REPORT
NATIONAL WEATHER SERVICE PENDLETON OR
156 AM PDT TUE OCT 15 2019


...................................

...THE HERMISTON OR CLIMATE SUMMARY FOR OCTOBER 14 2019...

CLIMATE NORMAL PERIOD 1981 TO 2010
CLIMATE RECORD PERIOD 1906 TO 2019


WEATHER ITEM   OBSERVED TIME   RECORD YEAR NORMAL DEPARTURE LAST
                VALUE   (LST)  VALUE       VALUE  FROM      YEAR
                                                  NORMAL
..................................................................
TEMPERATURE (F)
 YESTERDAY
  MAXIMUM         66    307 PM  83    1917  66      0       65
  MINIMUM         35    629 AM  20    1969  36     -1       29
  AVERAGE         51                        51      0       47

PRECIPITATION (IN)
  YESTERDAY        0.00          0.46 1962   0.03  -0.03     0.00
  MONTH TO DATE    0.04                      0.32  -0.28     1.14
  SINCE OCT 1      0.04                      0.32  -0.28     1.14
  SINCE JAN 1      4.80                      7.44  -2.64     6.30

..................................................................


WIND (MPH)
  HIGHEST WIND SPEED     9   HIGHEST WIND DIRECTION     W (250)
  HIGHEST GUST SPEED    11   HIGHEST GUST DIRECTION     W (260)
  AVERAGE WIND SPEED     3.3


SKY COVER
  POSSIBLE SUNSHINE  MM
  AVERAGE SKY COVER 0.2


WEATHER CONDITIONS
 THE FOLLOWING WEATHER WAS RECORDED YESTERDAY.
  NO SIGNIFICANT WEATHER WAS OBSERVED.


RELATIVE HUMIDITY (PERCENT)
 HIGHEST    82           600 AM
 LOWEST     31           200 PM
 AVERAGE    57

..........................................................


THE HERMISTON OR CLIMATE NORMALS FOR TODAY
                         NORMAL    RECORD    YEAR
 MAXIMUM TEMPERATURE (F)   66        84      1963
 MINIMUM TEMPERATURE (F)   36        20      1969


SUNRISE AND SUNSET
OCTOBER 15 2019.......SUNRISE   713 AM PDT   SUNSET   611 PM PDT
OCTOBER 16 2019.......SUNRISE   715 AM PDT   SUNSET   610 PM PDT


-  INDICATES NEGATIVE NUMBERS.
R  INDICATES RECORD WAS SET OR TIED.
MM INDICATES DATA IS MISSING.
T  INDICATES TRACE AMOUNT.


$$
