000
CDUS46 KPDT 240039
CLIHRI

CLIMATE REPORT
NATIONAL WEATHER SERVICE PENDLETON OR
533 PM PDT WED MAY 23 2018


...................................

...THE HERMISTON OR CLIMATE SUMMARY FOR MAY 23 2018...
VALID TODAY AS OF 0500 PM LOCAL TIME.

CLIMATE NORMAL PERIOD 1981 TO 2010
CLIMATE RECORD PERIOD 1906 TO 2018


WEATHER ITEM   OBSERVED TIME   RECORD YEAR NORMAL DEPARTURE LAST
                VALUE   (LST)  VALUE       VALUE  FROM      YEAR
                                                  NORMAL
..................................................................
TEMPERATURE (F)
 TODAY
  MAXIMUM         93    307 PM 101    1951  76     17       95
  MINIMUM         57    347 AM  30    1964  47     10       48
  AVERAGE         75                        62     13       72

PRECIPITATION (IN)
  TODAY            0.00          0.44 1984   0.03  -0.03     0.00
  MONTH TO DATE    0.91                      0.65   0.26     0.43
  SINCE OCT 1      7.51                      8.39  -0.88     8.09
  SINCE JAN 1      4.97                      5.07  -0.10     5.12

..................................................................


WIND (MPH)
  HIGHEST WIND SPEED    12   HIGHEST WIND DIRECTION     N (20)
  HIGHEST GUST SPEED    15   HIGHEST GUST DIRECTION     N (20)
  AVERAGE WIND SPEED     4.5


SKY COVER
  POSSIBLE SUNSHINE  MM
  AVERAGE SKY COVER 0.1


WEATHER CONDITIONS
 THE FOLLOWING WEATHER WAS RECORDED TODAY.
  NO SIGNIFICANT WEATHER WAS OBSERVED.


RELATIVE HUMIDITY (PERCENT)
 HIGHEST    87           300 AM
 LOWEST     23           200 PM
 AVERAGE    55

..........................................................


THE HERMISTON OR CLIMATE NORMALS FOR TOMORROW
                         NORMAL    RECORD    YEAR
 MAXIMUM TEMPERATURE (F)   76        98      2001
 MINIMUM TEMPERATURE (F)   48        34      1923


SUNRISE AND SUNSET
MAY 23 2018...........SUNRISE   517 AM PDT   SUNSET   831 PM PDT
MAY 24 2018...........SUNRISE   516 AM PDT   SUNSET   832 PM PDT


-  INDICATES NEGATIVE NUMBERS.
R  INDICATES RECORD WAS SET OR TIED.
MM INDICATES DATA IS MISSING.
T  INDICATES TRACE AMOUNT.




$$
