000
CDUS46 KPDT 300831
CLIHRI

CLIMATE REPORT
NATIONAL WEATHER SERVICE PENDLETON OR
131 AM PDT FRI OCT 30 2020

...................................

...THE HERMISTON OR CLIMATE SUMMARY FOR OCTOBER 29 2020...

CLIMATE NORMAL PERIOD 1981 TO 2010
CLIMATE RECORD PERIOD 1906 TO 2020


WEATHER ITEM   OBSERVED TIME   RECORD YEAR NORMAL DEPARTURE LAST
                VALUE   (LST)  VALUE       VALUE  FROM      YEAR
                                                  NORMAL
...................................................................
TEMPERATURE (F)
 YESTERDAY
  MAXIMUM         73    333 PM  76    2003  59     14       41
  MINIMUM         32    654 AM  11    1971  34     -2       12
  AVERAGE         53                        46      7       27

PRECIPITATION (IN)
  YESTERDAY        0.00          0.94 1982   0.03  -0.03     0.00
  MONTH TO DATE    0.56                      0.73  -0.17     0.18
  SINCE SEP 1      0.63                      1.23  -0.60     0.33
  SINCE JAN 1      2.02                      7.85  -5.83     4.94

...................................................................


WIND (MPH)
  HIGHEST WIND SPEED     8   HIGHEST WIND DIRECTION     S (200)
  HIGHEST GUST SPEED    14   HIGHEST GUST DIRECTION     E (110)
  AVERAGE WIND SPEED     2.6


SKY COVER
  POSSIBLE SUNSHINE  MM
  AVERAGE SKY COVER 0.0


WEATHER CONDITIONS
THE FOLLOWING WEATHER WAS RECORDED YESTERDAY.
  NO SIGNIFICANT WEATHER WAS OBSERVED.


RELATIVE HUMIDITY (PERCENT)
 HIGHEST    92           100 AM
 LOWEST     29           200 PM
 AVERAGE    61

..........................................................


THE HERMISTON OR CLIMATE NORMALS FOR TODAY
                         NORMAL    RECORD    YEAR
 MAXIMUM TEMPERATURE (F)   58        72      2015
 MINIMUM TEMPERATURE (F)   33         6      1935


SUNRISE AND SUNSET
OCTOBER 30 2020.......SUNRISE   735 AM PDT   SUNSET   545 PM PDT
OCTOBER 31 2020.......SUNRISE   737 AM PDT   SUNSET   544 PM PDT


-  INDICATES NEGATIVE NUMBERS.
R  INDICATES RECORD WAS SET OR TIED.
MM INDICATES DATA IS MISSING.
T  INDICATES TRACE AMOUNT.




$$
