000
CDUS46 KPDT 180028 RRC
CLIHRI

CLIMATE REPORT
NATIONAL WEATHER SERVICE PENDLETON OR
427 PM PST SAT NOV 17 2018


...................................

...THE HERMISTON OR CLIMATE SUMMARY FOR NOVEMBER 17 2018...
VALID TODAY AS OF 0400 PM LOCAL TIME.

CLIMATE NORMAL PERIOD 1981 TO 2010
CLIMATE RECORD PERIOD 1906 TO 2018


WEATHER ITEM   OBSERVED TIME   RECORD YEAR NORMAL DEPARTURE LAST
                VALUE   (LST)  VALUE       VALUE  FROM      YEAR
                                                  NORMAL
..................................................................
TEMPERATURE (F)
 TODAY
  MAXIMUM         49    214 PM  73    1932  49      0       52
  MINIMUM         24    332 AM   6    1961  31     -7       37
  AVERAGE         37                        40     -3       45

PRECIPITATION (IN)
  TODAY            0.00          0.69 1989   0.04  -0.04     0.00
  MONTH TO DATE    0.01                      0.67  -0.66     0.62
  SINCE OCT 1      1.31                      1.46  -0.15     1.41
  SINCE JAN 1      6.47                      8.58  -2.11     7.17

..................................................................


WIND (MPH)
  HIGHEST WIND SPEED     8   HIGHEST WIND DIRECTION     E (70)
  HIGHEST GUST SPEED    10   HIGHEST GUST DIRECTION     E (80)
  AVERAGE WIND SPEED     4.4


SKY COVER
  POSSIBLE SUNSHINE  MM
  AVERAGE SKY COVER 0.1


WEATHER CONDITIONS
 THE FOLLOWING WEATHER WAS RECORDED TODAY.
  FOG


RELATIVE HUMIDITY (PERCENT)
 HIGHEST    92          1200 AM
 LOWEST     46           100 PM
 AVERAGE    69

..........................................................


THE HERMISTON OR CLIMATE NORMALS FOR TOMORROW
                         NORMAL    RECORD    YEAR
 MAXIMUM TEMPERATURE (F)   49        69      1946
 MINIMUM TEMPERATURE (F)   31         9      1961


SUNRISE AND SUNSET
NOVEMBER 17 2018......SUNRISE   700 AM PST   SUNSET   424 PM PST
NOVEMBER 18 2018......SUNRISE   701 AM PST   SUNSET   423 PM PST


-  INDICATES NEGATIVE NUMBERS.
R  INDICATES RECORD WAS SET OR TIED.
MM INDICATES DATA IS MISSING.
T  INDICATES TRACE AMOUNT.




$$
