354
CDUS44 KBRO 212233
CLIHRL


CLIMATE REPORT
NATIONAL WEATHER SERVICE BROWNSVILLE TX
432 PM CST WED FEB 21 2018


...................................

...THE HARLINGEN CLIMATE SUMMARY FOR FEBRUARY 21 2018...
VALID TODAY AS OF 0400 PM LOCAL TIME.

CLIMATE NORMAL PERIOD 1981 TO 2010
CLIMATE RECORD PERIOD 1912 TO 2018


WEATHER ITEM   OBSERVED TIME   RECORD YEAR NORMAL DEPARTURE LAST
                VALUE   (LST)  VALUE       VALUE  FROM      YEAR
                                                  NORMAL
..................................................................
TEMPERATURE (F)
 TODAY
  MAXIMUM         87    202 PM  95    1996  75     12       92
  MINIMUM         71    740 AM  32    1921  54     17       53
  AVERAGE         79                        64     15       73

PRECIPITATION (IN)
  TODAY            0.01          3.38 1958   0.04  -0.03     0.00
  MONTH TO DATE    0.15                      1.16  -1.01     0.41
  SINCE DEC 1      3.60                      3.48   0.12     2.64
  SINCE JAN 1      2.59                      2.22   0.37     1.31

SNOWFALL (IN)
  TODAY            0.0
  MONTH TO DATE    0.0
  SINCE DEC 1      1.0
  SINCE JUL 1      1.0
  SNOW DEPTH       0

DEGREE DAYS
 HEATING
  TODAY            0                         4     -4        0
  MONTH TO DATE   68                        97    -29        9
  SINCE DEC 1    590                       488    102      215
  SINCE JUL 1    633                       545     88      230

 COOLING
  TODAY           14                         3     11        8
  MONTH TO DATE  121                        54     67      167
  SINCE DEC 1    229                       161     68      455
  SINCE JAN 1    144                       103     41      298
..................................................................


WIND (MPH)
  HIGHEST WIND SPEED    24   HIGHEST WIND DIRECTION     S (190)
  HIGHEST GUST SPEED    29   HIGHEST GUST DIRECTION     S (190)
  AVERAGE WIND SPEED    15.7



WEATHER CONDITIONS
 THE FOLLOWING WEATHER WAS RECORDED TODAY.
  LIGHT RAIN
  FOG


RELATIVE HUMIDITY (PERCENT)
 HIGHEST   100
 LOWEST     61
 AVERAGE    81

..........................................................


THE HARLINGEN CLIMATE NORMALS FOR TOMORROW
                         NORMAL    RECORD    YEAR
 MAXIMUM TEMPERATURE (F)   75        94      2017
 MINIMUM TEMPERATURE (F)   54        32      1978


SUNRISE AND SUNSET
FEBRUARY 21 2018......SUNRISE   701 AM CST   SUNSET   627 PM CST
FEBRUARY 22 2018......SUNRISE   700 AM CST   SUNSET   628 PM CST


-  INDICATES NEGATIVE NUMBERS.
R  INDICATES RECORD WAS SET OR TIED.
MM INDICATES DATA IS MISSING.
T  INDICATES TRACE AMOUNT.




$$
