000
CDUS44 KBRO 180726
CLIHRL


CLIMATE REPORT
NATIONAL WEATHER SERVICE BROWNSVILLE TX
126 AM CST MON FEB 18 2019


...................................

...THE HARLINGEN CLIMATE SUMMARY FOR FEBRUARY 17 2019...

CLIMATE NORMAL PERIOD 1981 TO 2010
CLIMATE RECORD PERIOD 1912 TO 2019


WEATHER ITEM   OBSERVED TIME   RECORD YEAR NORMAL DEPARTURE LAST
                VALUE   (LST)  VALUE       VALUE  FROM      YEAR
                                                  NORMAL
..................................................................
TEMPERATURE (F)
 YESTERDAY
  MAXIMUM         74   1058 AM  94    1927  74      0       85
  MINIMUM         62   1159 PM  33    1980  53      9       67
  AVERAGE         68                        64      4       76

PRECIPITATION (IN)
  YESTERDAY        T             0.75 1957   0.05  -0.05     0.00
  MONTH TO DATE    0.15                      1.00  -0.85     0.14
  SINCE DEC 1      2.29                      3.32  -1.03     3.59
  SINCE JAN 1      1.33                      2.06  -0.73     2.58

SNOWFALL (IN)
  YESTERDAY        0.0
  MONTH TO DATE    0.0
  SINCE DEC 1      0.0
  SINCE JUL 1      0.0
  SNOW DEPTH       0

DEGREE DAYS
 HEATING
  YESTERDAY        0                         4     -4        0
  MONTH TO DATE   62                        81    -19       68
  SINCE DEC 1    382                       472    -90      590
  SINCE JUL 1    554                       529     25      633

 COOLING
  YESTERDAY        3                         3      0       11
  MONTH TO DATE   81                        42     39       70
  SINCE DEC 1    170                       149     21      178
  SINCE JAN 1    121                        91     30       93
..................................................................


WIND (MPH)
  HIGHEST WIND SPEED    25   HIGHEST WIND DIRECTION     N (350)
  HIGHEST GUST SPEED    32   HIGHEST GUST DIRECTION     N (350)
  AVERAGE WIND SPEED    12.8



WEATHER CONDITIONS
 THE FOLLOWING WEATHER WAS RECORDED YESTERDAY.
  LIGHT RAIN
  FOG


RELATIVE HUMIDITY (PERCENT)
 HIGHEST   100
 LOWEST     63
 AVERAGE    82

..........................................................


THE HARLINGEN CLIMATE NORMALS FOR TODAY
                         NORMAL    RECORD    YEAR
 MAXIMUM TEMPERATURE (F)   75        90      2017
 MINIMUM TEMPERATURE (F)   53        27      1936


SUNRISE AND SUNSET
FEBRUARY 18 2019......SUNRISE   704 AM CST   SUNSET   625 PM CST
FEBRUARY 19 2019......SUNRISE   703 AM CST   SUNSET   626 PM CST


-  INDICATES NEGATIVE NUMBERS.
R  INDICATES RECORD WAS SET OR TIED.
MM INDICATES DATA IS MISSING.
T  INDICATES TRACE AMOUNT.




$$
