807
CDUS44 KBRO 190630
CLIHRL


CLIMATE REPORT
NATIONAL WEATHER SERVICE BROWNSVILLE TX
129 AM CDT SAT OCT 19 2019


...................................

...THE HARLINGEN CLIMATE SUMMARY FOR OCTOBER 18 2019...

CLIMATE NORMAL PERIOD 1981 TO 2010
CLIMATE RECORD PERIOD 1912 TO 2019


WEATHER ITEM   OBSERVED TIME   RECORD YEAR NORMAL DEPARTURE LAST
                VALUE   (LST)  VALUE       VALUE  FROM      YEAR
                                                  NORMAL
..................................................................
TEMPERATURE (F)
 YESTERDAY
  MAXIMUM         88    402 PM 101    2012  87      1       61
  MINIMUM         64    655 AM  49    1955  65     -1       58
                                      1948
  AVERAGE         76                        76      0       60

PRECIPITATION (IN)
  YESTERDAY        0.00          1.80 1930   0.10  -0.10     0.02
  MONTH TO DATE    0.32                      1.66  -1.34     4.69
  SINCE SEP 1      3.87                      6.88  -3.01    17.46
  SINCE JAN 1     19.29                     21.09  -1.80    33.14

SNOWFALL (IN)
  YESTERDAY        0.0
  MONTH TO DATE    0.0
  SINCE SEP 1      0.0
  SINCE JUL 1      0.0
  SNOW DEPTH       0

DEGREE DAYS
 HEATING
  YESTERDAY        0                         0      0        5
  MONTH TO DATE    0                         0      0       19
  SINCE SEP 1      0                         0      0       19
  SINCE JUL 1      0                         0      0       19

 COOLING
  YESTERDAY       11                        11      0        0
  MONTH TO DATE  275                       223     52      261
  SINCE SEP 1    843                       728    115      816
  SINCE JAN 1   4089                      3652    437     4100
..................................................................


WIND (MPH)
  HIGHEST WIND SPEED    16   HIGHEST WIND DIRECTION    SE (130)
  HIGHEST GUST SPEED    20   HIGHEST GUST DIRECTION     E (80)
  AVERAGE WIND SPEED     7.1



WEATHER CONDITIONS
 THE FOLLOWING WEATHER WAS RECORDED YESTERDAY.
  NO SIGNIFICANT WEATHER WAS OBSERVED.


RELATIVE HUMIDITY (PERCENT)
 HIGHEST   100
 LOWEST     55
 AVERAGE    78

..........................................................


THE HARLINGEN CLIMATE NORMALS FOR TODAY
                         NORMAL    RECORD    YEAR
 MAXIMUM TEMPERATURE (F)   87        99      2014
 MINIMUM TEMPERATURE (F)   65        46      1923


SUNRISE AND SUNSET
OCTOBER 19 2019.......SUNRISE   732 AM CDT   SUNSET   659 PM CDT
OCTOBER 20 2019.......SUNRISE   732 AM CDT   SUNSET   658 PM CDT


-  INDICATES NEGATIVE NUMBERS.
R  INDICATES RECORD WAS SET OR TIED.
MM INDICATES DATA IS MISSING.
T  INDICATES TRACE AMOUNT.




$$
