000
CDUS44 KBRO 140633
CLIHRL


CLIMATE REPORT
NATIONAL WEATHER SERVICE BROWNSVILLE TX
131 AM CDT TUE AUG 14 2018


...................................

...THE HARLINGEN CLIMATE SUMMARY FOR AUGUST 13 2018...

CLIMATE NORMAL PERIOD 1981 TO 2010
CLIMATE RECORD PERIOD 1912 TO 2018


WEATHER ITEM   OBSERVED TIME   RECORD YEAR NORMAL DEPARTURE LAST
                VALUE   (LST)  VALUE       VALUE  FROM      YEAR
                                                  NORMAL
..................................................................
TEMPERATURE (F)
 YESTERDAY
  MAXIMUM         98    231 PM 103    1915  96      2       98
                                      1954
                                      1956
  MINIMUM         77    358 AM  62    1967  75      2       78
  AVERAGE         88                        86      2       88

PRECIPITATION (IN)
  YESTERDAY        0.00          3.28 1960   0.03  -0.03     0.00
  MONTH TO DATE    0.63                      0.41   0.22     0.60
  SINCE JUN 1     11.63                      4.84   6.79     5.14
  SINCE JAN 1     15.68                     12.76   2.92    11.73

SNOWFALL (IN)
  YESTERDAY        0.0
  MONTH TO DATE    0.0
  SINCE JUN 1      0.0
  SINCE JUL 1      0.0
  SNOW DEPTH       0

DEGREE DAYS
 HEATING
  YESTERDAY        0                         0      0        0
  MONTH TO DATE    0                         0      0        0
  SINCE JUN 1      0                         0      0        0
  SINCE JUL 1      0                         0      0        0

 COOLING
  YESTERDAY       23                        21      2       23
  MONTH TO DATE  275                       273      2      296
  SINCE JUN 1   1588                      1464    124     1573
  SINCE JAN 1   2872                      2565    307     3108
..................................................................


WIND (MPH)
  HIGHEST WIND SPEED    28   HIGHEST WIND DIRECTION    SE (150)
  HIGHEST GUST SPEED    37   HIGHEST GUST DIRECTION     S (160)
  AVERAGE WIND SPEED    15.7



WEATHER CONDITIONS
 THE FOLLOWING WEATHER WAS RECORDED YESTERDAY.
  FOG


RELATIVE HUMIDITY (PERCENT)
 HIGHEST   100
 LOWEST     45
 AVERAGE    73

..........................................................


THE HARLINGEN CLIMATE NORMALS FOR TODAY
                         NORMAL    RECORD    YEAR
 MAXIMUM TEMPERATURE (F)   96       104      1938
 MINIMUM TEMPERATURE (F)   75        60      1967


SUNRISE AND SUNSET
AUGUST 14 2018........SUNRISE   703 AM CDT   SUNSET   808 PM CDT
AUGUST 15 2018........SUNRISE   703 AM CDT   SUNSET   807 PM CDT


-  INDICATES NEGATIVE NUMBERS.
R  INDICATES RECORD WAS SET OR TIED.
MM INDICATES DATA IS MISSING.
T  INDICATES TRACE AMOUNT.




$$
