000
CDUS44 KBRO 272128
CLIHRL


CLIMATE REPORT
NATIONAL WEATHER SERVICE BROWNSVILLE TX
425 PM CDT WED MAY 27 2020


...................................

...THE HARLINGEN CLIMATE SUMMARY FOR MAY 27 2020...
VALID TODAY AS OF 0400 PM LOCAL TIME.

CLIMATE NORMAL PERIOD 1981 TO 2010
CLIMATE RECORD PERIOD 1912 TO 2020


WEATHER ITEM   OBSERVED TIME   RECORD YEAR NORMAL DEPARTURE LAST
                VALUE   (LST)  VALUE       VALUE  FROM      YEAR
                                                  NORMAL
..................................................................
TEMPERATURE (F)
 TODAY
  MAXIMUM         94    255 PM 100    2018  92      2       95
                                      2017
  MINIMUM         68    603 AM  59    1913  73     -5       72
  AVERAGE         81                        82     -1       84

PRECIPITATION (IN)
  TODAY            0.00          1.11 2007   0.09  -0.09     0.00
  MONTH TO DATE    2.33                      2.14   0.19     0.38
  SINCE MAR 1      2.95                      5.10  -2.15     4.65
  SINCE JAN 1      3.37                      7.57  -4.20     6.17

SNOWFALL (IN)
  TODAY            0.0
  MONTH TO DATE    0.0
  SINCE MAR 1      0.0
  SINCE JUL 1      0.0
  SNOW DEPTH       0

DEGREE DAYS
 HEATING
  TODAY            0                         0      0        0
  MONTH TO DATE    0                         0      0        0
  SINCE MAR 1      4                        54    -50      108
  SINCE JUL 1    446                       622   -176      693

 COOLING
  TODAY           16                        17     -1       19
  MONTH TO DATE  469                       416     53      477
  SINCE MAR 1   1230                       905    325      967
  SINCE JAN 1   1437                      1030    407     1130
..................................................................


WIND (MPH)
  HIGHEST WIND SPEED    18   HIGHEST WIND DIRECTION    SE (140)
  HIGHEST GUST SPEED    24   HIGHEST GUST DIRECTION    SE (150)
  AVERAGE WIND SPEED     6.2



WEATHER CONDITIONS
 THE FOLLOWING WEATHER WAS RECORDED TODAY.
  FOG


RELATIVE HUMIDITY (PERCENT)
 HIGHEST   100
 LOWEST     46
 AVERAGE    73

..........................................................


THE HARLINGEN CLIMATE NORMALS FOR TOMORROW
                         NORMAL    RECORD    YEAR
 MAXIMUM TEMPERATURE (F)   92       104      1973
 MINIMUM TEMPERATURE (F)   73        58      1913


SUNRISE AND SUNSET
MAY 27 2020...........SUNRISE   639 AM CDT   SUNSET   817 PM CDT
MAY 28 2020...........SUNRISE   639 AM CDT   SUNSET   817 PM CDT


-  INDICATES NEGATIVE NUMBERS.
R  INDICATES RECORD WAS SET OR TIED.
MM INDICATES DATA IS MISSING.
T  INDICATES TRACE AMOUNT.




$$
