000
CDUS44 KBRO 232130
CLIHRL


CLIMATE REPORT
NATIONAL WEATHER SERVICE BROWNSVILLE TX
427 PM CDT TUE OCT 23 2018


...................................

...THE HARLINGEN CLIMATE SUMMARY FOR OCTOBER 23 2018...
VALID TODAY AS OF 0400 PM LOCAL TIME.

CLIMATE NORMAL PERIOD 1981 TO 2010
CLIMATE RECORD PERIOD 1912 TO 2018


WEATHER ITEM   OBSERVED TIME   RECORD YEAR NORMAL DEPARTURE LAST
                VALUE   (LST)  VALUE       VALUE  FROM      YEAR
                                                  NORMAL
..................................................................
TEMPERATURE (F)
 TODAY
  MAXIMUM         65   1125 AM  96    1931  86    -21       88
  MINIMUM         58    736 AM  46    2006  64     -6       61
                                      1965
  AVERAGE         62                        75    -13       75

PRECIPITATION (IN)
  TODAY            0.00          2.17 1981   0.10  -0.10     0.00
  MONTH TO DATE    4.84                      2.22   2.62     3.50
  SINCE SEP 1     17.61                      7.44  10.17     5.44
  SINCE JAN 1     33.29                     21.65  11.64    17.61

SNOWFALL (IN)
  TODAY            0.0
  MONTH TO DATE    0.0
  SINCE SEP 1      0.0
  SINCE JUL 1      0.0
  SNOW DEPTH       0

DEGREE DAYS
 HEATING
  TODAY            3                         0      3        0
  MONTH TO DATE   23                         0     23        0
  SINCE SEP 1     23                         0     23        0
  SINCE JUL 1     23                         0     23        0

 COOLING
  TODAY            0                        10    -10       10
  MONTH TO DATE  276                       275      1      313
  SINCE SEP 1    831                       780     51      885
  SINCE JAN 1   4115                      3704    411     4390
..................................................................


WIND (MPH)
  HIGHEST WIND SPEED    20   HIGHEST WIND DIRECTION     N (350)
  HIGHEST GUST SPEED    22   HIGHEST GUST DIRECTION     N (10)
  AVERAGE WIND SPEED    13.2



WEATHER CONDITIONS
 THE FOLLOWING WEATHER WAS RECORDED TODAY.
  NO SIGNIFICANT WEATHER WAS OBSERVED.


RELATIVE HUMIDITY (PERCENT)
 HIGHEST    87
 LOWEST     78
 AVERAGE    83

..........................................................


THE HARLINGEN CLIMATE NORMALS FOR TOMORROW
                         NORMAL    RECORD    YEAR
 MAXIMUM TEMPERATURE (F)   86        97      1931
 MINIMUM TEMPERATURE (F)   63        46      1965


SUNRISE AND SUNSET
OCTOBER 23 2018.......SUNRISE   734 AM CDT   SUNSET   655 PM CDT
OCTOBER 24 2018.......SUNRISE   735 AM CDT   SUNSET   655 PM CDT


-  INDICATES NEGATIVE NUMBERS.
R  INDICATES RECORD WAS SET OR TIED.
MM INDICATES DATA IS MISSING.
T  INDICATES TRACE AMOUNT.




$$
