000
CDUS44 KBRO 192145
CLIHRL


CLIMATE REPORT
NATIONAL WEATHER SERVICE BROWNSVILLE TX
445 PM CDT MON OCT 19 2020


...................................

...THE HARLINGEN CLIMATE SUMMARY FOR OCTOBER 19 2020...
VALID TODAY AS OF 0400 PM LOCAL TIME.

CLIMATE NORMAL PERIOD 1981 TO 2010
CLIMATE RECORD PERIOD 1912 TO 2020


WEATHER ITEM   OBSERVED TIME   RECORD YEAR NORMAL DEPARTURE LAST
                VALUE   (LST)  VALUE       VALUE  FROM      YEAR
                                                  NORMAL
..................................................................
TEMPERATURE (F)
 TODAY
  MAXIMUM         92    259 PM  99    2014  87      5       94
  MINIMUM         73    517 AM  46    1923  65      8       70
  AVERAGE         83                        76      7       82

PRECIPITATION (IN)
  TODAY            0.00          0.90 1960   0.12  -0.12     0.00
  MONTH TO DATE    0.02                      1.78  -1.76     0.32
  SINCE SEP 1      5.87                      7.00  -1.13     3.87
  SINCE JAN 1     26.12                     21.21   4.91    19.29

SNOWFALL (IN)
  TODAY            0.0
  MONTH TO DATE    0.0
  SINCE SEP 1      0.0
  SINCE JUL 1      0.0
  SNOW DEPTH       0

DEGREE DAYS
 HEATING
  TODAY            0                         0      0        0
  MONTH TO DATE    0                         0      0        0
  SINCE SEP 1      0                         0      0        0
  SINCE JUL 1      0                         0      0        0

 COOLING
  TODAY           18                        11      7       17
  MONTH TO DATE  259                       234     25      292
  SINCE SEP 1    746                       739      7      860
  SINCE JAN 1   4119                      3663    456     4106
..................................................................


WIND (MPH)
  HIGHEST WIND SPEED    21   HIGHEST WIND DIRECTION     S (160)
  HIGHEST GUST SPEED    27   HIGHEST GUST DIRECTION    SE (150)
  AVERAGE WIND SPEED    12.3



WEATHER CONDITIONS
 THE FOLLOWING WEATHER WAS RECORDED TODAY.
  NO SIGNIFICANT WEATHER WAS OBSERVED.


RELATIVE HUMIDITY (PERCENT)
 HIGHEST   100
 LOWEST     56
 AVERAGE    78

..........................................................


THE HARLINGEN CLIMATE NORMALS FOR TOMORROW
                         NORMAL    RECORD    YEAR
 MAXIMUM TEMPERATURE (F)   86        98      1919
 MINIMUM TEMPERATURE (F)   64        43      1923


SUNRISE AND SUNSET
OCTOBER 19 2020.......SUNRISE   732 AM CDT   SUNSET   658 PM CDT
OCTOBER 20 2020.......SUNRISE   733 AM CDT   SUNSET   658 PM CDT


-  INDICATES NEGATIVE NUMBERS.
R  INDICATES RECORD WAS SET OR TIED.
MM INDICATES DATA IS MISSING.
T  INDICATES TRACE AMOUNT.




$$
