000
CDUS44 KBRO 212128
CLIHRL


CLIMATE REPORT
NATIONAL WEATHER SERVICE BROWNSVILLE TX
427 PM CDT MON MAY 21 2018


...................................

...THE HARLINGEN CLIMATE SUMMARY FOR MAY 21 2018...
VALID TODAY AS OF 0400 PM LOCAL TIME.

CLIMATE NORMAL PERIOD 1981 TO 2010
CLIMATE RECORD PERIOD 1912 TO 2018


WEATHER ITEM   OBSERVED TIME   RECORD YEAR NORMAL DEPARTURE LAST
                VALUE   (LST)  VALUE       VALUE  FROM      YEAR
                                                  NORMAL
..................................................................
TEMPERATURE (F)
 TODAY
  MAXIMUM         93    241 PM 101    1955  91      2       93
  MINIMUM         72    517 AM  56    1925  72      0       78
  AVERAGE         83                        82      1       86

PRECIPITATION (IN)
  TODAY            0.30          1.93 1913   0.09   0.21      T
  MONTH TO DATE    0.34                      1.61  -1.27     0.12
  SINCE MAR 1      1.40                      4.57  -3.17     3.21
  SINCE JAN 1      4.05                      7.04  -2.99     4.52

SNOWFALL (IN)
  TODAY            0.0
  MONTH TO DATE    0.0
  SINCE MAR 1      0.0
  SINCE JUL 1      1.0
  SNOW DEPTH       0

DEGREE DAYS
 HEATING
  TODAY            0                         0      0        0
  MONTH TO DATE    0                         0      0        0
  SINCE MAR 1      4                        54    -50        4
  SINCE JUL 1    644                       622     22      234

 COOLING
  TODAY           18                        17      1       21
  MONTH TO DATE  354                       314     40      319
  SINCE MAR 1    881                       803     78      988
  SINCE JAN 1   1087                       928    159     1355
..................................................................


WIND (MPH)
  HIGHEST WIND SPEED    32   HIGHEST WIND DIRECTION     E (110)
  HIGHEST GUST SPEED    39   HIGHEST GUST DIRECTION     E (110)
  AVERAGE WIND SPEED     9.9



WEATHER CONDITIONS
 THE FOLLOWING WEATHER WAS RECORDED TODAY.
  THUNDERSTORM
  RAIN
  LIGHT RAIN


RELATIVE HUMIDITY (PERCENT)
 HIGHEST   100
 LOWEST     44
 AVERAGE    72

..........................................................


THE HARLINGEN CLIMATE NORMALS FOR TOMORROW
                         NORMAL    RECORD    YEAR
 MAXIMUM TEMPERATURE (F)   91       101      1955
 MINIMUM TEMPERATURE (F)   72        58      1967


SUNRISE AND SUNSET
MAY 21 2018...........SUNRISE   641 AM CDT   SUNSET   813 PM CDT
MAY 22 2018...........SUNRISE   641 AM CDT   SUNSET   814 PM CDT


-  INDICATES NEGATIVE NUMBERS.
R  INDICATES RECORD WAS SET OR TIED.
MM INDICATES DATA IS MISSING.
T  INDICATES TRACE AMOUNT.




$$
