000
CDUS44 KLZK 260635
CLIHRO


CLIMATE REPORT
NATIONAL WEATHER SERVICE LITTLE ROCK AR
135 AM CDT MON OCT 26 2020


...................................

...THE HARRISON CLIMATE SUMMARY FOR OCTOBER 25 2020...

CLIMATE NORMAL PERIOD 1981 TO 2010
CLIMATE RECORD PERIOD 1891 TO 2020


WEATHER ITEM   OBSERVED TIME   RECORD YEAR NORMAL DEPARTURE LAST
                VALUE   (LST)  VALUE       VALUE  FROM      YEAR
                                                  NORMAL
..................................................................
TEMPERATURE (F)
 YESTERDAY
  MAXIMUM         49    436 PM  90    1927  68    -19       50
  MINIMUM         43    552 AM  24    1923  45     -2       45
  AVERAGE         46                        56    -10       48

PRECIPITATION (IN)
  YESTERDAY        T             1.54 1936   0.12  -0.12     0.17
  MONTH TO DATE    0.63                      2.83  -2.20     7.60
  SINCE SEP 1      4.05                      7.03  -2.98     9.39
  SINCE JAN 1     41.78                     35.99   5.79    47.53

SNOWFALL (IN)
  YESTERDAY        0.0           T    1898   0.0    0.0      0.0
  MONTH TO DATE    0.0                       0.0    0.0      0.0
  SINCE SEP 1      0.0                       0.0    0.0      0.0
  SINCE JUL 1      0.0                       0.0    0.0      0.0
  SNOW DEPTH       0

DEGREE DAYS
 HEATING
  YESTERDAY       19                         9     10       17
  MONTH TO DATE  158                       160     -2      178
  SINCE SEP 1    181                       202    -21      178
  SINCE JUL 1    181                       203    -22      178

 COOLING
  YESTERDAY        0                         1     -1        0
  MONTH TO DATE   34                        31      3       38
  SINCE SEP 1    202                       199      3      397
  SINCE JAN 1   1404                      1410     -6     1581
..................................................................


WIND (MPH)
  HIGHEST WIND SPEED     9   HIGHEST WIND DIRECTION    NE (40)
  HIGHEST GUST SPEED    12   HIGHEST GUST DIRECTION     N (20)
  AVERAGE WIND SPEED     3.4


SKY COVER
  POSSIBLE SUNSHINE  MM
  AVERAGE SKY COVER 1.0


WEATHER CONDITIONS
 THE FOLLOWING WEATHER WAS RECORDED YESTERDAY.
  LIGHT RAIN
  FOG


RELATIVE HUMIDITY (PERCENT)
 HIGHEST    96          1200 AM
 LOWEST     71          1100 AM
 AVERAGE    84

..........................................................


THE HARRISON CLIMATE NORMALS FOR TODAY
                         NORMAL    RECORD    YEAR
 MAXIMUM TEMPERATURE (F)   67        92      1927
 MINIMUM TEMPERATURE (F)   45        22      1942


SUNRISE AND SUNSET
OCTOBER 26 2020.......SUNRISE   730 AM CDT   SUNSET   622 PM CDT
OCTOBER 27 2020.......SUNRISE   731 AM CDT   SUNSET   621 PM CDT


-  INDICATES NEGATIVE NUMBERS.
R  INDICATES RECORD WAS SET OR TIED.
MM INDICATES DATA IS MISSING.
T  INDICATES TRACE AMOUNT.




$$
