000
CDUS44 KLZK 200641
CLIHRO


CLIMATE REPORT
NATIONAL WEATHER SERVICE LITTLE ROCK AR
1241 AM CST TUE FEB 20 2018


...................................

...THE HARRISON CLIMATE SUMMARY FOR FEBRUARY 19 2018...

CLIMATE NORMAL PERIOD 1981 TO 2010
CLIMATE RECORD PERIOD 1891 TO 2018


WEATHER ITEM   OBSERVED TIME   RECORD YEAR NORMAL DEPARTURE LAST
                VALUE   (LST)  VALUE       VALUE  FROM      YEAR
                                                  NORMAL
..................................................................
TEMPERATURE (F)
 YESTERDAY
  MAXIMUM         69   1102 PM  81    1930  52     17       77
  MINIMUM         52   1217 AM   2    1903  31     21       44
  AVERAGE         61                        41     20       61

PRECIPITATION (IN)
  YESTERDAY        T             1.95 1911   0.10  -0.10     0.00
  MONTH TO DATE    0.85                      1.73  -0.88     1.01
  SINCE DEC 1      5.36                      7.49  -2.13     4.51
  SINCE JAN 1      3.48                      4.29  -0.81     3.19

SNOWFALL (IN)
  YESTERDAY        0.0           8.0  1902   0.1   -0.1      0.0
  MONTH TO DATE    0.3                       2.3   -2.0      0.0
  SINCE DEC 1      2.1                       7.8   -5.7      0.9
  SINCE JUL 1      2.1                       8.3   -6.2      0.9
  SNOW DEPTH       0

DEGREE DAYS
 HEATING
  YESTERDAY        4                        24    -20        4
  MONTH TO DATE  471                       486    -15      309
  SINCE DEC 1   2196                      2208    -12     1859
  SINCE JUL 1   2792                      2972   -180     2309

 COOLING
  YESTERDAY        0                         0      0        0
  MONTH TO DATE    5                         0      5        3
  SINCE DEC 1      5                         0      5        3
  SINCE JAN 1      5                         0      5        3
..................................................................


WIND (MPH)
  HIGHEST WIND SPEED    26   HIGHEST WIND DIRECTION     S (170)
  HIGHEST GUST SPEED    41   HIGHEST GUST DIRECTION     S (170)
  AVERAGE WIND SPEED    16.4


SKY COVER
  POSSIBLE SUNSHINE  MM
  AVERAGE SKY COVER 0.8


WEATHER CONDITIONS
 THE FOLLOWING WEATHER WAS RECORDED YESTERDAY.
  LIGHT RAIN


RELATIVE HUMIDITY (PERCENT)
 HIGHEST   100          1200 AM
 LOWEST     68          1100 PM
 AVERAGE    84

..........................................................


THE HARRISON CLIMATE NORMALS FOR TODAY
                         NORMAL    RECORD    YEAR
 MAXIMUM TEMPERATURE (F)   52        78      1996
 MINIMUM TEMPERATURE (F)   32         9      1918
                                             1908


SUNRISE AND SUNSET
FEBRUARY 20 2018......SUNRISE   654 AM CST   SUNSET   559 PM CST
FEBRUARY 21 2018......SUNRISE   653 AM CST   SUNSET   600 PM CST


-  INDICATES NEGATIVE NUMBERS.
R  INDICATES RECORD WAS SET OR TIED.
MM INDICATES DATA IS MISSING.
T  INDICATES TRACE AMOUNT.




$$
