000
CDUS44 KLZK 180639
CLIHRO


CLIMATE REPORT
NATIONAL WEATHER SERVICE LITTLE ROCK AR
1237 AM CST TUE FEB 18 2020


...................................

...THE HARRISON CLIMATE SUMMARY FOR FEBRUARY 17 2020...

CLIMATE NORMAL PERIOD 1981 TO 2010
CLIMATE RECORD PERIOD 1891 TO 2020


WEATHER ITEM   OBSERVED TIME   RECORD YEAR NORMAL DEPARTURE LAST
                VALUE   (LST)  VALUE       VALUE  FROM      YEAR
                                                  NORMAL
..................................................................
TEMPERATURE (F)
 YESTERDAY
  MAXIMUM         60    258 PM  77    1913  51      9       39
  MINIMUM         50    249 AM  -4    1900  31     19       26
  AVERAGE         55                        41     14       33

PRECIPITATION (IN)
  YESTERDAY        0.01          2.37 1938   0.10  -0.09     0.00
  MONTH TO DATE    3.33                      1.54   1.79     2.71
  SINCE DEC 1      9.11                      7.30   1.81    12.02
  SINCE JAN 1      7.73                      4.10   3.63     7.11

SNOWFALL (IN)
  YESTERDAY        0.0           7.0  1967   0.1   -0.1      0.0
  MONTH TO DATE    0.3                       2.1   -1.8       T
  SINCE DEC 1      0.3                       7.6   -7.3      3.5
  SINCE JUL 1      0.8                       8.1   -7.3      3.9
  SNOW DEPTH       0

DEGREE DAYS
 HEATING
  YESTERDAY       10                        24    -14       32
  MONTH TO DATE  393                       438    -45      370
  SINCE DEC 1   1815                      2160   -345     1947
  SINCE JUL 1   2684                      2924   -240     2864

 COOLING
  YESTERDAY        0                         0      0        0
  MONTH TO DATE    2                         0      2        0
  SINCE DEC 1      2                         0      2        0
  SINCE JAN 1      2                         0      2        0
..................................................................


WIND (MPH)
  HIGHEST WIND SPEED    16   HIGHEST WIND DIRECTION     S (170)
  HIGHEST GUST SPEED    21   HIGHEST GUST DIRECTION     S (170)
  AVERAGE WIND SPEED     7.8


SKY COVER
  POSSIBLE SUNSHINE  MM
  AVERAGE SKY COVER 1.0


WEATHER CONDITIONS
 THE FOLLOWING WEATHER WAS RECORDED YESTERDAY.
  LIGHT RAIN
  FOG


RELATIVE HUMIDITY (PERCENT)
 HIGHEST    93           900 PM
 LOWEST     72           100 PM
 AVERAGE    83

..........................................................


THE HARRISON CLIMATE NORMALS FOR TODAY
                         NORMAL    RECORD    YEAR
 MAXIMUM TEMPERATURE (F)   51        80      1930
 MINIMUM TEMPERATURE (F)   31        -7      1910


SUNRISE AND SUNSET
FEBRUARY 18 2020......SUNRISE   657 AM CST   SUNSET   556 PM CST
FEBRUARY 19 2020......SUNRISE   656 AM CST   SUNSET   557 PM CST


-  INDICATES NEGATIVE NUMBERS.
R  INDICATES RECORD WAS SET OR TIED.
MM INDICATES DATA IS MISSING.
T  INDICATES TRACE AMOUNT.




$$
