785
CDUS44 KLZK 180636
CLIHRO


CLIMATE REPORT
NATIONAL WEATHER SERVICE LITTLE ROCK AR
1233 AM CST TUE DEC 18 2018


...................................

...THE HARRISON CLIMATE SUMMARY FOR DECEMBER 17 2018...

CLIMATE NORMAL PERIOD 1981 TO 2010
CLIMATE RECORD PERIOD 1891 TO 2018


WEATHER ITEM   OBSERVED TIME   RECORD YEAR NORMAL DEPARTURE LAST
                VALUE   (LST)  VALUE       VALUE  FROM      YEAR
                                                  NORMAL
..................................................................
TEMPERATURE (F)
 YESTERDAY
  MAXIMUM         59    230 PM  73    1962  47     12       48
  MINIMUM         34    703 AM   1    1901  28      6       41
  AVERAGE         47                        37     10       45

PRECIPITATION (IN)
  YESTERDAY        0.00          1.35 1995   0.09  -0.09     0.37
  MONTH TO DATE    2.67                      1.87   0.80     0.40
  SINCE DEC 1      2.67                      1.87   0.80     0.40
  SINCE JAN 1     45.54                     42.81   2.73    39.41

SNOWFALL (IN)
  YESTERDAY        0.0           3.0  1907   0.0    0.0      0.0
  MONTH TO DATE    0.5                       0.0    0.5      0.0
  SINCE DEC 1      0.5                       0.0    0.5      0.0
  SINCE JUL 1      0.9                       0.5    0.4      0.0
  SNOW DEPTH       0

DEGREE DAYS
 HEATING
  YESTERDAY       18                        28    -10       20
  MONTH TO DATE  397                       434    -37      358
  SINCE DEC 1    397                       434    -37      358
  SINCE JUL 1   1314                      1198    116      954

 COOLING
  YESTERDAY        0                         0      0        0
  MONTH TO DATE    0                         0      0        0
  SINCE DEC 1      0                         0      0        0
  SINCE JAN 1   1859                      1416    443     1406
..................................................................


WIND (MPH)
  HIGHEST WIND SPEED     7   HIGHEST WIND DIRECTION     E (100)
  HIGHEST GUST SPEED    14   HIGHEST GUST DIRECTION     W (260)
  AVERAGE WIND SPEED     3.5


SKY COVER
  POSSIBLE SUNSHINE  MM
  AVERAGE SKY COVER 0.0


WEATHER CONDITIONS
 THE FOLLOWING WEATHER WAS RECORDED YESTERDAY.
  NO SIGNIFICANT WEATHER WAS OBSERVED.


RELATIVE HUMIDITY (PERCENT)
 HIGHEST    76          1200 AM
 LOWEST     31           200 PM
 AVERAGE    54

..........................................................


THE HARRISON CLIMATE NORMALS FOR TODAY
                         NORMAL    RECORD    YEAR
 MAXIMUM TEMPERATURE (F)   47        72      1962
 MINIMUM TEMPERATURE (F)   28         0      1901


SUNRISE AND SUNSET
DECEMBER 18 2018......SUNRISE   718 AM CST   SUNSET   500 PM CST
DECEMBER 19 2018......SUNRISE   719 AM CST   SUNSET   501 PM CST


-  INDICATES NEGATIVE NUMBERS.
R  INDICATES RECORD WAS SET OR TIED.
MM INDICATES DATA IS MISSING.
T  INDICATES TRACE AMOUNT.




$$
