000
CDUS44 KLZK 150655
CLIHRO


CLIMATE REPORT
NATIONAL WEATHER SERVICE LITTLE ROCK AR
154 AM CDT TUE OCT 15 2019


...................................

...THE HARRISON CLIMATE SUMMARY FOR OCTOBER 14 2019...

CLIMATE NORMAL PERIOD 1981 TO 2010
CLIMATE RECORD PERIOD 1891 TO 2019


WEATHER ITEM   OBSERVED TIME   RECORD YEAR NORMAL DEPARTURE LAST
                VALUE   (LST)  VALUE       VALUE  FROM      YEAR
                                                  NORMAL
..................................................................
TEMPERATURE (F)
 YESTERDAY
  MAXIMUM         74    210 PM  92    1899  71      3       60
  MINIMUM         41    640 AM  27    1907  48     -7       50
  AVERAGE         58                        59     -1       55

PRECIPITATION (IN)
  YESTERDAY        0.00          1.51 1974   0.10  -0.10     0.13
  MONTH TO DATE    5.51                      1.53   3.98     2.18
  SINCE SEP 1      7.30                      5.73   1.57     5.07
  SINCE JAN 1     45.44                     34.69  10.75    36.32

SNOWFALL (IN)
  YESTERDAY        0.0          MM      MM   0.0    0.0      0.0
  MONTH TO DATE    0.0                       0.0    0.0      0.0
  SINCE SEP 1      0.0                       0.0    0.0      0.0
  SINCE JUL 1      0.0                       0.0    0.0      0.0
  SNOW DEPTH       0

DEGREE DAYS
 HEATING
  YESTERDAY        7                         7      0       10
  MONTH TO DATE   80                        73      7       58
  SINCE SEP 1     80                       115    -35       67
  SINCE JUL 1     80                       116    -36       67

 COOLING
  YESTERDAY        0                         1     -1        0
  MONTH TO DATE   38                        20     18      101
  SINCE SEP 1    397                       188    209      346
  SINCE JAN 1   1581                      1399    182     1859
..................................................................


WIND (MPH)
  HIGHEST WIND SPEED    15   HIGHEST WIND DIRECTION     S (160)
  HIGHEST GUST SPEED    19   HIGHEST GUST DIRECTION     S (170)
  AVERAGE WIND SPEED     5.6


SKY COVER
  POSSIBLE SUNSHINE  MM
  AVERAGE SKY COVER 0.0


WEATHER CONDITIONS
 THE FOLLOWING WEATHER WAS RECORDED YESTERDAY.
  NO SIGNIFICANT WEATHER WAS OBSERVED.


RELATIVE HUMIDITY (PERCENT)
 HIGHEST    96           700 AM
 LOWEST     35           100 PM
 AVERAGE    66

..........................................................


THE HARRISON CLIMATE NORMALS FOR TODAY
                         NORMAL    RECORD    YEAR
 MAXIMUM TEMPERATURE (F)   70        91      2015
 MINIMUM TEMPERATURE (F)   48        30      1937


SUNRISE AND SUNSET
OCTOBER 15 2019.......SUNRISE   719 AM CDT   SUNSET   637 PM CDT
OCTOBER 16 2019.......SUNRISE   720 AM CDT   SUNSET   635 PM CDT


-  INDICATES NEGATIVE NUMBERS.
R  INDICATES RECORD WAS SET OR TIED.
MM INDICATES DATA IS MISSING.
T  INDICATES TRACE AMOUNT.




$$
