000
CDUS44 KLZK 202106
CLIHRO


CLIMATE REPORT
NATIONAL WEATHER SERVICE LITTLE ROCK AR
405 PM CDT WED JUN 20 2018


...................................

...THE HARRISON CLIMATE SUMMARY FOR JUNE 20 2018...
VALID TODAY AS OF 0400 PM LOCAL TIME.

CLIMATE NORMAL PERIOD 1981 TO 2010
CLIMATE RECORD PERIOD 1891 TO 2018


WEATHER ITEM   OBSERVED TIME   RECORD YEAR NORMAL DEPARTURE LAST
                VALUE   (LST)  VALUE       VALUE  FROM      YEAR
                                                  NORMAL
..................................................................
TEMPERATURE (F)
 TODAY
  MAXIMUM         82    858 AM 105    1936  86     -4       89
  MINIMUM         69   1113 AM  45    1912  64      5       58
  AVERAGE         76                        75      1       74

PRECIPITATION (IN)
  TODAY            0.12          2.91 1955   0.15  -0.03     0.00
  MONTH TO DATE    0.56                      2.90  -2.34     1.74
  SINCE JUN 1      0.56                      2.90  -2.34     1.74
  SINCE JAN 1     20.92                     20.90   0.02    27.82

SNOWFALL (IN)
  TODAY            0.0          MM      MM   0.0    0.0      0.0
  MONTH TO DATE    0.0                       0.0    0.0      0.0
  SINCE JUN 1      0.0                       0.0    0.0      0.0
  SINCE JUL 1      2.2                      11.5   -9.3      3.4
  SNOW DEPTH       0

DEGREE DAYS
 HEATING
  TODAY            0                         0      0        0
  MONTH TO DATE    0                         3     -3        0
  SINCE JUN 1      0                         3     -3        0
  SINCE JUL 1   3794                      4001   -207     2996

 COOLING
  TODAY           11                        10      1        9
  MONTH TO DATE  259                       156    103      155
  SINCE JUN 1    259                       156    103      155
  SINCE JAN 1    535                       295    240      306
..................................................................


WIND (MPH)
  HIGHEST WIND SPEED    18   HIGHEST WIND DIRECTION     S (180)
  HIGHEST GUST SPEED    26   HIGHEST GUST DIRECTION     S (180)
  AVERAGE WIND SPEED     3.5


SKY COVER
  POSSIBLE SUNSHINE  MM
  AVERAGE SKY COVER 0.6


WEATHER CONDITIONS
 THE FOLLOWING WEATHER WAS RECORDED TODAY.
  HEAVY RAIN
  RAIN
  LIGHT RAIN
  FOG


RELATIVE HUMIDITY (PERCENT)
 HIGHEST    90           400 AM
 LOWEST     63           900 AM
 AVERAGE    77

..........................................................


THE HARRISON CLIMATE NORMALS FOR TOMORROW
                         NORMAL    RECORD    YEAR
 MAXIMUM TEMPERATURE (F)   86       101      1933
 MINIMUM TEMPERATURE (F)   64        45      1906


SUNRISE AND SUNSET
JUNE 20 2018..........SUNRISE   555 AM CDT   SUNSET   833 PM CDT
JUNE 21 2018..........SUNRISE   555 AM CDT   SUNSET   833 PM CDT


-  INDICATES NEGATIVE NUMBERS.
R  INDICATES RECORD WAS SET OR TIED.
MM INDICATES DATA IS MISSING.
T  INDICATES TRACE AMOUNT.




$$
