000
CDUS44 KLZK 240640
CLIHRO


CLIMATE REPORT
NATIONAL WEATHER SERVICE LITTLE ROCK AR
140 AM CDT MON SEP 24 2018


...................................

...THE HARRISON CLIMATE SUMMARY FOR SEPTEMBER 23 2018...

CLIMATE NORMAL PERIOD 1981 TO 2010
CLIMATE RECORD PERIOD 1891 TO 2018


WEATHER ITEM   OBSERVED TIME   RECORD YEAR NORMAL DEPARTURE LAST
                VALUE   (LST)  VALUE       VALUE  FROM      YEAR
                                                  NORMAL
..................................................................
TEMPERATURE (F)
 YESTERDAY
  MAXIMUM         68    419 PM  94    1935  78    -10       92
  MINIMUM         60    730 AM  35    1953  55      5       65
  AVERAGE         64                        66     -2       79

PRECIPITATION (IN)
  YESTERDAY        0.00          3.03 1970   0.14  -0.14     0.00
  MONTH TO DATE    2.63                      3.25  -0.62     0.38
  SINCE SEP 1      2.63                      3.25  -0.62     0.38
  SINCE JAN 1     33.88                     32.21   1.67    35.56

SNOWFALL (IN)
  YESTERDAY        0.0          MM      MM   0.0    0.0      0.0
  MONTH TO DATE    0.0                       0.0    0.0      0.0
  SINCE SEP 1      0.0                       0.0    0.0      0.0
  SINCE JUL 1      0.0                       0.0    0.0      0.0
  SNOW DEPTH       0

DEGREE DAYS
 HEATING
  YESTERDAY        1                         2     -1        0
  MONTH TO DATE    6                        19    -13        4
  SINCE SEP 1      6                        19    -13        4
  SINCE JUL 1      6                        20    -14        4

 COOLING
  YESTERDAY        0                         4     -4       14
  MONTH TO DATE  221                       148     73      167
  SINCE SEP 1    221                       148     73      167
  SINCE JAN 1   1734                      1359    375     1272
..................................................................


WIND (MPH)
  HIGHEST WIND SPEED     9   HIGHEST WIND DIRECTION    SE (120)
  HIGHEST GUST SPEED    12   HIGHEST GUST DIRECTION    SE (120)
  AVERAGE WIND SPEED     5.0


SKY COVER
  POSSIBLE SUNSHINE  MM
  AVERAGE SKY COVER 1.0


WEATHER CONDITIONS
 THE FOLLOWING WEATHER WAS RECORDED YESTERDAY.
  FOG


RELATIVE HUMIDITY (PERCENT)
 HIGHEST   100          1200 AM
 LOWEST     81           400 PM
 AVERAGE    91

..........................................................


THE HARRISON CLIMATE NORMALS FOR TODAY
                         NORMAL    RECORD    YEAR
 MAXIMUM TEMPERATURE (F)   77        99      1926
 MINIMUM TEMPERATURE (F)   55        33      1989


SUNRISE AND SUNSET
SEPTEMBER 24 2018.....SUNRISE   702 AM CDT   SUNSET   706 PM CDT
SEPTEMBER 25 2018.....SUNRISE   703 AM CDT   SUNSET   705 PM CDT


-  INDICATES NEGATIVE NUMBERS.
R  INDICATES RECORD WAS SET OR TIED.
MM INDICATES DATA IS MISSING.
T  INDICATES TRACE AMOUNT.




$$
