403
CDUS42 KMHX 242135
CLIHSE

CLIMATE REPORT
NATIONAL WEATHER SERVICE NEWPORT/MOREHEAD CITY
535 PM EDT FRI MAY 24 2024

...................................

...THE CAPE HATTERAS NC CLIMATE SUMMARY FOR MAY 24 2024...
VALID TODAY AS OF 0500 PM LOCAL TIME.

CLIMATE NORMAL PERIOD 1991 TO 2020
CLIMATE RECORD PERIOD 1874 TO 2024


WEATHER ITEM   OBSERVED TIME   RECORD YEAR NORMAL DEPARTURE LAST
                VALUE   (LST)  VALUE       VALUE  FROM      YEAR
                                                  NORMAL
...................................................................
TEMPERATURE (F)
 TODAY
  MAXIMUM         79    959 AM  88    2019  79      0       63
  MINIMUM         69    534 AM  47    1990  65      4       60
                                      2002
  AVERAGE         74                        72      2       62

PRECIPITATION (IN)
  TODAY            0.04          2.25 1979   0.15  -0.11     0.18
  MONTH TO DATE    1.74                      3.35  -1.61     2.61
  SINCE MAR 1     17.37                     11.70   5.67    14.02
  SINCE JAN 1     21.08                     20.95   0.13    22.69

SNOWFALL (IN)
  TODAY           MM
  MONTH TO DATE    0.0
  SINCE MAR 1      0.0
  SINCE JUL 1      0.0
  SNOW DEPTH      MM

DEGREE DAYS
 HEATING
  TODAY            0                         0      0        3
  MONTH TO DATE   21                        25     -4       24
  SINCE MAR 1    410                       522   -112      446
  SINCE JUL 1   2031                      2166   -135     1917

 COOLING
  TODAY            9                         7      2        0
  MONTH TO DATE   99                       116    -17       60
  SINCE MAR 1    118                       168    -50      119
  SINCE JAN 1    118                       170    -52      123
...................................................................


WIND (MPH)
  HIGHEST WIND SPEED    13   HIGHEST WIND DIRECTION    SW (230)
  HIGHEST GUST SPEED    21   HIGHEST GUST DIRECTION    SW (240)
  AVERAGE WIND SPEED     5.1


SKY COVER
  POSSIBLE SUNSHINE  MM
  AVERAGE SKY COVER 0.4


WEATHER CONDITIONS
THE FOLLOWING WEATHER WAS RECORDED TODAY.
  LIGHT RAIN
  FOG


RELATIVE HUMIDITY (PERCENT)
 HIGHEST   100           300 AM
 LOWEST     79          1000 AM
 AVERAGE    90

..........................................................


THE CAPE HATTERAS NC CLIMATE NORMALS FOR TOMORROW
                         NORMAL    RECORD    YEAR
 MAXIMUM TEMPERATURE (F)   79        87      2019
 MINIMUM TEMPERATURE (F)   65        45      1967


SUNRISE AND SUNSET
MAY 24 2024...........SUNRISE   552 AM EDT   SUNSET   807 PM EDT
MAY 25 2024...........SUNRISE   552 AM EDT   SUNSET   808 PM EDT


-  INDICATES NEGATIVE NUMBERS.
R  INDICATES RECORD WAS SET OR TIED.
MM INDICATES DATA IS MISSING.
T  INDICATES TRACE AMOUNT.




$$