216
CDUS42 KMHX 202141
CLIHSE


CLIMATE REPORT
NATIONAL WEATHER SERVICE NEWPORT/MOREHEAD CITY NC
541 PM EDT FRI JUL 20 2018


...................................

...THE CAPE HATTERAS NC CLIMATE SUMMARY FOR JULY 20 2018...
VALID TODAY AS OF 0500 PM LOCAL TIME.

CLIMATE NORMAL PERIOD 1981 TO 2010
CLIMATE RECORD PERIOD 1874 TO 2018


WEATHER ITEM   OBSERVED TIME   RECORD YEAR NORMAL DEPARTURE LAST
                VALUE   (LST)  VALUE       VALUE  FROM      YEAR
                                                  NORMAL
..................................................................
TEMPERATURE (F)
 TODAY
  MAXIMUM         84    929 AM  95    1942  85     -1       88
  MINIMUM         71    357 PM  62    1957  74     -3       74
  AVERAGE         78                        79     -1       81

PRECIPITATION (IN)
  TODAY            0.13          6.37 1953   0.18  -0.05     0.00
  MONTH TO DATE    1.85                      3.02  -1.17     3.34
  SINCE JUN 1      6.00                      7.05  -1.05     6.11
  SINCE JAN 1     37.07                     28.29   8.78    32.84

SNOWFALL (IN)
  TODAY            0.0
  MONTH TO DATE    0.0
  SINCE NOV 1      3.5
  SINCE JUL 1      0.0
  SNOW DEPTH       0

DEGREE DAYS
 HEATING
  TODAY            0                         0      0        0
  MONTH TO DATE    0                         0      0        0
  SINCE JUN 1      0                         3     -3        0
  SINCE JUL 1      0                         0      0        0

 COOLING
  TODAY           13                        14     -1       16
  MONTH TO DATE  310                       277     33      322
  SINCE JUN 1    748                       585    163      717
  SINCE JAN 1   1042                       728    314     1144
..................................................................


WIND (MPH)
  HIGHEST WIND SPEED    23   HIGHEST WIND DIRECTION    SE (120)
  HIGHEST GUST SPEED    29   HIGHEST GUST DIRECTION    SE (130)
  AVERAGE WIND SPEED    10.1


SKY COVER
  POSSIBLE SUNSHINE  MM
  AVERAGE SKY COVER 0.7


WEATHER CONDITIONS
 THE FOLLOWING WEATHER WAS RECORDED TODAY.
  HEAVY RAIN
  RAIN
  LIGHT RAIN
  FOG


RELATIVE HUMIDITY (PERCENT)
 HIGHEST    93           400 PM
 LOWEST     63           900 AM
 AVERAGE    78

..........................................................


THE CAPE HATTERAS NC CLIMATE NORMALS FOR TOMORROW
                         NORMAL    RECORD    YEAR
 MAXIMUM TEMPERATURE (F)   85        94      1977
 MINIMUM TEMPERATURE (F)   74        64      1976
                                             1909


SUNRISE AND SUNSET
JULY 20 2018..........SUNRISE   603 AM EDT   SUNSET   815 PM EDT
JULY 21 2018..........SUNRISE   603 AM EDT   SUNSET   814 PM EDT


-  INDICATES NEGATIVE NUMBERS.
R  INDICATES RECORD WAS SET OR TIED.
MM INDICATES DATA IS MISSING.
T  INDICATES TRACE AMOUNT.




$$
