000
CDUS42 KMHX 180627
CLIHSE


CLIMATE REPORT
NATIONAL WEATHER SERVICE NEWPORT/MOREHEAD CITY NC
126 AM EST MON FEB 18 2019


...................................

...THE CAPE HATTERAS NC CLIMATE SUMMARY FOR FEBRUARY 17 2019...

CLIMATE NORMAL PERIOD 1981 TO 2010
CLIMATE RECORD PERIOD 1874 TO 2019


WEATHER ITEM   OBSERVED TIME   RECORD YEAR NORMAL DEPARTURE LAST
                VALUE   (LST)  VALUE       VALUE  FROM      YEAR
                                                  NORMAL
..................................................................
TEMPERATURE (F)
 YESTERDAY
  MAXIMUM         66   1152 PM  72    1986  54     12       63
  MINIMUM         48    653 AM  16    1958  40      8       50
  AVERAGE         57                        47     10       57

PRECIPITATION (IN)
  YESTERDAY        0.01          1.85 1998   0.14  -0.13      T
  MONTH TO DATE    6.04                      2.45   3.59     1.59
  SINCE DEC 1     20.30                     11.96   8.34    15.09
  SINCE JAN 1      9.38                      7.69   1.69    10.19

SNOWFALL (IN)
  YESTERDAY       MM
  MONTH TO DATE    0.0
  SINCE NOV 1      0.0
  SINCE JUL 1      0.0
  SNOW DEPTH       0

DEGREE DAYS
 HEATING
  YESTERDAY        8                        18    -10        8
  MONTH TO DATE  137                       319   -182      213
  SINCE DEC 1   1016                      1414   -398     1314
  SINCE JUL 1   1287                      1732   -445     1560

 COOLING
  YESTERDAY        0                         0      0        0
  MONTH TO DATE    2                         0      2        0
  SINCE DEC 1      7                         3      4        2
  SINCE JAN 1      2                         0      2        0
..................................................................


WIND (MPH)
  HIGHEST WIND SPEED    15   HIGHEST WIND DIRECTION     S (180)
  HIGHEST GUST SPEED    25   HIGHEST GUST DIRECTION    NE (30)
  AVERAGE WIND SPEED     8.9


SKY COVER
  POSSIBLE SUNSHINE  MM
  AVERAGE SKY COVER 0.7


WEATHER CONDITIONS
 THE FOLLOWING WEATHER WAS RECORDED YESTERDAY.
  LIGHT RAIN
  FOG
  HAZE


RELATIVE HUMIDITY (PERCENT)
 HIGHEST    84           900 PM
 LOWEST     57          1100 AM
 AVERAGE    71

..........................................................


THE CAPE HATTERAS NC CLIMATE NORMALS FOR TODAY
                         NORMAL    RECORD    YEAR
 MAXIMUM TEMPERATURE (F)   54        71      1961
 MINIMUM TEMPERATURE (F)   40        14      1958


SUNRISE AND SUNSET
FEBRUARY 18 2019......SUNRISE   646 AM EST   SUNSET   548 PM EST
FEBRUARY 19 2019......SUNRISE   644 AM EST   SUNSET   549 PM EST


-  INDICATES NEGATIVE NUMBERS.
R  INDICATES RECORD WAS SET OR TIED.
MM INDICATES DATA IS MISSING.
T  INDICATES TRACE AMOUNT.




$$
