000
CDUS42 KMHX 260530
CLIHSE


CLIMATE REPORT
NATIONAL WEATHER SERVICE NEWPORT/MOREHEAD CITY NC
130 AM EDT MON OCT 26 2020


...................................

...THE CAPE HATTERAS NC CLIMATE SUMMARY FOR OCTOBER 25 2020...

CLIMATE NORMAL PERIOD 1981 TO 2010
CLIMATE RECORD PERIOD 1874 TO 2020


WEATHER ITEM   OBSERVED TIME   RECORD YEAR NORMAL DEPARTURE LAST
                VALUE   (LST)  VALUE       VALUE  FROM      YEAR
                                                  NORMAL
..................................................................
TEMPERATURE (F)
 YESTERDAY
  MAXIMUM         71   1159 PM  80    2007  70      1       78
  MINIMUM         65    355 AM  33    1964  57      8       65
  AVERAGE         68                        63      5       72

PRECIPITATION (IN)
  YESTERDAY       MM             3.49 1913   0.18  MM        0.00
  MONTH TO DATE    2.70                      4.39  -1.69     5.56
  SINCE SEP 1     12.03                     10.64   1.39     8.67
  SINCE JAN 1     59.72                     47.83  11.89    47.42

SNOWFALL (IN)
  YESTERDAY        0.0
  MONTH TO DATE    0.0
  SINCE NOV 1      T
  SINCE JUL 1      0.0
  SNOW DEPTH       0

DEGREE DAYS
 HEATING
  YESTERDAY        0                         4     -4        0
  MONTH TO DATE    3                        47    -44       19
  SINCE SEP 1      5                        50    -45       19
  SINCE JUL 1      5                        50    -45       19

 COOLING
  YESTERDAY        3                         2      1        7
  MONTH TO DATE  136                        89     47      148
  SINCE SEP 1    484                       375    109      413
  SINCE JAN 1   2282                      1681    601     2226
..................................................................


WIND (MPH)
  HIGHEST WIND SPEED    16   HIGHEST WIND DIRECTION     E (110)
  HIGHEST GUST SPEED    21   HIGHEST GUST DIRECTION     E (110)
  AVERAGE WIND SPEED     6.0


SKY COVER
  POSSIBLE SUNSHINE  MM
  AVERAGE SKY COVER 0.6


WEATHER CONDITIONS
 THE FOLLOWING WEATHER WAS RECORDED YESTERDAY.
  HEAVY RAIN
  RAIN
  LIGHT RAIN
  FOG


RELATIVE HUMIDITY (PERCENT)
 HIGHEST   100           200 AM
 LOWEST     90          1200 AM
 AVERAGE    95

..........................................................


THE CAPE HATTERAS NC CLIMATE NORMALS FOR TODAY
                         NORMAL    RECORD    YEAR
 MAXIMUM TEMPERATURE (F)   69        82      2007
 MINIMUM TEMPERATURE (F)   57        36      1965
                                             1960


SUNRISE AND SUNSET
OCTOBER 26 2020.......SUNRISE   719 AM EDT   SUNSET   614 PM EDT
OCTOBER 27 2020.......SUNRISE   720 AM EDT   SUNSET   612 PM EDT


-  INDICATES NEGATIVE NUMBERS.
R  INDICATES RECORD WAS SET OR TIED.
MM INDICATES DATA IS MISSING.
T  INDICATES TRACE AMOUNT.




$$
