000
CDUS42 KMHX 212239
CLIHSE


CLIMATE REPORT
NATIONAL WEATHER SERVICE NEWPORT/MOREHEAD CITY NC
538 PM EST FRI FEB 21 2020


...................................

...THE CAPE HATTERAS NC CLIMATE SUMMARY FOR FEBRUARY 21 2020...
VALID TODAY AS OF 0500 PM LOCAL TIME.

CLIMATE NORMAL PERIOD 1981 TO 2010
CLIMATE RECORD PERIOD 1874 TO 2020


WEATHER ITEM   OBSERVED TIME   RECORD YEAR NORMAL DEPARTURE LAST
                VALUE   (LST)  VALUE       VALUE  FROM      YEAR
                                                  NORMAL
..................................................................
TEMPERATURE (F)
 TODAY
  MAXIMUM         41    122 AM  75    1989  54    -13       71
  MINIMUM         37    750 AM  12    2015  41     -4       57
  AVERAGE         39                        47     -8       64

PRECIPITATION (IN)
  TODAY            0.27          2.21 1912   0.14   0.13     0.00
  MONTH TO DATE    6.56                      3.02   3.54     6.33
  SINCE DEC 1     14.44                     12.53   1.91    20.59
  SINCE JAN 1      8.01                      8.26  -0.25     9.67

SNOWFALL (IN)
  TODAY            T
  MONTH TO DATE    T
  SINCE NOV 1      T
  SINCE JUL 1      T
  SNOW DEPTH       0

DEGREE DAYS
 HEATING
  TODAY           26                        18      8        1
  MONTH TO DATE  219                       391   -172      168
  SINCE DEC 1    885                      1486   -601     1047
  SINCE JUL 1   1146                      1804   -658     1318

 COOLING
  TODAY            0                         0      0        0
  MONTH TO DATE    7                         0      7        2
  SINCE DEC 1     26                         3     23        7
  SINCE JAN 1     19                         0     19        2
..................................................................


WIND (MPH)
  HIGHEST WIND SPEED    23   HIGHEST WIND DIRECTION     N (20)
  HIGHEST GUST SPEED    46   HIGHEST GUST DIRECTION     N (20)
  AVERAGE WIND SPEED    16.1


SKY COVER
  POSSIBLE SUNSHINE  MM
  AVERAGE SKY COVER 1.0


WEATHER CONDITIONS
 THE FOLLOWING WEATHER WAS RECORDED TODAY.
  LIGHT RAIN
  LIGHT SNOW
  FOG


RELATIVE HUMIDITY (PERCENT)
 HIGHEST    92           100 AM
 LOWEST     59          1200 PM
 AVERAGE    76

..........................................................


THE CAPE HATTERAS NC CLIMATE NORMALS FOR TOMORROW
                         NORMAL    RECORD    YEAR
 MAXIMUM TEMPERATURE (F)   54        76      1971
 MINIMUM TEMPERATURE (F)   41        16      1963


SUNRISE AND SUNSET
FEBRUARY 21 2020......SUNRISE   642 AM EST   SUNSET   550 PM EST
FEBRUARY 22 2020......SUNRISE   641 AM EST   SUNSET   551 PM EST


-  INDICATES NEGATIVE NUMBERS.
R  INDICATES RECORD WAS SET OR TIED.
MM INDICATES DATA IS MISSING.
T  INDICATES TRACE AMOUNT.




$$
