000
CDUS42 KMHX 230526
CLIHSE


CLIMATE REPORT
NATIONAL WEATHER SERVICE NEWPORT/MOREHEAD CITY NC
125 AM EDT TUE OCT 23 2018


...................................

...THE CAPE HATTERAS NC CLIMATE SUMMARY FOR OCTOBER 22 2018...

CLIMATE NORMAL PERIOD 1981 TO 2010
CLIMATE RECORD PERIOD 1874 TO 2018


WEATHER ITEM   OBSERVED TIME   RECORD YEAR NORMAL DEPARTURE LAST
                VALUE   (LST)  VALUE       VALUE  FROM      YEAR
                                                  NORMAL
..................................................................
TEMPERATURE (F)
 YESTERDAY
  MAXIMUM         64    329 PM  82    2017  70     -6       82
                                      1990
  MINIMUM         51    737 PM  38    1974  58     -7       63
  AVERAGE         58                        64     -6       73

PRECIPITATION (IN)
  YESTERDAY        0.00          2.44 1893   0.19  -0.19     0.00
  MONTH TO DATE    2.47                      3.85  -1.38     0.68
  SINCE SEP 1      8.49                     10.10  -1.61     7.78
  SINCE JAN 1     66.86                     47.29  19.57    50.14

SNOWFALL (IN)
  YESTERDAY        0.0
  MONTH TO DATE    0.0
  SINCE NOV 1      3.5
  SINCE JUL 1      0.0
  SNOW DEPTH       0

DEGREE DAYS
 HEATING
  YESTERDAY        7                         3      4        0
  MONTH TO DATE   19                        37    -18        1
  SINCE SEP 1     19                        40    -21        1
  SINCE JUL 1     19                        40    -21        1

 COOLING
  YESTERDAY        0                         2     -2        8
  MONTH TO DATE  230                        83    147      188
  SINCE SEP 1    731                       369    362      535
  SINCE JAN 1   2479                      1675    804     2296
..................................................................


WIND (MPH)
  HIGHEST WIND SPEED     9   HIGHEST WIND DIRECTION    NW (330)
  HIGHEST GUST SPEED    14   HIGHEST GUST DIRECTION     N (20)
  AVERAGE WIND SPEED     4.5


SKY COVER
  POSSIBLE SUNSHINE  MM
  AVERAGE SKY COVER 0.0


WEATHER CONDITIONS
 THE FOLLOWING WEATHER WAS RECORDED YESTERDAY.
  NO SIGNIFICANT WEATHER WAS OBSERVED.


RELATIVE HUMIDITY (PERCENT)
 HIGHEST    83           600 PM
 LOWEST     51           100 AM
 AVERAGE    67

..........................................................


THE CAPE HATTERAS NC CLIMATE NORMALS FOR TODAY
                         NORMAL    RECORD    YEAR
 MAXIMUM TEMPERATURE (F)   70        83      2007
 MINIMUM TEMPERATURE (F)   57        38      1976
                                             1974


SUNRISE AND SUNSET
OCTOBER 23 2018.......SUNRISE   716 AM EDT   SUNSET   618 PM EDT
OCTOBER 24 2018.......SUNRISE   716 AM EDT   SUNSET   616 PM EDT


-  INDICATES NEGATIVE NUMBERS.
R  INDICATES RECORD WAS SET OR TIED.
MM INDICATES DATA IS MISSING.
T  INDICATES TRACE AMOUNT.




$$
