000
CDUS42 KMHX 150539
CLIHSE


CLIMATE REPORT
NATIONAL WEATHER SERVICE NEWPORT/MOREHEAD CITY NC
138 AM EDT TUE OCT 15 2019


...................................

...THE CAPE HATTERAS NC CLIMATE SUMMARY FOR OCTOBER 14 2019...

CLIMATE NORMAL PERIOD 1981 TO 2010
CLIMATE RECORD PERIOD 1874 TO 2019


WEATHER ITEM   OBSERVED TIME   RECORD YEAR NORMAL DEPARTURE LAST
                VALUE   (LST)  VALUE       VALUE  FROM      YEAR
                                                  NORMAL
..................................................................
TEMPERATURE (F)
 YESTERDAY
  MAXIMUM         77    326 PM  84    1986  73      4       74
  MINIMUM         68    720 AM  39    1988  60      8       59
  AVERAGE         73                        66      7       67

PRECIPITATION (IN)
  YESTERDAY        0.87          9.16 1942   0.16   0.71     0.00
  MONTH TO DATE    3.44                      2.47   0.97     0.90
  SINCE SEP 1      6.55                      8.72  -2.17     6.92
  SINCE JAN 1     45.30                     45.91  -0.61    65.29

SNOWFALL (IN)
  YESTERDAY        0.0
  MONTH TO DATE    0.0
  SINCE NOV 1      0.0
  SINCE JUL 1      0.0
  SNOW DEPTH       0

DEGREE DAYS
 HEATING
  YESTERDAY        0                         2     -2        0
  MONTH TO DATE    0                        17    -17        0
  SINCE SEP 1      0                        20    -20        0
  SINCE JUL 1      0                        20    -20        0

 COOLING
  YESTERDAY        8                         3      5        2
  MONTH TO DATE   41                        63    -22      193
  SINCE SEP 1    306                       349    -43      694
  SINCE JAN 1   2119                      1655    464     2442
..................................................................


WIND (MPH)
  HIGHEST WIND SPEED    18   HIGHEST WIND DIRECTION     S (170)
  HIGHEST GUST SPEED    27   HIGHEST GUST DIRECTION     S (190)
  AVERAGE WIND SPEED     9.1


SKY COVER
  POSSIBLE SUNSHINE  MM
  AVERAGE SKY COVER 0.4


WEATHER CONDITIONS
 THE FOLLOWING WEATHER WAS RECORDED YESTERDAY.
  HEAVY RAIN
  RAIN
  LIGHT RAIN
  FOG


RELATIVE HUMIDITY (PERCENT)
 HIGHEST   100          1200 AM
 LOWEST     76           200 PM
 AVERAGE    88

..........................................................


THE CAPE HATTERAS NC CLIMATE NORMALS FOR TODAY
                         NORMAL    RECORD    YEAR
 MAXIMUM TEMPERATURE (F)   72        84      2018
                                             1919
 MINIMUM TEMPERATURE (F)   60        38      1988


SUNRISE AND SUNSET
OCTOBER 15 2019.......SUNRISE   708 AM EDT   SUNSET   628 PM EDT
OCTOBER 16 2019.......SUNRISE   709 AM EDT   SUNSET   626 PM EDT


-  INDICATES NEGATIVE NUMBERS.
R  INDICATES RECORD WAS SET OR TIED.
MM INDICATES DATA IS MISSING.
T  INDICATES TRACE AMOUNT.




$$
