000
CDUS43 KGID 202223
CLIHSI


CLIMATE REPORT
NATIONAL WEATHER SERVICE HASTINGS NE
523 PM CDT SAT OCT 20 2018


...................................

...THE HASTINGS NE CLIMATE SUMMARY FOR OCTOBER 20 2018...
VALID TODAY AS OF 0500 PM LOCAL TIME.

CLIMATE NORMAL PERIOD 1981 TO 2010
CLIMATE RECORD PERIOD 1894 TO 2018


WEATHER ITEM   OBSERVED TIME   RECORD YEAR NORMAL DEPARTURE LAST
                VALUE   (LST)  VALUE       VALUE  FROM      YEAR
                                                  NORMAL
..................................................................
TEMPERATURE (F)
 TODAY
  MAXIMUM         63    232 PM  92    1947  63      0       76
  MINIMUM         37    657 AM  18    1916  39     -2       56
  AVERAGE         50                        51     -1       66

PRECIPITATION (IN)
  TODAY            0.00          1.31 1962   0.07  -0.07     0.00
  MONTH TO DATE    2.54                      1.42   1.12     4.68
  SINCE SEP 1      6.23                      3.98   2.25     6.86
  SINCE JAN 1     25.91                     24.64   1.27    30.30

SNOWFALL (IN)
  TODAY            0.0          MM      MM   0.1   -0.1      0.0
  MONTH TO DATE    1.1                       0.5    0.6       T
  SINCE SEP 1      1.1                       0.7    0.4       T
  SINCE JUL 1      1.1                       0.7    0.4       T
  SNOW DEPTH       0

DEGREE DAYS
 HEATING
  TODAY           15                        14      1        0
  MONTH TO DATE  330                       211    119      148
  SINCE SEP 1    412                       301    111      200
  SINCE JUL 1    416                       307    109      204

 COOLING
  TODAY            0                         0      0        1
  MONTH TO DATE    6                        11     -5        6
  SINCE SEP 1    165                       121     44      172
  SINCE JAN 1   1249                      1074    175     1129
..................................................................


WIND (MPH)
  HIGHEST WIND SPEED    21   HIGHEST WIND DIRECTION     N (350)
  HIGHEST GUST SPEED    28   HIGHEST GUST DIRECTION     N (340)
  AVERAGE WIND SPEED    10.8


SKY COVER
  AVERAGE SKY COVER 0.0


WEATHER CONDITIONS
 THE FOLLOWING WEATHER WAS RECORDED TODAY.
  NO SIGNIFICANT WEATHER WAS OBSERVED.


RELATIVE HUMIDITY (PERCENT)
 HIGHEST    79           100 AM
 LOWEST     27           300 PM
 AVERAGE    53

..........................................................


THE HASTINGS NE CLIMATE NORMALS FOR TOMORROW
                         NORMAL    RECORD    YEAR
 MAXIMUM TEMPERATURE (F)   62        90      1947
 MINIMUM TEMPERATURE (F)   39        20      1916


SUNRISE AND SUNSET
OCTOBER 20 2018.......SUNRISE   750 AM CDT   SUNSET   646 PM CDT
OCTOBER 21 2018.......SUNRISE   751 AM CDT   SUNSET   645 PM CDT


-  INDICATES NEGATIVE NUMBERS.
R  INDICATES RECORD WAS SET OR TIED.
MM INDICATES DATA IS MISSING.
T  INDICATES TRACE AMOUNT.




$$
