000
CDUS43 KGID 280623
CLIHSI

CLIMATE REPORT
NATIONAL WEATHER SERVICE HASTINGS NE
123 AM CDT WED OCT 28 2020

...................................

...THE HASTINGS NE CLIMATE SUMMARY FOR OCTOBER 27 2020...

CLIMATE NORMAL PERIOD 1981 TO 2010
CLIMATE RECORD PERIOD 1894 TO 2020


WEATHER ITEM   OBSERVED TIME   RECORD YEAR NORMAL DEPARTURE LAST
                VALUE   (LST)  VALUE       VALUE  FROM      YEAR
                                                  NORMAL
...................................................................
TEMPERATURE (F)
 YESTERDAY
  MAXIMUM         36    437 PM  88    1922  60    -24       42
                                      1927
  MINIMUM         14    753 AM   4    1997  36    -22       31
  AVERAGE         25                        48    -23       37

PRECIPITATION (IN)
  YESTERDAY        0.00          1.92 1897   0.05  -0.05     0.00
  MONTH TO DATE    0.21                      1.81  -1.60     1.17
  SINCE SEP 1      1.37                      4.37  -3.00     2.83
  SINCE JAN 1     14.55                     25.03 -10.48    31.92

SNOWFALL (IN)
  YESTERDAY        0.0           3.0  1980   0.1   -0.1      0.0
  MONTH TO DATE    2.8                       0.8    2.0       T
  SINCE SEP 1      2.8                       1.0    1.8       T
  SINCE JUL 1      2.8                       1.0    1.8       T
  7 AM SNOW DEPTH  2

DEGREE DAYS
 HEATING
  YESTERDAY       40                        17     23       28
  MONTH TO DATE  411                       323     88      398
  SINCE SEP 1    511                       413     98      410
  SINCE JUL 1    511                       419     92      412

 COOLING
  YESTERDAY        0                         0      0        0
  MONTH TO DATE   24                        11     13        1
  SINCE SEP 1    134                       121     13      245
  SINCE JAN 1   1271                      1074    197     1181
...................................................................


WIND (MPH)
  HIGHEST WIND SPEED    17   HIGHEST WIND DIRECTION     W (250)
  HIGHEST GUST SPEED    23   HIGHEST GUST DIRECTION    SW (210)
  AVERAGE WIND SPEED     6.7


SKY COVER
  AVERAGE SKY COVER 0.0


WEATHER CONDITIONS
THE FOLLOWING WEATHER WAS RECORDED YESTERDAY.
  NO SIGNIFICANT WEATHER WAS OBSERVED.


RELATIVE HUMIDITY (PERCENT)
 HIGHEST    84           200 AM
 LOWEST     46           400 PM
 AVERAGE    65

..........................................................


THE HASTINGS NE CLIMATE NORMALS FOR TODAY
                         NORMAL    RECORD    YEAR
 MAXIMUM TEMPERATURE (F)   59        87      1937
 MINIMUM TEMPERATURE (F)   36        12      1925


SUNRISE AND SUNSET
OCTOBER 28 2020.......SUNRISE   800 AM CDT   SUNSET   634 PM CDT
OCTOBER 29 2020.......SUNRISE   801 AM CDT   SUNSET   633 PM CDT


-  INDICATES NEGATIVE NUMBERS.
R  INDICATES RECORD WAS SET OR TIED.
MM INDICATES DATA IS MISSING.
T  INDICATES TRACE AMOUNT.




$$
