885
CDUS43 KGID 212246
CLIHSI


CLIMATE REPORT
NATIONAL WEATHER SERVICE HASTINGS NE
545 PM CDT MON OCT 21 2019


...................................

...THE HASTINGS NE CLIMATE SUMMARY FOR OCTOBER 21 2019...
VALID TODAY AS OF 0500 PM LOCAL TIME.

CLIMATE NORMAL PERIOD 1981 TO 2010
CLIMATE RECORD PERIOD 1894 TO 2019


WEATHER ITEM   OBSERVED TIME   RECORD YEAR NORMAL DEPARTURE LAST
                VALUE   (LST)  VALUE       VALUE  FROM      YEAR
                                                  NORMAL
..................................................................
TEMPERATURE (F)
 TODAY
  MAXIMUM         49    317 PM  90    1947  62    -13       75
  MINIMUM         41    326 AM  20    1916  39      2       37
  AVERAGE         45                        50     -5       56

PRECIPITATION (IN)
  TODAY            T             1.10 1941   0.05  -0.05     0.00
  MONTH TO DATE    1.17                      1.47  -0.30     2.54
  SINCE SEP 1      2.83                      4.03  -1.20     6.23
  SINCE JAN 1     31.92                     24.69   7.23    25.91

SNOWFALL (IN)
  TODAY            0.0           T    2006   0.0    0.0      0.0
                                      1997
  MONTH TO DATE    T                         0.5   -0.5      1.1
  SINCE SEP 1      T                         0.7   -0.7      1.1
  SINCE JUL 1      T                         0.7   -0.7      1.1
  SNOW DEPTH       0

DEGREE DAYS
 HEATING
  TODAY           20                        15      5        9
  MONTH TO DATE  277                       226     51      339
  SINCE SEP 1    289                       316    -27      421
  SINCE JUL 1    291                       322    -31      425

 COOLING
  TODAY            0                         0      0        0
  MONTH TO DATE    1                        11    -10        6
  SINCE SEP 1    245                       121    124      165
  SINCE JAN 1   1181                      1074    107     1249
..................................................................


WIND (MPH)
  HIGHEST WIND SPEED    37   HIGHEST WIND DIRECTION    NW (310)
  HIGHEST GUST SPEED    53   HIGHEST GUST DIRECTION    NW (310)
  AVERAGE WIND SPEED    24.7


SKY COVER
  AVERAGE SKY COVER 0.8


WEATHER CONDITIONS
 THE FOLLOWING WEATHER WAS RECORDED TODAY.
  LIGHT RAIN


RELATIVE HUMIDITY (PERCENT)
 HIGHEST    76           100 AM
 LOWEST     56           400 PM
 AVERAGE    66

..........................................................


THE HASTINGS NE CLIMATE NORMALS FOR TOMORROW
                         NORMAL    RECORD    YEAR
 MAXIMUM TEMPERATURE (F)   62        90      1927
 MINIMUM TEMPERATURE (F)   38        18      1936


SUNRISE AND SUNSET
OCTOBER 21 2019.......SUNRISE   751 AM CDT   SUNSET   645 PM CDT
OCTOBER 22 2019.......SUNRISE   752 AM CDT   SUNSET   644 PM CDT


-  INDICATES NEGATIVE NUMBERS.
R  INDICATES RECORD WAS SET OR TIED.
MM INDICATES DATA IS MISSING.
T  INDICATES TRACE AMOUNT.




$$

Thies
