000
CDUS43 KGID 230646
CLIHSI


CLIMATE REPORT
NATIONAL WEATHER SERVICE HASTINGS NE
1243 AM CST WED JAN 23 2019


...................................

...THE HASTINGS NE CLIMATE SUMMARY FOR JANUARY 22 2019...

CLIMATE NORMAL PERIOD 1981 TO 2010
CLIMATE RECORD PERIOD 1894 TO 2019


WEATHER ITEM   OBSERVED TIME   RECORD YEAR NORMAL DEPARTURE LAST
                VALUE   (LST)  VALUE       VALUE  FROM      YEAR
                                                  NORMAL
..................................................................
TEMPERATURE (F)
 YESTERDAY
  MAXIMUM         25    131 AM  64    1950  36    -11       33
                                      1931
  MINIMUM         19   1129 PM -13    1930  16      3       23
  AVERAGE         22                        26     -4       28

PRECIPITATION (IN)
  YESTERDAY        0.04          0.41 1941   0.02   0.02     0.39
  MONTH TO DATE    0.07                      0.24  -0.17     0.49
  SINCE DEC 1      3.20                      0.85   2.35     0.77
  SINCE JAN 1      0.07                      0.24  -0.17     0.49

SNOWFALL (IN)
  YESTERDAY        0.8           4.0  1941   0.2    0.6      3.6
  MONTH TO DATE    0.9                       4.0   -3.1      5.9
  SINCE DEC 1      5.2                      10.1   -4.9     11.7
  SINCE JUL 1     11.8                      13.9   -2.1     11.9
  SNOW DEPTH 6AM   T

DEGREE DAYS
 HEATING
  YESTERDAY       43                        39      4       37
  MONTH TO DATE  765                       862    -97      942
  SINCE DEC 1   1813                      2021   -208     2117
  SINCE JUL 1   3242                      3302    -60     3260

 COOLING
  YESTERDAY        0                         0      0        0
  MONTH TO DATE    0                         0      0        0
  SINCE DEC 1      0                         0      0        0
  SINCE JAN 1      0                         0      0        0
..................................................................


WIND (MPH)
  HIGHEST WIND SPEED    32   HIGHEST WIND DIRECTION     N (360)
  HIGHEST GUST SPEED    40   HIGHEST GUST DIRECTION     N (350)
  AVERAGE WIND SPEED    20.5


SKY COVER
  AVERAGE SKY COVER 1.0


WEATHER CONDITIONS
 THE FOLLOWING WEATHER WAS RECORDED YESTERDAY.
  LT FREEZING RAIN
  LIGHT SNOW
  FOG
  HAZE


RELATIVE HUMIDITY (PERCENT)
 HIGHEST    88           400 AM
 LOWEST     73           400 PM
 AVERAGE    81

..........................................................


THE HASTINGS NE CLIMATE NORMALS FOR TODAY
                         NORMAL    RECORD    YEAR
 MAXIMUM TEMPERATURE (F)   37        70      1981
                                             1950
 MINIMUM TEMPERATURE (F)   16       -23      1915


SUNRISE AND SUNSET
JANUARY 23 2019.......SUNRISE   751 AM CST   SUNSET   540 PM CST
JANUARY 24 2019.......SUNRISE   750 AM CST   SUNSET   542 PM CST


-  INDICATES NEGATIVE NUMBERS.
R  INDICATES RECORD WAS SET OR TIED.
MM INDICATES DATA IS MISSING.
T  INDICATES TRACE AMOUNT.




$$
