356
CDUS43 KGID 160634
CLIHSI


CLIMATE REPORT
NATIONAL WEATHER SERVICE HASTINGS NE
133 AM CDT THU AUG 16 2018


...................................

...THE HASTINGS NE CLIMATE SUMMARY FOR AUGUST 15 2018...

CLIMATE NORMAL PERIOD 1981 TO 2010
CLIMATE RECORD PERIOD 1894 TO 2018


WEATHER ITEM   OBSERVED TIME   RECORD YEAR NORMAL DEPARTURE LAST
                VALUE   (LST)  VALUE       VALUE  FROM      YEAR
                                                  NORMAL
..................................................................
TEMPERATURE (F)
 YESTERDAY
  MAXIMUM         83    350 PM 110    1936  86     -3       93
  MINIMUM         61    502 AM  50    1985  64     -3       64
                                      1929
  AVERAGE         72                        75     -3       79

PRECIPITATION (IN)
  YESTERDAY        0.00          1.44 2017   0.12  -0.12     1.44
  MONTH TO DATE    2.76                      1.35   1.41     2.81
  SINCE JUN 1     10.86                      8.89   1.97     9.31
  SINCE JAN 1     18.04                     18.71  -0.67    21.15

SNOWFALL (IN)
  YESTERDAY        0.0                       0.0    0.0      0.0
  MONTH TO DATE    0.0                       0.0    0.0      0.0
  SINCE JUN 1      0.0                       0.0    0.0      0.0
  SINCE JUL 1      0.0                       0.0    0.0      0.0
  SNOW DEPTH       0

DEGREE DAYS
 HEATING
  YESTERDAY        0                         0      0        0
  MONTH TO DATE    0                         0      0        4
  SINCE JUN 1      0                        22    -22        7
  SINCE JUL 1      0                         1     -1        4

 COOLING
  YESTERDAY        7                        10     -3       14
  MONTH TO DATE  161                       163     -2       77
  SINCE JUN 1    826                       764     62      783
  SINCE JAN 1    979                       823    156      844
..................................................................


WIND (MPH)
  HIGHEST WIND SPEED    10   HIGHEST WIND DIRECTION    NE (60)
  HIGHEST GUST SPEED    16   HIGHEST GUST DIRECTION    SE (140)
  AVERAGE WIND SPEED     4.9


SKY COVER
  AVERAGE SKY COVER 0.1


WEATHER CONDITIONS
 THE FOLLOWING WEATHER WAS RECORDED YESTERDAY.
  FOG


RELATIVE HUMIDITY (PERCENT)
 HIGHEST   100          1200 AM
 LOWEST     58           300 PM
 AVERAGE    79

..........................................................


THE HASTINGS NE CLIMATE NORMALS FOR TODAY
                         NORMAL    RECORD    YEAR
 MAXIMUM TEMPERATURE (F)   85       109      1983
 MINIMUM TEMPERATURE (F)   64        51      1992


SUNRISE AND SUNSET
AUGUST 16 2018........SUNRISE   645 AM CDT   SUNSET   830 PM CDT
AUGUST 17 2018........SUNRISE   646 AM CDT   SUNSET   829 PM CDT


-  INDICATES NEGATIVE NUMBERS.
R  INDICATES RECORD WAS SET OR TIED.
MM INDICATES DATA IS MISSING.
T  INDICATES TRACE AMOUNT.




$$
