000
CDUS43 KGID 240747
CLIHSI


CLIMATE REPORT
NATIONAL WEATHER SERVICE HASTINGS NE
146 AM CST FRI JAN 24 2020


...................................

...THE HASTINGS NE CLIMATE SUMMARY FOR JANUARY 23 2020...

CLIMATE NORMAL PERIOD 1981 TO 2010
CLIMATE RECORD PERIOD 1894 TO 2020


WEATHER ITEM   OBSERVED TIME   RECORD YEAR NORMAL DEPARTURE LAST
                VALUE   (LST)  VALUE       VALUE  FROM      YEAR
                                                  NORMAL
..................................................................
TEMPERATURE (F)
 YESTERDAY
  MAXIMUM         36    209 AM  70    1981  37     -1       39
                                      1950
  MINIMUM         28   1159 PM -23    1915  16     12        8
  AVERAGE         32                        26      6       24

PRECIPITATION (IN)
  YESTERDAY        0.20          1.70 1965   0.01   0.19     0.00
  MONTH TO DATE    0.91                      0.25   0.66     0.07
  SINCE DEC 1      2.73                      0.86   1.87     3.20
  SINCE JAN 1      0.91                      0.25   0.66     0.07

SNOWFALL (IN)
  YESTERDAY        1.0           7.0  1965   0.2    0.8      0.0
  MONTH TO DATE    3.4                       4.2   -0.8      0.9
  SINCE DEC 1      9.3                      10.3   -1.0      5.2
  SINCE JUL 1     18.6                      14.1    4.5     11.8
  SNOW DEPTH 6 AM  1

DEGREE DAYS
 HEATING
  YESTERDAY       33                        39     -6       41
  MONTH TO DATE  894                       901     -7      806
  SINCE DEC 1   1894                      2060   -166     1854
  SINCE JUL 1   3278                      3341    -63     3283

 COOLING
  YESTERDAY        0                         0      0        0
  MONTH TO DATE    0                         0      0        0
  SINCE DEC 1      0                         0      0        0
  SINCE JAN 1      0                         0      0        0
..................................................................


WIND (MPH)
  HIGHEST WIND SPEED    28   HIGHEST WIND DIRECTION     N (350)
  HIGHEST GUST SPEED    35   HIGHEST GUST DIRECTION     N (350)
  AVERAGE WIND SPEED    16.0


SKY COVER
  AVERAGE SKY COVER 1.0


WEATHER CONDITIONS
 THE FOLLOWING WEATHER WAS RECORDED YESTERDAY.
  LIGHT SNOW
  FOG
  HAZE


RELATIVE HUMIDITY (PERCENT)
 HIGHEST   100          1200 AM
 LOWEST     85           300 PM
 AVERAGE    93

..........................................................


THE HASTINGS NE CLIMATE NORMALS FOR TODAY
                         NORMAL    RECORD    YEAR
 MAXIMUM TEMPERATURE (F)   37        73      1981
 MINIMUM TEMPERATURE (F)   16       -23      1915


SUNRISE AND SUNSET
JANUARY 24 2020.......SUNRISE   750 AM CST   SUNSET   541 PM CST
JANUARY 25 2020.......SUNRISE   750 AM CST   SUNSET   543 PM CST


-  INDICATES NEGATIVE NUMBERS.
R  INDICATES RECORD WAS SET OR TIED.
MM INDICATES DATA IS MISSING.
T  INDICATES TRACE AMOUNT.




$$
