000
CDUS44 KHUN 250707
CLIHSV


CLIMATE REPORT
NATIONAL WEATHER SERVICE HUNTSVILLE AL
207 AM CDT TUE SEP 25 2018

...................................

...THE HUNTSVILLE CLIMATE SUMMARY FOR SEPTEMBER 24 2018...

CLIMATE NORMAL PERIOD 1981 TO 2010
CLIMATE RECORD PERIOD 1894 TO 2018


WEATHER ITEM   OBSERVED TIME   RECORD YEAR NORMAL DEPARTURE LAST
                VALUE   (LST)  VALUE       VALUE  FROM      YEAR
                                                  NORMAL
...................................................................
TEMPERATURE (F)
 YESTERDAY
  MAXIMUM         87    316 PM  97    2016  82      5       88
  MINIMUM         72   1004 PM  41    1983  59     13       68
  AVERAGE         80                        71      9       78

PRECIPITATION (IN)
  YESTERDAY        0.06          3.42 1997   0.13  -0.07     0.00
  MONTH TO DATE    3.32                      2.95   0.37     2.71
  SINCE SEP 1      3.32                      2.95   0.37     2.71
  SINCE JAN 1     39.43                     39.27   0.16    42.92

SNOWFALL (IN)
  YESTERDAY        0.0
  MONTH TO DATE    0.0
  SINCE SEP 1      0.0
  SINCE JUL 1      0.0
  SNOW DEPTH       0

DEGREE DAYS
 HEATING
  YESTERDAY        0                         1     -1        0
  MONTH TO DATE    0                         5     -5       11
  SINCE SEP 1      0                         5     -5       11
  SINCE JUL 1      0                         5     -5       11

 COOLING
  YESTERDAY       15                         6      9       13
  MONTH TO DATE  407                       241    166      176
  SINCE SEP 1    407                       241    166      176
  SINCE JAN 1   2287                      1836    451     1904
...................................................................


WIND (MPH)
  HIGHEST WIND SPEED    22   HIGHEST WIND DIRECTION     S (160)
  HIGHEST GUST SPEED    27   HIGHEST GUST DIRECTION     S (160)
  AVERAGE WIND SPEED     7.2


SKY COVER
  POSSIBLE SUNSHINE  MM
  AVERAGE SKY COVER 0.8


WEATHER CONDITIONS
THE FOLLOWING WEATHER WAS RECORDED YESTERDAY.
  THUNDERSTORM
  LIGHT RAIN
  FOG


RELATIVE HUMIDITY (PERCENT)
 HIGHEST    97           300 AM
 LOWEST     61           300 PM
 AVERAGE    79

..........................................................


THE HUNTSVILLE CLIMATE NORMALS FOR TODAY
                         NORMAL    RECORD    YEAR
 MAXIMUM TEMPERATURE (F)   82       100      1931
 MINIMUM TEMPERATURE (F)   59        39      1943


SUNRISE AND SUNSET
SEPTEMBER 25 2018.....SUNRISE   637 AM CDT   SUNSET   640 PM CDT
SEPTEMBER 26 2018.....SUNRISE   638 AM CDT   SUNSET   638 PM CDT


-  INDICATES NEGATIVE NUMBERS.
R  INDICATES RECORD WAS SET OR TIED.
MM INDICATES DATA IS MISSING.
T  INDICATES TRACE AMOUNT.




$$
