000
CDUS44 KHUN 220709
CLIHSV

CLIMATE REPORT
NATIONAL WEATHER SERVICE HUNTSVILLE AL
209 AM CDT THU OCT 22 2020

...................................

...THE HUNTSVILLE CLIMATE SUMMARY FOR OCTOBER 21 2020...

CLIMATE NORMAL PERIOD 1981 TO 2010
CLIMATE RECORD PERIOD 1894 TO 2020


WEATHER ITEM   OBSERVED TIME   RECORD YEAR NORMAL DEPARTURE LAST
                VALUE   (LST)  VALUE       VALUE  FROM      YEAR
                                                  NORMAL
...................................................................
TEMPERATURE (F)
 YESTERDAY
  MAXIMUM         81    332 PM  89    1963  73      8       72
  MINIMUM         58    144 AM  25    1913  49      9       58
  AVERAGE         70                        61      9       65

PRECIPITATION (IN)
  YESTERDAY        0.00          2.81 1985   0.12  -0.12     0.70
  MONTH TO DATE    2.06                      2.35  -0.29     2.51
  SINCE SEP 1      6.10                      6.07   0.03     2.78
  SINCE JAN 1     60.03                     42.39  17.64    45.91

SNOWFALL (IN)
  YESTERDAY        0.0
  MONTH TO DATE    0.0
  SINCE SEP 1      0.0
  SINCE JUL 1      0.0
  SNOW DEPTH       0

DEGREE DAYS
 HEATING
  YESTERDAY        0                         5     -5        0
  MONTH TO DATE   52                        71    -19       60
  SINCE SEP 1     69                        84    -15       60
  SINCE JUL 1     69                        84    -15       60

 COOLING
  YESTERDAY        5                         2      3        0
  MONTH TO DATE   39                        60    -21      126
  SINCE SEP 1    288                       335    -47      600
  SINCE JAN 1   1828                      1930   -102     2391
...................................................................


WIND (MPH)
  HIGHEST WIND SPEED    14   HIGHEST WIND DIRECTION    SE (130)
  HIGHEST GUST SPEED    17   HIGHEST GUST DIRECTION    SE (130)
  AVERAGE WIND SPEED     5.7


SKY COVER
  POSSIBLE SUNSHINE  MM
  AVERAGE SKY COVER 0.2


WEATHER CONDITIONS
THE FOLLOWING WEATHER WAS RECORDED YESTERDAY.
  NO SIGNIFICANT WEATHER WAS OBSERVED.


RELATIVE HUMIDITY (PERCENT)
 HIGHEST    93          1100 PM
 LOWEST     56           300 PM
 AVERAGE    75

..........................................................


THE HUNTSVILLE CLIMATE NORMALS FOR TODAY
                         NORMAL    RECORD    YEAR
 MAXIMUM TEMPERATURE (F)   73        88      1963
 MINIMUM TEMPERATURE (F)   49        27      1952


SUNRISE AND SUNSET
OCTOBER 22 2020.......SUNRISE   659 AM CDT   SUNSET   603 PM CDT
OCTOBER 23 2020.......SUNRISE   700 AM CDT   SUNSET   602 PM CDT


-  INDICATES NEGATIVE NUMBERS.
R  INDICATES RECORD WAS SET OR TIED.
MM INDICATES DATA IS MISSING.
T  INDICATES TRACE AMOUNT.




$$
