621
CDUS44 KHUN 210709
CLIHSV


CLIMATE REPORT
NATIONAL WEATHER SERVICE HUNTSVILLE AL
209 AM CDT MON OCT 21 2019

...................................

...THE HUNTSVILLE CLIMATE SUMMARY FOR OCTOBER 20 2019...

CLIMATE NORMAL PERIOD 1981 TO 2010
CLIMATE RECORD PERIOD 1894 TO 2019


WEATHER ITEM   OBSERVED TIME   RECORD YEAR NORMAL DEPARTURE LAST
                VALUE   (LST)  VALUE       VALUE  FROM      YEAR
                                                  NORMAL
...................................................................
TEMPERATURE (F)
 YESTERDAY
  MAXIMUM         73    239 PM  90    1941  73      0       68
  MINIMUM         56   1202 AM  30    1913  50      6       51
                                      1925
  AVERAGE         65                        61      4       60

PRECIPITATION (IN)
  YESTERDAY        0.00          1.84 1918   0.11  -0.11     0.28
  MONTH TO DATE    1.81                      2.23  -0.42     1.45
  SINCE SEP 1      2.08                      5.95  -3.87     6.67
  SINCE JAN 1     45.21                     42.27   2.94    42.78

SNOWFALL (IN)
  YESTERDAY        0.0
  MONTH TO DATE    0.0
  SINCE SEP 1      0.0
  SINCE JUL 1      0.0
  SNOW DEPTH       0

DEGREE DAYS
 HEATING
  YESTERDAY        0                         5     -5        5
  MONTH TO DATE   60                        66     -6       27
  SINCE SEP 1     60                        79    -19       27
  SINCE JUL 1     60                        79    -19       27

 COOLING
  YESTERDAY        0                         2     -2        0
  MONTH TO DATE  126                        58     68      154
  SINCE SEP 1    600                       333    267      621
  SINCE JAN 1   2391                      1928    463     2501
...................................................................


WIND (MPH)
  HIGHEST WIND SPEED    10   HIGHEST WIND DIRECTION     E (110)
  HIGHEST GUST SPEED    12   HIGHEST GUST DIRECTION     S (170)
  AVERAGE WIND SPEED     4.6


SKY COVER
  POSSIBLE SUNSHINE  MM
  AVERAGE SKY COVER 0.6


WEATHER CONDITIONS
THE FOLLOWING WEATHER WAS RECORDED YESTERDAY.
  FOG


RELATIVE HUMIDITY (PERCENT)
 HIGHEST   100          1200 AM
 LOWEST     64           300 PM
 AVERAGE    82

..........................................................


THE HUNTSVILLE CLIMATE NORMALS FOR TODAY
                         NORMAL    RECORD    YEAR
 MAXIMUM TEMPERATURE (F)   73        89      1963
 MINIMUM TEMPERATURE (F)   49        25      1913


SUNRISE AND SUNSET
OCTOBER 21 2019.......SUNRISE   658 AM CDT   SUNSET   605 PM CDT
OCTOBER 22 2019.......SUNRISE   658 AM CDT   SUNSET   604 PM CDT


-  INDICATES NEGATIVE NUMBERS.
R  INDICATES RECORD WAS SET OR TIED.
MM INDICATES DATA IS MISSING.
T  INDICATES TRACE AMOUNT.




$$
