576
CDUS44 KHUN 212223
CLIHSV


CLIMATE REPORT
NATIONAL WEATHER SERVICE HUNTSVILLE AL
421 PM CST WED FEB 21 2018


...................................

...THE HUNTSVILLE CLIMATE SUMMARY FOR FEBRUARY 21 2018...
VALID TODAY AS OF 0400 PM LOCAL TIME.

CLIMATE NORMAL PERIOD 1981 TO 2010
CLIMATE RECORD PERIOD 1894 TO 2018


WEATHER ITEM   OBSERVED TIME   RECORD YEAR NORMAL DEPARTURE LAST
                VALUE   (LST)  VALUE       VALUE  FROM      YEAR
                                                  NORMAL
..................................................................
TEMPERATURE (F)
 TODAY
  MAXIMUM         81R   349 PM  76    1922  58     23       65
  MINIMUM         68    708 AM  12    1963  37     31       58
                                      1958
  AVERAGE         75                        47     28       62

PRECIPITATION (IN)
  TODAY            0.02          2.48 1971   0.17  -0.15     0.06
  MONTH TO DATE    5.11                      3.58   1.53     1.02
  SINCE DEC 1     11.11                     14.24  -3.13    13.33
  SINCE JAN 1      6.63                      8.47  -1.84     7.42

SNOWFALL (IN)
  TODAY            0.0
  MONTH TO DATE    0.0
  SINCE DEC 1      0.4
  SINCE JUL 1      0.4
  SNOW DEPTH       0

DEGREE DAYS
 HEATING
  TODAY            0                        18    -18        3
  MONTH TO DATE  294                       425   -131      269
  SINCE DEC 1   1779                      1808    -29     1250
  SINCE JUL 1   2257                      2335    -78     1514

 COOLING
  TODAY           10                         0     10        0
  MONTH TO DATE   20                         0     20        0
  SINCE DEC 1     20                         2     18        5
  SINCE JAN 1     20                         0     20        1
..................................................................


WIND (MPH)
  HIGHEST WIND SPEED    22   HIGHEST WIND DIRECTION     S (180)
  HIGHEST GUST SPEED    26   HIGHEST GUST DIRECTION     S (180)
  AVERAGE WIND SPEED    11.4


SKY COVER
  POSSIBLE SUNSHINE  MM
  AVERAGE SKY COVER 0.9


WEATHER CONDITIONS
 THE FOLLOWING WEATHER WAS RECORDED TODAY.
  LIGHT RAIN
  FOG


RELATIVE HUMIDITY (PERCENT)
 HIGHEST    93           300 AM
 LOWEST     54           400 PM
 AVERAGE    74

..........................................................


THE HUNTSVILLE CLIMATE NORMALS FOR TOMORROW
                         NORMAL    RECORD    YEAR
 MAXIMUM TEMPERATURE (F)   58        76      1980
                                             1909
 MINIMUM TEMPERATURE (F)   37         5      1963


SUNRISE AND SUNSET
FEBRUARY 21 2018......SUNRISE   626 AM CST   SUNSET   536 PM CST
FEBRUARY 22 2018......SUNRISE   625 AM CST   SUNSET   537 PM CST


-  INDICATES NEGATIVE NUMBERS.
R  INDICATES RECORD WAS SET OR TIED.
MM INDICATES DATA IS MISSING.
T  INDICATES TRACE AMOUNT.




$$
