000
CDUS44 KHUN 160803
CLIHSV


CLIMATE REPORT
NATIONAL WEATHER SERVICE HUNTSVILLE AL
203 AM CST SUN DEC 16 2018

...................................

...THE HUNTSVILLE CLIMATE SUMMARY FOR DECEMBER 15 2018...

CLIMATE NORMAL PERIOD 1981 TO 2010
CLIMATE RECORD PERIOD 1894 TO 2018


WEATHER ITEM   OBSERVED TIME   RECORD YEAR NORMAL DEPARTURE LAST
                VALUE   (LST)  VALUE       VALUE  FROM      YEAR
                                                  NORMAL
...................................................................
TEMPERATURE (F)
 YESTERDAY
  MAXIMUM         56   1244 AM  79    1956  53      3       39
  MINIMUM         47    810 AM   5    1914  34     13       25
  AVERAGE         52                        44      8       32

PRECIPITATION (IN)
  YESTERDAY        0.02          1.80 1902   0.18  -0.16     0.00
  MONTH TO DATE    4.98                      2.96   2.02     1.50
  SINCE DEC 1      4.98                      2.96   2.02     1.50
  SINCE JAN 1     54.92                     51.53   3.39    50.62

SNOWFALL (IN)
  YESTERDAY        0.0
  MONTH TO DATE    0.0
  SINCE DEC 1      0.0
  SINCE JUL 1      T
  SNOW DEPTH       0

DEGREE DAYS
 HEATING
  YESTERDAY       13                        21     -8       33
  MONTH TO DATE  291                       294     -3      309
  SINCE DEC 1    291                       294     -3      309
  SINCE JUL 1    911                       821     90      787

 COOLING
  YESTERDAY        0                         0      0        0
  MONTH TO DATE    0                         0      0        0
  SINCE DEC 1      0                         0      0        0
  SINCE JAN 1   2505                      1949    556     2114
...................................................................


WIND (MPH)
  HIGHEST WIND SPEED    18   HIGHEST WIND DIRECTION    SW (240)
  HIGHEST GUST SPEED    22   HIGHEST GUST DIRECTION    SW (240)
  AVERAGE WIND SPEED    7.1


SKY COVER
  POSSIBLE SUNSHINE  MM
  AVERAGE SKY COVER 0.8


WEATHER CONDITIONS
THE FOLLOWING WEATHER WAS RECORDED YESTERDAY.
  LIGHT RAIN
  FOG


RELATIVE HUMIDITY (PERCENT)
 HIGHEST    97          1000 PM
 LOWEST     64           200 PM
 AVERAGE    81

..........................................................


THE HUNTSVILLE CLIMATE NORMALS FOR TODAY
                         NORMAL    RECORD    YEAR
 MAXIMUM TEMPERATURE (F)   53        73      2015
                                             1984
                                             1933
 MINIMUM TEMPERATURE (F)   34         6      1989


SUNRISE AND SUNSET
DECEMBER 16 2018......SUNRISE   647 AM CST   SUNSET   438 PM CST
DECEMBER 17 2018......SUNRISE   648 AM CST   SUNSET   438 PM CST


-  INDICATES NEGATIVE NUMBERS.
R  INDICATES RECORD WAS SET OR TIED.
MM INDICATES DATA IS MISSING.
T  INDICATES TRACE AMOUNT.




$$
