000
CDUS44 KHUN 200703
CLIHSV


CLIMATE REPORT
NATIONAL WEATHER SERVICE HUNTSVILLE AL
202 AM CDT WED JUN 20 2018


...................................

...THE HUNTSVILLE CLIMATE SUMMARY FOR JUNE 19 2018...

CLIMATE NORMAL PERIOD 1981 TO 2010
CLIMATE RECORD PERIOD 1894 TO 2018


WEATHER ITEM   OBSERVED TIME   RECORD YEAR NORMAL DEPARTURE LAST
                VALUE   (LST)  VALUE       VALUE  FROM      YEAR
                                                  NORMAL
..................................................................
TEMPERATURE (F)
 YESTERDAY
  MAXIMUM         94    259 PM 106    1936  89      5       83
  MINIMUM         71    421 AM  56    1965  68      3       70
  AVERAGE         83                        78      5       77

PRECIPITATION (IN)
  YESTERDAY        0.00          1.84 1976   0.14  -0.14     1.23
  MONTH TO DATE    1.44                      2.68  -1.24     2.41
  SINCE JUN 1      1.44                      2.68  -1.24     2.41
  SINCE JAN 1     28.36                     27.05   1.31    25.13

SNOWFALL (IN)
  YESTERDAY        0.0
  MONTH TO DATE    0.0
  SINCE JUN 1      0.0
  SINCE JUL 1      0.4
  SNOW DEPTH       0

DEGREE DAYS
 HEATING
  YESTERDAY        0                         0      0        0
  MONTH TO DATE    0                         0      0        0
  SINCE JUN 1      0                         0      0        0
  SINCE JUL 1   2901                      3001   -100     1967

 COOLING
  YESTERDAY       18                        14      4       12
  MONTH TO DATE  291                       222     69      241
  SINCE JUN 1    291                       222     69      241
  SINCE JAN 1    690                       485    205      630
..................................................................


WIND (MPH)
  HIGHEST WIND SPEED    17   HIGHEST WIND DIRECTION    NW (320)
  HIGHEST GUST SPEED    22   HIGHEST GUST DIRECTION    NW (300)
  AVERAGE WIND SPEED     4.7


SKY COVER
  POSSIBLE SUNSHINE  MM
  AVERAGE SKY COVER 0.3


WEATHER CONDITIONS
 THE FOLLOWING WEATHER WAS RECORDED YESTERDAY.
  NO SIGNIFICANT WEATHER WAS OBSERVED.


RELATIVE HUMIDITY (PERCENT)
 HIGHEST   100           500 AM
 LOWEST     39           300 PM
 AVERAGE    70

..........................................................


THE HUNTSVILLE CLIMATE NORMALS FOR TODAY
                         NORMAL    RECORD    YEAR
 MAXIMUM TEMPERATURE (F)   89       102      1933
 MINIMUM TEMPERATURE (F)   68        53      1935


SUNRISE AND SUNSET
JUNE 20 2018..........SUNRISE   534 AM CDT   SUNSET   803 PM CDT
JUNE 21 2018..........SUNRISE   534 AM CDT   SUNSET   803 PM CDT


-  INDICATES NEGATIVE NUMBERS.
R  INDICATES RECORD WAS SET OR TIED.
MM INDICATES DATA IS MISSING.
T  INDICATES TRACE AMOUNT.




$$
