000
CDUS44 KHUN 262124
CLIHSV

CLIMATE REPORT
NATIONAL WEATHER SERVICE HUNTSVILLE AL
424 PM CDT TUE MAY 26 2020

...................................

...THE HUNTSVILLE CLIMATE SUMMARY FOR MAY 26 2020...
VALID TODAY AS OF 0400 PM LOCAL TIME.

CLIMATE NORMAL PERIOD 1981 TO 2010
CLIMATE RECORD PERIOD 1894 TO 2020


WEATHER ITEM   OBSERVED TIME   RECORD YEAR NORMAL DEPARTURE LAST
                VALUE   (LST)  VALUE       VALUE  FROM      YEAR
                                                  NORMAL
...................................................................
TEMPERATURE (F)
 TODAY
  MAXIMUM         76    930 AM  97    1911  84     -8       96
                                      1915
                                      1926
  MINIMUM         70    228 PM  44    1979  62      8       70
  AVERAGE         73                        73      0       83

PRECIPITATION (IN)
  TODAY            0.11          2.00 1994   0.15  -0.04     0.00
  MONTH TO DATE    3.30                      4.35  -1.05     3.70
  SINCE MAR 1     20.91                     13.88   7.03    14.06
  SINCE JAN 1     39.09                     23.61  15.48    34.84

SNOWFALL (IN)
  TODAY            0.0
  MONTH TO DATE    0.0
  SINCE MAR 1      0.0
  SINCE JUL 1      0.7
  SNOW DEPTH       0

DEGREE DAYS
 HEATING
  TODAY            0                         0      0        0
  MONTH TO DATE   76                        25     51        9
  SINCE MAR 1    478                       547    -69      520
  SINCE JUL 1   2654                      2999   -345     2722

 COOLING
  TODAY            8                         8      0       18
  MONTH TO DATE  115                       146    -31      236
  SINCE MAR 1    161                       217    -56      309
  SINCE JAN 1    161                       218    -57      314
...................................................................


WIND (MPH)
  HIGHEST WIND SPEED    20   HIGHEST WIND DIRECTION     E (110)
  HIGHEST GUST SPEED    23   HIGHEST GUST DIRECTION     E (110)
  AVERAGE WIND SPEED    10.3


SKY COVER
  POSSIBLE SUNSHINE  MM
  AVERAGE SKY COVER 0.7


WEATHER CONDITIONS
THE FOLLOWING WEATHER WAS RECORDED TODAY.
  RAIN
  LIGHT RAIN
  FOG


RELATIVE HUMIDITY (PERCENT)
 HIGHEST    93           200 PM
 LOWEST     73          1200 AM
 AVERAGE    83

..........................................................


THE HUNTSVILLE CLIMATE NORMALS FOR TOMORROW
                         NORMAL    RECORD    YEAR
 MAXIMUM TEMPERATURE (F)   84        99      1926
 MINIMUM TEMPERATURE (F)   62        41      1961


SUNRISE AND SUNSET
MAY 26 2020...........SUNRISE   537 AM CDT   SUNSET   751 PM CDT
MAY 27 2020...........SUNRISE   537 AM CDT   SUNSET   752 PM CDT


-  INDICATES NEGATIVE NUMBERS.
R  INDICATES RECORD WAS SET OR TIED.
MM INDICATES DATA IS MISSING.
T  INDICATES TRACE AMOUNT.




$$
