000
CDUS44 KHUN 100701
CLIHSV

CLIMATE REPORT
NATIONAL WEATHER SERVICE HUNTSVILLE AL
201 AM CDT MON MAY 10 2021

...................................

...THE HUNTSVILLE CLIMATE SUMMARY FOR MAY 9 2021...

CLIMATE NORMAL PERIOD 1991 TO 2020
CLIMATE RECORD PERIOD 1894 TO 2021


WEATHER ITEM   OBSERVED TIME   RECORD YEAR NORMAL DEPARTURE LAST
                VALUE   (LST)  VALUE       VALUE  FROM      YEAR
                                                  NORMAL
...................................................................
TEMPERATURE (F)
 YESTERDAY
  MAXIMUM         79   1119 AM  93    1936  81     -2       64
  MINIMUM         52    638 PM  38    1908  58     -6       40
                                      1917
                                      1923
  AVERAGE         66                        70     -4       52

PRECIPITATION (IN)
  YESTERDAY        1.54R         1.10 1909   0.15   1.39     0.00
  MONTH TO DATE    4.91                      1.49   3.42     0.86
  SINCE MAR 1     19.08                     11.74   7.34    18.47
  SINCE JAN 1     26.85                     21.84   5.01    36.65

SNOWFALL (IN)
  YESTERDAY        0.0
  MONTH TO DATE    0.0
  SINCE MAR 1      0.0
  SINCE JUL 1      3.6
  SNOW DEPTH       0

DEGREE DAYS
 HEATING
  YESTERDAY        0                         1     -1       13
  MONTH TO DATE   21                        13      8       48
  SINCE MAR 1    461                       494    -33      450
  SINCE JUL 1   2904                      2821     83     2626

 COOLING
  YESTERDAY        1                         6     -5        0
  MONTH TO DATE   18                        43    -25       17
  SINCE MAR 1     58                       128    -70       63
  SINCE JAN 1     62                       131    -69       63
...................................................................


WIND (MPH)
  HIGHEST WIND SPEED    24   HIGHEST WIND DIRECTION     N (20)
  HIGHEST GUST SPEED    31   HIGHEST GUST DIRECTION     N (20)
  AVERAGE WIND SPEED    10.7


SKY COVER
  POSSIBLE SUNSHINE  MM
  AVERAGE SKY COVER 0.6


WEATHER CONDITIONS
THE FOLLOWING WEATHER WAS RECORDED YESTERDAY.
  THUNDERSTORM
  HEAVY RAIN
  RAIN
  LIGHT RAIN
  FOG
  HAZE


RELATIVE HUMIDITY (PERCENT)
 HIGHEST   100           300 PM
 LOWEST     50          1100 AM
 AVERAGE    75

..........................................................


THE HUNTSVILLE CLIMATE NORMALS FOR TODAY
                         NORMAL    RECORD    YEAR
 MAXIMUM TEMPERATURE (F)   81        94      1936
 MINIMUM TEMPERATURE (F)   59        36      1923


SUNRISE AND SUNSET
MAY 10 2021...........SUNRISE   548 AM CDT   SUNSET   739 PM CDT
MAY 11 2021...........SUNRISE   547 AM CDT   SUNSET   740 PM CDT


-  INDICATES NEGATIVE NUMBERS.
R  INDICATES RECORD WAS SET OR TIED.
MM INDICATES DATA IS MISSING.
T  INDICATES TRACE AMOUNT.




$$
