000
CDUS43 KAPX 210526
CLIHTL


CLIMATE REPORT
NATIONAL WEATHER SERVICE GAYLORD MI
126 AM EDT FRI SEP 21 2018


...................................

...THE HOUGHTON LAKE MI CLIMATE SUMMARY FOR SEPTEMBER 20 2018...

CLIMATE NORMAL PERIOD 1981 TO 2010
CLIMATE RECORD PERIOD 1913 TO 2018


WEATHER ITEM   OBSERVED TIME   RECORD YEAR NORMAL DEPARTURE LAST
                VALUE   (LST)  VALUE       VALUE  FROM      YEAR
                                                  NORMAL
..................................................................
TEMPERATURE (F)
 YESTERDAY
  MAXIMUM         71   1150 PM  86    1998  67      4       78
                                      1940
                                      1931
  MINIMUM         59    327 AM  25    1937  44     15       62
                                      1929
  AVERAGE         65                        56      9       70

PRECIPITATION (IN)
  YESTERDAY        0.33          1.35 2002   0.10   0.23     0.01
  MONTH TO DATE    1.59                      2.05  -0.46     0.68
  SINCE SEP 1      1.59                      2.05  -0.46     0.68
  SINCE JAN 1     19.95                     21.17  -1.22    26.29

DEGREE DAYS
 HEATING
  YESTERDAY        0                        10    -10        0
  MONTH TO DATE   56                       136    -80      128
  SINCE SEP 1     56                       136    -80      128
  SINCE JUL 1     76                       263   -187      218

 COOLING
  YESTERDAY        0                         0      0        5
  MONTH TO DATE   58                        18     40       16
  SINCE SEP 1     58                        18     40       16
  SINCE JAN 1    524                       283    241      260
..................................................................


WIND (MPH)
  HIGHEST WIND SPEED    20   HIGHEST WIND DIRECTION    SE (150)
  HIGHEST GUST SPEED    28   HIGHEST GUST DIRECTION     S (170)
  AVERAGE WIND SPEED     7.4




RELATIVE HUMIDITY (PERCENT)
 HIGHEST   100
 LOWEST     90
 AVERAGE    95

..........................................................


THE HOUGHTON LAKE MI CLIMATE NORMALS FOR TODAY
                         NORMAL    RECORD    YEAR
 MAXIMUM TEMPERATURE (F)   67        88      2017
                                             1931
 MINIMUM TEMPERATURE (F)   44        30      1991
                                             1973
                                             1942


SUNRISE AND SUNSET
SEPTEMBER 21 2018.....SUNRISE   725 AM EDT   SUNSET   738 PM EDT
SEPTEMBER 22 2018.....SUNRISE   726 AM EDT   SUNSET   736 PM EDT


-  INDICATES NEGATIVE NUMBERS.
R  INDICATES RECORD WAS SET OR TIED.
MM INDICATES DATA IS MISSING.
T  INDICATES TRACE AMOUNT.




$$
