028
CDUS43 KAPX 250529
CLIHTL


CLIMATE REPORT
NATIONAL WEATHER SERVICE GAYLORD MI
129 AM EDT SUN AUG 25 2019


...................................

...THE HOUGHTON LAKE MI CLIMATE SUMMARY FOR AUGUST 24 2019...

CLIMATE NORMAL PERIOD 1981 TO 2010
CLIMATE RECORD PERIOD 1913 TO 2019


WEATHER ITEM   OBSERVED TIME   RECORD YEAR NORMAL DEPARTURE LAST
                VALUE   (LST)  VALUE       VALUE  FROM      YEAR
                                                  NORMAL
..................................................................
TEMPERATURE (F)
 YESTERDAY
  MAXIMUM         74    343 PM  97    1948  76     -2       78
  MINIMUM         39    608 AM  27    1927  52    -13       60
  AVERAGE         57                        64     -7       69

PRECIPITATION (IN)
  YESTERDAY        0.00          1.11 1985   0.10  -0.10      T
  MONTH TO DATE    1.69                      2.68  -0.99     0.68
  SINCE JUN 1      8.92                      8.54   0.38     4.60
  SINCE JAN 1     22.62                     18.40   4.22    16.95

DEGREE DAYS
 HEATING
  YESTERDAY        8                         3      5        0
  MONTH TO DATE   47                        55     -8        1
  SINCE JUN 1    184                       226    -42       73
  SINCE JUL 1     65                       102    -37        6

 COOLING
  YESTERDAY        0                         2     -2        4
  MONTH TO DATE   45                        64    -19      136
  SINCE JUN 1    247                       235     12      369
  SINCE JAN 1    249                       251     -2      433
..................................................................


WIND (MPH)
  HIGHEST WIND SPEED    12   HIGHEST WIND DIRECTION    SE (120)
  HIGHEST GUST SPEED    21   HIGHEST GUST DIRECTION    NE (60)
  AVERAGE WIND SPEED     4.8




RELATIVE HUMIDITY (PERCENT)
 HIGHEST   100
 LOWEST     38
 AVERAGE    69

..........................................................


THE HOUGHTON LAKE MI CLIMATE NORMALS FOR TODAY
                         NORMAL    RECORD    YEAR
 MAXIMUM TEMPERATURE (F)   76        97      1948
 MINIMUM TEMPERATURE (F)   52        31      1934
                                             1919


SUNRISE AND SUNSET
AUGUST 25 2019........SUNRISE   653 AM EDT   SUNSET   828 PM EDT
AUGUST 26 2019........SUNRISE   654 AM EDT   SUNSET   826 PM EDT


-  INDICATES NEGATIVE NUMBERS.
R  INDICATES RECORD WAS SET OR TIED.
MM INDICATES DATA IS MISSING.
T  INDICATES TRACE AMOUNT.




$$
