000
CDUS43 KAPX 242149
CLIHTL


CLIMATE REPORT
NATIONAL WEATHER SERVICE GAYLORD MI
549 PM EDT SUN JUN 24 2018


...................................

...THE HOUGHTON LAKE MI CLIMATE SUMMARY FOR JUNE 24 2018...
VALID TODAY AS OF 0500 PM LOCAL TIME.

CLIMATE NORMAL PERIOD 1981 TO 2010
CLIMATE RECORD PERIOD 1913 TO 2018


WEATHER ITEM   OBSERVED TIME   RECORD YEAR NORMAL DEPARTURE LAST
                VALUE   (LST)  VALUE       VALUE  FROM      YEAR
                                                  NORMAL
..................................................................
TEMPERATURE (F)
 TODAY
  MAXIMUM         77    352 PM  93    2009  78     -1       72
                                      1923
                                      1921
  MINIMUM         61    727 AM  34    1932  52      9       52
  AVERAGE         69                        65      4       62

PRECIPITATION (IN)
  TODAY            0.21          0.82 1994   0.10   0.11     0.27
  MONTH TO DATE    1.13                      2.51  -1.38     4.46
  SINCE JUN 1      1.13                      2.51  -1.38     4.46
  SINCE JAN 1     13.48                     12.37   1.11    20.37

DEGREE DAYS
 HEATING
  TODAY            0                         3     -3        3
  MONTH TO DATE   56                       111    -55       42
  SINCE JUN 1     56                       111    -55       42
  SINCE JUL 1   7832                      8130   -298     6874

 COOLING
  TODAY            4                         3      1        0
  MONTH TO DATE   33                        41     -8       73
  SINCE JUN 1     33                        41     -8       73
  SINCE JAN 1     97                        57     40       87
..................................................................


WIND (MPH)
  RESULTANT WIND SPEED   3   RESULTANT WIND DIRECTION   N (0)
  HIGHEST WIND SPEED    14   HIGHEST WIND DIRECTION    NW (330)
  HIGHEST GUST SPEED    19   HIGHEST GUST DIRECTION    NW (320)
  AVERAGE WIND SPEED     5.9


SKY COVER
  POSSIBLE SUNSHINE  MM
  AVERAGE SKY COVER 0.9


WEATHER CONDITIONS
 THE FOLLOWING WEATHER WAS RECORDED TODAY.
  HEAVY RAIN
  RAIN
  LIGHT RAIN
  FOG


RELATIVE HUMIDITY (PERCENT)
 HIGHEST   100           500 AM
 LOWEST     54           400 PM
 AVERAGE    77

..........................................................


THE HOUGHTON LAKE MI CLIMATE NORMALS FOR TOMORROW
                         NORMAL    RECORD    YEAR
 MAXIMUM TEMPERATURE (F)   78        96      1931
 MINIMUM TEMPERATURE (F)   53        36      1979


SUNRISE AND SUNSET
JUNE 24 2018..........SUNRISE   555 AM EDT   SUNSET   927 PM EDT
JUNE 25 2018..........SUNRISE   556 AM EDT   SUNSET   927 PM EDT


-  INDICATES NEGATIVE NUMBERS.
R  INDICATES RECORD WAS SET OR TIED.
MM INDICATES DATA IS MISSING.
T  INDICATES TRACE AMOUNT.




$$
