000
CDUS43 KAPX 152128
CLIHTL


CLIMATE REPORT
NATIONAL WEATHER SERVICE GAYLORD MI
527 PM EDT TUE OCT 15 2019


...................................

...THE HOUGHTON LAKE MI CLIMATE SUMMARY FOR OCTOBER 15 2019...
VALID TODAY AS OF 0500 PM LOCAL TIME.

CLIMATE NORMAL PERIOD 1981 TO 2010
CLIMATE RECORD PERIOD 1913 TO 2019


WEATHER ITEM   OBSERVED TIME   RECORD YEAR NORMAL DEPARTURE LAST
                VALUE   (LST)  VALUE       VALUE  FROM      YEAR
                                                  NORMAL
..................................................................
TEMPERATURE (F)
 TODAY
  MAXIMUM         47    257 PM  87    1947  56     -9       47
  MINIMUM         28    606 AM  19    1944  36     -8       37
  AVERAGE         38                        46     -8       42

PRECIPITATION (IN)
  TODAY            T             1.02 1992   0.08  -0.08     0.04
  MONTH TO DATE    2.10                      1.29   0.81     4.72
  SINCE SEP 1      6.94                      4.39   2.55     6.92
  SINCE JAN 1     29.91                     23.51   6.40    25.28

SNOWFALL (IN)
  TODAY            0.0          MM      MM   0.0              T
  MONTH TO DATE    T                         0.1              T
  SINCE OCT 1      T                         0.1              T
  SINCE JUL 1      T                         0.1              T

DEGREE DAYS
 HEATING
  TODAY           27                        19      8       23
  MONTH TO DATE  244                       248     -4      204
  SINCE SEP 1    393                       502   -109      369
  SINCE JUL 1    484                       629   -145      389

 COOLING
  TODAY            0                         0      0        0
  MONTH TO DATE    0                         0      0       14
  SINCE SEP 1     22                        20      2       77
  SINCE JAN 1    276                       285     -9      543
..................................................................


WIND (MPH)
  RESULTANT WIND SPEED   5   RESULTANT WIND DIRECTION  SE (130)
  HIGHEST WIND SPEED    15   HIGHEST WIND DIRECTION     E (100)
  HIGHEST GUST SPEED    21   HIGHEST GUST DIRECTION     E (110)
  AVERAGE WIND SPEED     5.6


SKY COVER
  POSSIBLE SUNSHINE  MM
  AVERAGE SKY COVER 0.4


WEATHER CONDITIONS
 THE FOLLOWING WEATHER WAS RECORDED TODAY.
  NO SIGNIFICANT WEATHER WAS OBSERVED.


RELATIVE HUMIDITY (PERCENT)
 HIGHEST    92           100 AM
 LOWEST     65          1100 AM
 AVERAGE    79

..........................................................


THE HOUGHTON LAKE MI CLIMATE NORMALS FOR TOMORROW
                         NORMAL    RECORD    YEAR
 MAXIMUM TEMPERATURE (F)   56        86      1938
 MINIMUM TEMPERATURE (F)   36        19      1940


SUNRISE AND SUNSET
OCTOBER 15 2019.......SUNRISE   753 AM EDT   SUNSET   655 PM EDT
OCTOBER 16 2019.......SUNRISE   755 AM EDT   SUNSET   653 PM EDT


-  INDICATES NEGATIVE NUMBERS.
R  INDICATES RECORD WAS SET OR TIED.
MM INDICATES DATA IS MISSING.
T  INDICATES TRACE AMOUNT.




$$
