000
CDUS43 KAPX 140528
CLIHTL


CLIMATE REPORT
NATIONAL WEATHER SERVICE GAYLORD MI
127 AM EDT FRI AUG 14 2020


...................................

...THE HOUGHTON LAKE MI CLIMATE SUMMARY FOR AUGUST 13 2020...

CLIMATE NORMAL PERIOD 1981 TO 2010
CLIMATE RECORD PERIOD 1913 TO 2020


WEATHER ITEM   OBSERVED TIME   RECORD YEAR NORMAL DEPARTURE LAST
                VALUE   (LST)  VALUE       VALUE  FROM      YEAR
                                                  NORMAL
..................................................................
TEMPERATURE (F)
 YESTERDAY
  MAXIMUM         85    324 PM  96    1918  78      7       81
  MINIMUM         55    432 AM  32    1941  54      1       54
  AVERAGE         70                        66      4       68

PRECIPITATION (IN)
  YESTERDAY        0.00          3.00 1917   0.12  -0.12     0.00
  MONTH TO DATE    1.03                      1.47  -0.44     1.17
  SINCE JUN 1      5.65                      7.33  -1.68     8.40
  SINCE JAN 1     19.03                     17.19   1.84    22.10

DEGREE DAYS
 HEATING
  YESTERDAY        0                         2     -2        0
  MONTH TO DATE   18                        26     -8        8
  SINCE JUN 1     97                       197   -100      145
  SINCE JUL 1     24                        73    -49       26

 COOLING
  YESTERDAY        5                         3      2        3
  MONTH TO DATE   51                        39     12       34
  SINCE JUN 1    369                       210    159      236
  SINCE JAN 1    407                       226    181      238
..................................................................


WIND (MPH)
  HIGHEST WIND SPEED     9   HIGHEST WIND DIRECTION    SE (120)
  HIGHEST GUST SPEED    14   HIGHEST GUST DIRECTION    SE (130)
  AVERAGE WIND SPEED     3.1




RELATIVE HUMIDITY (PERCENT)
 HIGHEST    93
 LOWEST     40
 AVERAGE    67

..........................................................


THE HOUGHTON LAKE MI CLIMATE NORMALS FOR TODAY
                         NORMAL    RECORD    YEAR
 MAXIMUM TEMPERATURE (F)   78        97      1944
 MINIMUM TEMPERATURE (F)   53        31      1924


SUNRISE AND SUNSET
AUGUST 14 2020........SUNRISE   641 AM EDT   SUNSET   844 PM EDT
AUGUST 15 2020........SUNRISE   642 AM EDT   SUNSET   843 PM EDT


-  INDICATES NEGATIVE NUMBERS.
R  INDICATES RECORD WAS SET OR TIED.
MM INDICATES DATA IS MISSING.
T  INDICATES TRACE AMOUNT.




$$
