000
CDUS43 KAPX 102236
CLIHTL


CLIMATE REPORT
NATIONAL WEATHER SERVICE GAYLORD MI
536 PM EST MON DEC 10 2018


...................................

...THE HOUGHTON LAKE MI CLIMATE SUMMARY FOR DECEMBER 10 2018...
VALID TODAY AS OF 0500 PM LOCAL TIME.

CLIMATE NORMAL PERIOD 1981 TO 2010
CLIMATE RECORD PERIOD 1913 TO 2018


WEATHER ITEM   OBSERVED TIME   RECORD YEAR NORMAL DEPARTURE LAST
                VALUE   (LST)  VALUE       VALUE  FROM      YEAR
                                                  NORMAL
..................................................................
TEMPERATURE (F)
 TODAY
  MAXIMUM         32    427 PM  55    1971  32      0       25
  MINIMUM         25    724 AM -10    1932  19      6       17
  AVERAGE         29                        26      3       21

PRECIPITATION (IN)
  TODAY            0.00          2.02 1953   0.06  -0.06     0.03
  MONTH TO DATE    0.96                      0.62   0.34     0.58
  SINCE DEC 1      0.96                      0.62   0.34     0.58
  SINCE JAN 1     29.28                     27.72   1.56    36.18

SNOWFALL (IN)
  TODAY            0.0           4.0  1953   0.5             0.5
  MONTH TO DATE    2.2                       5.0             2.8
  SINCE OCT 1      6.3                      14.1             8.2
  SINCE JUL 1      6.3                      14.1             8.2

DEGREE DAYS
 HEATING
  TODAY           36                        39     -3       44
  MONTH TO DATE  400                       378     22      348
  SINCE DEC 1    400                       378     22      348
  SINCE JUL 1   2241                      2261    -20     1949
..................................................................


WIND (MPH)
  RESULTANT WIND SPEED   6   RESULTANT WIND DIRECTION  SW (230)
  HIGHEST WIND SPEED    14   HIGHEST WIND DIRECTION    SW (240)
  HIGHEST GUST SPEED    19   HIGHEST GUST DIRECTION    SW (230)
  AVERAGE WIND SPEED     6.6


SKY COVER
  POSSIBLE SUNSHINE  MM
  AVERAGE SKY COVER 0.7


WEATHER CONDITIONS
 THE FOLLOWING WEATHER WAS RECORDED TODAY.
  FOG
  HAZE


RELATIVE HUMIDITY (PERCENT)
 HIGHEST    88          1200 AM
 LOWEST     63           300 PM
 AVERAGE    76

..........................................................


THE HOUGHTON LAKE MI CLIMATE NORMALS FOR TOMORROW
                         NORMAL    RECORD    YEAR
 MAXIMUM TEMPERATURE (F)   32        48      1979
                                             1928
 MINIMUM TEMPERATURE (F)   19       -16      1977


SUNRISE AND SUNSET
DECEMBER 10 2018......SUNRISE   804 AM EST   SUNSET   459 PM EST
DECEMBER 11 2018......SUNRISE   805 AM EST   SUNSET   459 PM EST


-  INDICATES NEGATIVE NUMBERS.
R  INDICATES RECORD WAS SET OR TIED.
MM INDICATES DATA IS MISSING.
T  INDICATES TRACE AMOUNT.




$$
