000
CDUS41 KRLX 232219
CLIHTS


CLIMATE REPORT
NATIONAL WEATHER SERVICE CHARLESTON WV
518 PM EST WED JAN 23 2019


...................................

...THE HUNTINGTON WV CLIMATE SUMMARY FOR JANUARY 23 2019...
VALID TODAY AS OF 0500 PM LOCAL TIME.

CLIMATE NORMAL PERIOD 1981 TO 2010
CLIMATE RECORD PERIOD 1897 TO 2019


WEATHER ITEM   OBSERVED TIME   RECORD YEAR NORMAL DEPARTURE LAST
                VALUE   (LST)  VALUE       VALUE  FROM      YEAR
                                                  NORMAL
..................................................................
TEMPERATURE (F)
 TODAY
  MAXIMUM         62    349 PM  71    1909  42     20       61
  MINIMUM         46   1233 AM -12    1936  25     21       38
  AVERAGE         54                        34     20       50

PRECIPITATION (IN)
  TODAY            0.01          1.70 1899   0.10  -0.09     0.20
  MONTH TO DATE    1.90                      2.19  -0.29     2.27
  SINCE DEC 1      7.30                      5.50   1.80     4.62
  SINCE JAN 1      1.90                      2.19  -0.29     2.27

DEGREE DAYS
 HEATING
  TODAY           11                        31    -20       15
  MONTH TO DATE  626                       719    -93      805
  SINCE DEC 1   1385                      1587   -202     1715
  SINCE JUL 1   2357                      2474   -117     2487

 COOLING
  TODAY            0                         0      0        0
  MONTH TO DATE    0                         0      0        0
  SINCE DEC 1      0                         1     -1        0
  SINCE JAN 1      0                         0      0        0
..................................................................


WIND (MPH)
  HIGHEST WIND SPEED    16   HIGHEST WIND DIRECTION     S (190)
  HIGHEST GUST SPEED    25   HIGHEST GUST DIRECTION     S (190)
  AVERAGE WIND SPEED    11.0


SKY COVER
  POSSIBLE SUNSHINE  MM
  AVERAGE SKY COVER 0.9


WEATHER CONDITIONS
 THE FOLLOWING WEATHER WAS RECORDED TODAY.
  LIGHT RAIN


RELATIVE HUMIDITY (PERCENT)
 HIGHEST    62           200 PM
 LOWEST     38          1200 AM
 AVERAGE    50

..........................................................


THE HUNTINGTON WV CLIMATE NORMALS FOR TOMORROW
                         NORMAL    RECORD    YEAR
 MAXIMUM TEMPERATURE (F)   42        77      1943
 MINIMUM TEMPERATURE (F)   25       -15      1963


SUNRISE AND SUNSET
JANUARY 23 2019.......SUNRISE   742 AM EST   SUNSET   542 PM EST
JANUARY 24 2019.......SUNRISE   742 AM EST   SUNSET   543 PM EST


-  INDICATES NEGATIVE NUMBERS.
R  INDICATES RECORD WAS SET OR TIED.
MM INDICATES DATA IS MISSING.
T  INDICATES TRACE AMOUNT.




$$
