000
CDUS41 KRLX 210718
CLIHTS


CLIMATE REPORT
NATIONAL WEATHER SERVICE CHARLESTON WV
317 AM EDT SAT APR 21 2018


...................................

...THE HUNTINGTON WV CLIMATE SUMMARY FOR APRIL 20 2018...

CLIMATE NORMAL PERIOD 1981 TO 2010
CLIMATE RECORD PERIOD 1897 TO 2018


WEATHER ITEM   OBSERVED TIME   RECORD YEAR NORMAL DEPARTURE LAST
                VALUE   (LST)  VALUE       VALUE  FROM      YEAR
                                                  NORMAL
..................................................................
TEMPERATURE (F)
 YESTERDAY
  MAXIMUM         59        MM  89    1976  70    -11       83
                                      1954
                                      1917
  MINIMUM         36        MM  25    1926  46    -10       62
  AVERAGE         48                        58    -10       73

PRECIPITATION (IN)
  YESTERDAY        0.00          3.54 1901   0.12  -0.12     0.13
  MONTH TO DATE    2.51                      2.23   0.28     1.38
  SINCE JAN 1     16.90                     12.17   4.73    12.26

SNOWFALL (IN)
  YESTERDAY        0.0           3.0  1901   0.0    0.0      0.0
  MONTH TO DATE    1.2                       0.9    0.3      0.0
  SINCE SEP 1     12.5                      23.6  -11.1      5.9
  SNOW DEPTH       0

DEGREE DAYS
 HEATING
  YESTERDAY       17                         8      9        0
  MONTH TO DATE  317                       221     96      101
  SINCE MAR 1   1015                       817    198      653
  SINCE JUL 1   4265                      4318    -53     3302

 COOLING
  YESTERDAY        0                         1     -1        8
  MONTH TO DATE   21                        19      2       38
  SINCE MAR 1     21                        24     -3       40
  SINCE JAN 1     28                        24      4       41
..................................................................


WIND (MPH)
  HIGHEST WIND SPEED    12   HIGHEST WIND DIRECTION    NE (60)
  HIGHEST GUST SPEED   178   HIGHEST GUST DIRECTION     E (90)
  AVERAGE WIND SPEED     5.6


SKY COVER
  POSSIBLE SUNSHINE  MM
  AVERAGE SKY COVER 0.0


WEATHER CONDITIONS
 THE FOLLOWING WEATHER WAS RECORDED YESTERDAY.
  NO SIGNIFICANT WEATHER WAS OBSERVED.


RELATIVE HUMIDITY (PERCENT)
 HIGHEST    86           100 AM
 LOWEST     22           100 PM
 AVERAGE    54

..........................................................


THE HUNTINGTON WV CLIMATE NORMALS FOR TODAY
                         NORMAL    RECORD    YEAR
 MAXIMUM TEMPERATURE (F)   70        92      1985
 MINIMUM TEMPERATURE (F)   46        26      1956


SUNRISE AND SUNSET
APRIL 21 2018.........SUNRISE   646 AM EDT   SUNSET   812 PM EDT
APRIL 22 2018.........SUNRISE   645 AM EDT   SUNSET   813 PM EDT


-  INDICATES NEGATIVE NUMBERS.
R  INDICATES RECORD WAS SET OR TIED.
MM INDICATES DATA IS MISSING.
T  INDICATES TRACE AMOUNT.




$$
