000
CDUS41 KRLX 112118
CLIHTS

CLIMATE REPORT
NATIONAL WEATHER SERVICE CHARLESTON WV
518 PM EDT TUE AUG 11 2020

...................................

...THE HUNTINGTON WV CLIMATE SUMMARY FOR AUGUST 11 2020...
VALID TODAY AS OF 0500 PM LOCAL TIME.

CLIMATE NORMAL PERIOD: 1981 TO 2010
CLIMATE RECORD PERIOD: 1897 TO 2020


WEATHER ITEM   OBSERVED TIME   RECORD YEAR NORMAL DEPARTURE LAST
                VALUE   (LST)  VALUE       VALUE  FROM      YEAR
                                                  NORMAL
...................................................................
TEMPERATURE (F)
 TODAY
  MAXIMUM         86   2:28 PM  99    1944  86      0       87
  MINIMUM         70   6:04 AM  51    1962  65      5       58
                                      1972
  AVERAGE         78                        75      3       73

PRECIPITATION (IN)
  TODAY            0.00          2.15 1964   0.12  -0.12     0.00
  MONTH TO DATE    0.36                      1.39  -1.03     0.75
  SINCE JUN 1      6.75                      9.82  -3.07     9.20
  SINCE JAN 1     29.76                     27.90   1.86    29.06

DEGREE DAYS
 HEATING
  TODAY            0                         0      0        0
  MONTH TO DATE    0                         0      0        0
  SINCE JUN 1      5                        12     -7        5
  SINCE JUL 1      0                         0      0        0

 COOLING
  TODAY           13                        10      3        8
  MONTH TO DATE  115                       119     -4      125
  SINCE JUN 1    809                       676    133      740
  SINCE JAN 1    943                       789    154      936
...................................................................


WIND (MPH)
  HIGHEST WIND SPEED    12   HIGHEST WIND DIRECTION     S (200)
  HIGHEST GUST SPEED    14   HIGHEST GUST DIRECTION     S (200)
  AVERAGE WIND SPEED     3.9


SKY COVER
  AVERAGE SKY COVER 0.3


WEATHER CONDITIONS
THE FOLLOWING WEATHER WAS RECORDED TODAY.
  NO SIGNIFICANT WEATHER WAS OBSERVED.


RELATIVE HUMIDITY (PERCENT)
 HIGHEST    93
 LOWEST     61
 AVERAGE    77

..........................................................


THE HUNTINGTON WV CLIMATE NORMALS FOR TOMORROW
                         NORMAL    RECORD    YEAR
 MAXIMUM TEMPERATURE (F)   86       100      1944
 MINIMUM TEMPERATURE (F)   65        48      1930


SUNRISE AND SUNSET
AUGUST 11 2020........SUNRISE   6:42 AM EDT   SUNSET   8:28 PM EDT
AUGUST 12 2020........SUNRISE   6:43 AM EDT   SUNSET   8:27 PM EDT


-  INDICATES NEGATIVE NUMBERS.
R  INDICATES RECORD WAS SET OR TIED.
MM INDICATES DATA IS MISSING.
T  INDICATES TRACE AMOUNT.




$$
