160
CDUS41 KRLX 162117
CLIHTS


CLIMATE REPORT
NATIONAL WEATHER SERVICE CHARLESTON WV
517 PM EDT WED OCT 16 2019


...................................

...THE HUNTINGTON WV CLIMATE SUMMARY FOR OCTOBER 16 2019...
VALID TODAY AS OF 0500 PM LOCAL TIME.

CLIMATE NORMAL PERIOD 1981 TO 2010
CLIMATE RECORD PERIOD 1897 TO 2019


WEATHER ITEM   OBSERVED TIME   RECORD YEAR NORMAL DEPARTURE LAST
                VALUE   (LST)  VALUE       VALUE  FROM      YEAR
                                                  NORMAL
..................................................................
TEMPERATURE (F)
 TODAY
  MAXIMUM         64    312 AM  87    1947  68     -4       54
  MINIMUM         48    359 PM  30    1945  45      3       43
                                      1944
  AVERAGE         56                        56      0       49

PRECIPITATION (IN)
  TODAY            0.51          1.09 1993   0.09   0.42     0.00
  MONTH TO DATE    3.29                      1.40   1.89     1.67
  SINCE SEP 1      3.30                      4.18  -0.88    12.08
  SINCE JAN 1     37.76                     34.43   3.33    50.14

DEGREE DAYS
 HEATING
  TODAY            9                         9      0       16
  MONTH TO DATE   61                       113    -52       72
  SINCE SEP 1     61                       169   -108       83
  SINCE JUL 1     61                       171   -110       83

 COOLING
  TODAY            0                         0      0        0
  MONTH TO DATE   65                        16     49       99
  SINCE SEP 1    371                       150    221      363
  SINCE JAN 1   1510                      1127    383     1634
..................................................................


WIND (MPH)
  HIGHEST WIND SPEED    20   HIGHEST WIND DIRECTION    NW (320)
  HIGHEST GUST SPEED    29   HIGHEST GUST DIRECTION    NW (300)
  AVERAGE WIND SPEED     7.3


SKY COVER
  POSSIBLE SUNSHINE  MM
  AVERAGE SKY COVER 0.8


WEATHER CONDITIONS
 THE FOLLOWING WEATHER WAS RECORDED TODAY.
  HEAVY RAIN
  RAIN
  LIGHT RAIN
  FOG


RELATIVE HUMIDITY (PERCENT)
 HIGHEST   100           500 AM
 LOWEST     66           100 PM
 AVERAGE    83

..........................................................


THE HUNTINGTON WV CLIMATE NORMALS FOR TOMORROW
                         NORMAL    RECORD    YEAR
 MAXIMUM TEMPERATURE (F)   68        86      1938
 MINIMUM TEMPERATURE (F)   45        28      1991


SUNRISE AND SUNSET
OCTOBER 16 2019.......SUNRISE   740 AM EDT   SUNSET   651 PM EDT
OCTOBER 17 2019.......SUNRISE   741 AM EDT   SUNSET   650 PM EDT


-  INDICATES NEGATIVE NUMBERS.
R  INDICATES RECORD WAS SET OR TIED.
MM INDICATES DATA IS MISSING.
T  INDICATES TRACE AMOUNT.




$$
