000
CDUS41 KRLX 150733
CLIHTS


CLIMATE REPORT
NATIONAL WEATHER SERVICE CHARLESTON WV
332 AM EDT MON OCT 15 2018


...................................

...THE HUNTINGTON WV CLIMATE SUMMARY FOR OCTOBER 14 2018...

CLIMATE NORMAL PERIOD 1981 TO 2010
CLIMATE RECORD PERIOD 1897 TO 2018


WEATHER ITEM   OBSERVED TIME   RECORD YEAR NORMAL DEPARTURE LAST
                VALUE   (LST)  VALUE       VALUE  FROM      YEAR
                                                  NORMAL
..................................................................
TEMPERATURE (F)
 YESTERDAY
  MAXIMUM         60   1159 PM  89    1954  69     -9       82
  MINIMUM         44    711 AM  25    1988  46     -2       53
  AVERAGE         52                        57     -5       68

PRECIPITATION (IN)
  YESTERDAY        0.10          1.00 2014   0.09   0.01     0.00
  MONTH TO DATE    1.29                      1.23   0.06     2.94
  SINCE JAN 1     49.76                     34.26  15.50    39.07

SNOWFALL (IN)
  YESTERDAY        0.0           0.0  2016   0.0    0.0      0.0
  MONTH TO DATE    0.0                       0.0    0.0      0.0
  SINCE SEP 1      0.0                       0.0    0.0      0.0
  SNOW DEPTH       0

DEGREE DAYS
 HEATING
  YESTERDAY       13                         8      5        0
  MONTH TO DATE   49                        95    -46       14
  SINCE SEP 1     60                       151    -91       46
  SINCE JUL 1     60                       153    -93       46

 COOLING
  YESTERDAY        0                         1     -1        3
  MONTH TO DATE   99                        16     83       53
  SINCE SEP 1    363                       150    213      185
  SINCE JAN 1   1634                      1127    507     1187
..................................................................


WIND (MPH)
  HIGHEST WIND SPEED     9   HIGHEST WIND DIRECTION     S (200)
  HIGHEST GUST SPEED    13   HIGHEST GUST DIRECTION     S (200)
  AVERAGE WIND SPEED     3.4


SKY COVER
  POSSIBLE SUNSHINE  MM
  AVERAGE SKY COVER 0.9


WEATHER CONDITIONS
 THE FOLLOWING WEATHER WAS RECORDED YESTERDAY.
  RAIN
  LIGHT RAIN
  FOG
  HAZE


RELATIVE HUMIDITY (PERCENT)
 HIGHEST    96           100 PM
 LOWEST     83          1200 AM
 AVERAGE    90

..........................................................


THE HUNTINGTON WV CLIMATE NORMALS FOR TODAY
                         NORMAL    RECORD    YEAR
 MAXIMUM TEMPERATURE (F)   68        85      1956
 MINIMUM TEMPERATURE (F)   45        28      1937


SUNRISE AND SUNSET
OCTOBER 15 2018.......SUNRISE   739 AM EDT   SUNSET   652 PM EDT
OCTOBER 16 2018.......SUNRISE   740 AM EDT   SUNSET   651 PM EDT


-  INDICATES NEGATIVE NUMBERS.
R  INDICATES RECORD WAS SET OR TIED.
MM INDICATES DATA IS MISSING.
T  INDICATES TRACE AMOUNT.




$$
