000
CDUS41 KRLX 220722
CLIHTS


CLIMATE REPORT
NATIONAL WEATHER SERVICE CHARLESTON WV
321 AM EDT SUN JUL 22 2018


...................................

...THE HUNTINGTON WV CLIMATE SUMMARY FOR JULY 21 2018...

CLIMATE NORMAL PERIOD 1981 TO 2010
CLIMATE RECORD PERIOD 1897 TO 2018


WEATHER ITEM   OBSERVED TIME   RECORD YEAR NORMAL DEPARTURE LAST
                VALUE   (LST)  VALUE       VALUE  FROM      YEAR
                                                  NORMAL
..................................................................
TEMPERATURE (F)
 YESTERDAY
  MAXIMUM         83    252 PM 104    1934  86     -3       87
                                      1930
  MINIMUM         64    656 AM  51    1951  66     -2       74
  AVERAGE         74                        76     -2       81

PRECIPITATION (IN)
  YESTERDAY        0.11          2.38 1954   0.15  -0.04     0.05
  MONTH TO DATE    3.13                      3.03   0.10     3.89
  SINCE JAN 1     28.40                     24.99   3.41    26.96

DEGREE DAYS
 HEATING
  YESTERDAY        0                         0      0        0
  MONTH TO DATE    0                         0      0        0
  SINCE JUN 1      0                        12    -12        4
  SINCE JUL 1      0                         0      0        0

 COOLING
  YESTERDAY        9                        11     -2       16
  MONTH TO DATE  260                       228     32      262
  SINCE JUN 1    559                       453    106      485
  SINCE JAN 1    840                       566    274      657
..................................................................


WIND (MPH)
  HIGHEST WIND SPEED    18   HIGHEST WIND DIRECTION     S (190)
  HIGHEST GUST SPEED    23   HIGHEST GUST DIRECTION     S (190)
  AVERAGE WIND SPEED     5.6


SKY COVER
  POSSIBLE SUNSHINE  MM
  AVERAGE SKY COVER 0.3


WEATHER CONDITIONS
 THE FOLLOWING WEATHER WAS RECORDED YESTERDAY.
  LIGHT RAIN
  FOG


RELATIVE HUMIDITY (PERCENT)
 HIGHEST    93          1200 AM
 LOWEST     55           300 PM
 AVERAGE    74

..........................................................


THE HUNTINGTON WV CLIMATE NORMALS FOR TODAY
                         NORMAL    RECORD    YEAR
 MAXIMUM TEMPERATURE (F)   86       101      1934
                                             1930
 MINIMUM TEMPERATURE (F)   66        51      1944


SUNRISE AND SUNSET
JULY 22 2018..........SUNRISE   624 AM EDT   SUNSET   849 PM EDT
JULY 23 2018..........SUNRISE   625 AM EDT   SUNSET   848 PM EDT


-  INDICATES NEGATIVE NUMBERS.
R  INDICATES RECORD WAS SET OR TIED.
MM INDICATES DATA IS MISSING.
T  INDICATES TRACE AMOUNT.




$$
