000
CDUS41 KRLX 142123
CLIHTS

CLIMATE REPORT
NATIONAL WEATHER SERVICE CHARLESTON WV
523 PM EDT MON JUN 14 2021

...................................

...THE HUNTINGTON WV CLIMATE SUMMARY FOR JUNE 14 2021...
VALID TODAY AS OF 0500 PM LOCAL TIME.

CLIMATE NORMAL PERIOD: 1991 TO 2020
CLIMATE RECORD PERIOD: 1897 TO 2021


WEATHER ITEM   OBSERVED TIME   RECORD YEAR NORMAL DEPARTURE LAST
                VALUE   (LST)  VALUE       VALUE  FROM      YEAR
                                                  NORMAL
...................................................................
TEMPERATURE (F)
 TODAY
  MAXIMUM         88   3:50 PM  96    1930  83      5       70
  MINIMUM         64   4:43 AM  43    1978  62      2       57
  AVERAGE         76                        73      3       64

PRECIPITATION (IN)
  TODAY            0.00          1.66 1961   0.15  -0.15     0.08
  MONTH TO DATE    3.76                      1.95   1.81     1.17
  SINCE JUN 1      3.76                      1.95   1.81     1.17
  SINCE JAN 1     21.93                     21.00   0.93    24.18

DEGREE DAYS
 HEATING
  TODAY            0                         0      0        1
  MONTH TO DATE    0                         6     -6        5
  SINCE JUN 1      0                         6     -6        5
  SINCE JUL 1   4316                      4318     -2     4025

 COOLING
  TODAY           11                         8      3        0
  MONTH TO DATE  118                        90     28      107
  SINCE JUN 1    118                        90     28      107
  SINCE JAN 1    224                       230     -6      241
...................................................................


WIND (MPH)
  HIGHEST WIND SPEED    14   HIGHEST WIND DIRECTION     W (250)
  HIGHEST GUST SPEED    19   HIGHEST GUST DIRECTION     W (270)
  AVERAGE WIND SPEED     3.5


SKY COVER
  AVERAGE SKY COVER 0.5


WEATHER CONDITIONS
THE FOLLOWING WEATHER WAS RECORDED TODAY.
  FOG
  FOG W/VISIBILITY <= 1/4 MILE


RELATIVE HUMIDITY (PERCENT)
 HIGHEST   100
 LOWEST     46
 AVERAGE    73

..........................................................


THE HUNTINGTON WV CLIMATE NORMALS FOR TOMORROW
                         NORMAL    RECORD    YEAR
 MAXIMUM TEMPERATURE (F)   83        98      1930
 MINIMUM TEMPERATURE (F)   63        42      1907


SUNRISE AND SUNSET
JUNE 14 2021..........SUNRISE   6:06 AM EDT   SUNSET   8:55 PM EDT
JUNE 15 2021..........SUNRISE   6:06 AM EDT   SUNSET   8:56 PM EDT


-  INDICATES NEGATIVE NUMBERS.
R  INDICATES RECORD WAS SET OR TIED.
MM INDICATES DATA IS MISSING.
T  INDICATES TRACE AMOUNT.




$$
