017
CDUS43 KIND 162030
CLIHUF


CLIMATE REPORT
NATIONAL WEATHER SERVICE INDIANAPOLIS IN
430 PM EDT MON JUL 16 2018


...................................

...THE TERRE HAUTE IN CLIMATE SUMMARY FOR JULY 16 2018...
VALID TODAY AS OF 0400 PM LOCAL TIME.

CLIMATE NORMAL PERIOD 1981 TO 2010
CLIMATE RECORD PERIOD 9999 TO 9999


WEATHER ITEM   OBSERVED TIME   NORMAL DEPARTURE LAST
                VALUE   (LST)  VALUE  FROM      YEAR
                                      NORMAL
......................................................
TEMPERATURE (F)
 TODAY
  MAXIMUM         91    212 PM  86      5       84
  MINIMUM         73    501 AM  64      9       60
  AVERAGE         82            75      7       72

PRECIPITATION (IN)
  TODAY            0.00          0.19  -0.19     0.00
  MONTH TO DATE    0.39          2.46  -2.07     3.21
  SINCE JUN 1      5.52          6.90  -1.38     9.09
  SINCE JAN 1     23.02         25.34  -2.32    32.01

......................................................


WIND (MPH)
  HIGHEST WIND SPEED    13   HIGHEST WIND DIRECTION     W (260)
  HIGHEST GUST SPEED    16   HIGHEST GUST DIRECTION     W (250)
  AVERAGE WIND SPEED     4.2


SKY COVER
  AVERAGE SKY COVER 0.7


WEATHER CONDITIONS
 THE FOLLOWING WEATHER WAS RECORDED TODAY.
  FOG


RELATIVE HUMIDITY (PERCENT)
 HIGHEST   100           600 AM
 LOWEST     59           200 PM

..........................................................


THE TERRE HAUTE IN CLIMATE NORMALS FOR TOMORROW
                         NORMAL
 MAXIMUM TEMPERATURE (F)   86
 MINIMUM TEMPERATURE (F)   64


SUNRISE AND SUNSET
JULY 16 2018..........SUNRISE   635 AM EDT   SUNSET   915 PM EDT
JULY 17 2018..........SUNRISE   636 AM EDT   SUNSET   914 PM EDT


-  INDICATES NEGATIVE NUMBERS.
R  INDICATES RECORD WAS SET OR TIED.
MM INDICATES DATA IS MISSING.
T  INDICATES TRACE AMOUNT.




$$
