000
CDUS43 KIND 180536
CLIHUF


CLIMATE REPORT
NATIONAL WEATHER SERVICE INDIANAPOLIS IN
135 AM EDT THU OCT 18 2018


...................................

...THE TERRE HAUTE IN CLIMATE SUMMARY FOR OCTOBER 17 2018...

CLIMATE NORMAL PERIOD 1981 TO 2010
CLIMATE RECORD PERIOD 9999 TO 9999


WEATHER ITEM   OBSERVED TIME   NORMAL DEPARTURE LAST
                VALUE   (LST)  VALUE  FROM      YEAR
                                      NORMAL
......................................................
TEMPERATURE (F)
 YESTERDAY
  MAXIMUM         58    208 PM  65     -7       67
  MINIMUM         36    715 AM  42     -6       37
  AVERAGE         47            54     -7       52

PRECIPITATION (IN)
  YESTERDAY        0.00          0.12  -0.12     0.00
  MONTH TO DATE    1.49          1.95  -0.46     4.13
  SINCE SEP 1      5.60          5.37   0.23     4.44
  SINCE JAN 1     37.30         36.65   0.65    40.28

DEGREE DAYS
 HEATING
  YESTERDAY       18            12      6       13
  MONTH TO DATE  131           157    -26       51
  SINCE SEP 1    166           230    -64       99
  SINCE JUL 1    168           235    -67       99

 COOLING
  YESTERDAY        0             0      0        0
  MONTH TO DATE   91            12     79       51
  SINCE SEP 1    314           111    203      214
  SINCE JAN 1   1521           990    531     1124
......................................................


WIND (MPH)
  HIGHEST WIND SPEED    21   HIGHEST WIND DIRECTION    NW (300)
  HIGHEST GUST SPEED    33   HIGHEST GUST DIRECTION     W (290)
  AVERAGE WIND SPEED     7.6


SKY COVER
  AVERAGE SKY COVER 0.0


WEATHER CONDITIONS
 THE FOLLOWING WEATHER WAS RECORDED YESTERDAY.
  NO SIGNIFICANT WEATHER WAS OBSERVED.


RELATIVE HUMIDITY (PERCENT)
 HIGHEST   100           700 AM
 LOWEST     38           100 PM
 AVERAGE    69

..........................................................


THE TERRE HAUTE IN CLIMATE NORMALS FOR TODAY
                         NORMAL
 MAXIMUM TEMPERATURE (F)   65
 MINIMUM TEMPERATURE (F)   42


SUNRISE AND SUNSET
OCTOBER 18 2018.......SUNRISE   802 AM EDT   SUNSET   706 PM EDT
OCTOBER 19 2018.......SUNRISE   803 AM EDT   SUNSET   704 PM EDT


-  INDICATES NEGATIVE NUMBERS.
R  INDICATES RECORD WAS SET OR TIED.
MM INDICATES DATA IS MISSING.
T  INDICATES TRACE AMOUNT.




$$
