000
CDUS43 KIND 150531
CLIHUF

CLIMATE REPORT
NATIONAL WEATHER SERVICE INDIANAPOLIS IN
131 AM EDT TUE JUN 15 2021

...................................

...THE TERRE HAUTE IN CLIMATE SUMMARY FOR JUNE 14 2021...

CLIMATE NORMAL PERIOD 1991 TO 2020
CLIMATE RECORD PERIOD 9999 TO 9999


WEATHER ITEM   OBSERVED TIME   NORMAL DEPARTURE LAST
                VALUE   (LST)  VALUE  FROM      YEAR
                                      NORMAL
.......................................................
TEMPERATURE (F)
 YESTERDAY
  MAXIMUM         90    114 PM  83      7       77
  MINIMUM         60    452 AM  62     -2       54
  AVERAGE         75            73      2       66

PRECIPITATION (IN)
  YESTERDAY        0.00          0.16  -0.16     0.08
  MONTH TO DATE    1.12          2.17  -1.05     0.62
  SINCE JUN 1      1.12          2.17  -1.05     0.62
  SINCE JAN 1     16.42         19.13  -2.71    19.76

DEGREE DAYS
 HEATING
  YESTERDAY        0             0      0        0
  MONTH TO DATE    0             8     -8        1
  SINCE JUN 1      0             8     -8        1
  SINCE JUL 1   5007          5232   -225     4929

 COOLING
  YESTERDAY       10             8      2        1
  MONTH TO DATE  134            94     40      119
  SINCE JUN 1    134            94     40      119
  SINCE JAN 1    236           202     34      223
.......................................................


WIND (MPH)
  HIGHEST WIND SPEED    21   HIGHEST WIND DIRECTION    NW (330)
  HIGHEST GUST SPEED    30   HIGHEST GUST DIRECTION    NW (310)
  AVERAGE WIND SPEED     8.0


SKY COVER
  AVERAGE SKY COVER 0.0


WEATHER CONDITIONS
THE FOLLOWING WEATHER WAS RECORDED YESTERDAY.
  NO SIGNIFICANT WEATHER WAS OBSERVED.


RELATIVE HUMIDITY (PERCENT)
 HIGHEST    90           400 AM
 LOWEST     28           300 PM
 AVERAGE    59

..........................................................


THE TERRE HAUTE IN CLIMATE NORMALS FOR TODAY
                         NORMAL    RECORD    YEAR
 MAXIMUM TEMPERATURE (F)   84        MM        MM
 MINIMUM TEMPERATURE (F)   62        MM        MM


SUNRISE AND SUNSET
JUNE 15 2021..........SUNRISE   622 AM EDT   SUNSET   918 PM EDT
JUNE 16 2021..........SUNRISE   622 AM EDT   SUNSET   918 PM EDT


-  INDICATES NEGATIVE NUMBERS.
R  INDICATES RECORD WAS SET OR TIED.
MM INDICATES DATA IS MISSING.
T  INDICATES TRACE AMOUNT.




$$
