000
CDUS43 KIND 250543
CLIHUF


CLIMATE REPORT
NATIONAL WEATHER SERVICE INDIANAPOLIS IN
142 AM EDT WED APR 25 2018


...................................

...THE TERRE HAUTE IN CLIMATE SUMMARY FOR APRIL 24 2018...

CLIMATE NORMAL PERIOD 1981 TO 2010
CLIMATE RECORD PERIOD 9999 TO 9999


WEATHER ITEM   OBSERVED TIME   NORMAL DEPARTURE LAST
                VALUE   (LST)  VALUE  FROM      YEAR
                                      NORMAL
......................................................
TEMPERATURE (F)
 YESTERDAY
  MAXIMUM         62    522 PM  67     -5       76
  MINIMUM         50   1159 PM  45      5       37
  AVERAGE         56            56      0       57

PRECIPITATION (IN)
  YESTERDAY        0.00          0.18  -0.18     0.00
  MONTH TO DATE    4.45          2.82   1.63     2.66
  SINCE MAR 1      9.42          6.19   3.23     6.23
  SINCE JAN 1     15.27         10.48   4.79    10.57

DEGREE DAYS
 HEATING
  YESTERDAY        9            10     -1        8
  MONTH TO DATE  454           315    139      187
  SINCE MAR 1   1229          1006    223      758
  SINCE JUL 1   5239          5169     70     4093

 COOLING
  YESTERDAY        0             1     -1        0
  MONTH TO DATE    4            10     -6       19
  SINCE MAR 1      4            11     -7       21
  SINCE JAN 1      4            11     -7       21
......................................................


WIND (MPH)
  HIGHEST WIND SPEED    13   HIGHEST WIND DIRECTION    NE (30)
  HIGHEST GUST SPEED    16   HIGHEST GUST DIRECTION    NE (30)
  AVERAGE WIND SPEED     5.7


SKY COVER
  AVERAGE SKY COVER 1.0


WEATHER CONDITIONS
 THE FOLLOWING WEATHER WAS RECORDED YESTERDAY.
  FOG


RELATIVE HUMIDITY (PERCENT)
 HIGHEST   100          1100 PM
 LOWEST     75           300 PM
 AVERAGE    88

..........................................................


THE TERRE HAUTE IN CLIMATE NORMALS FOR TODAY
                         NORMAL
 MAXIMUM TEMPERATURE (F)   67
 MINIMUM TEMPERATURE (F)   45


SUNRISE AND SUNSET
APRIL 25 2018.........SUNRISE   658 AM EDT   SUNSET   837 PM EDT
APRIL 26 2018.........SUNRISE   657 AM EDT   SUNSET   838 PM EDT


-  INDICATES NEGATIVE NUMBERS.
R  INDICATES RECORD WAS SET OR TIED.
MM INDICATES DATA IS MISSING.
T  INDICATES TRACE AMOUNT.




$$
