000
CDUS41 KCAR 202136
CLIHUL


CLIMATE REPORT
NATIONAL WEATHER SERVICE CARIBOU, ME
435 PM EST SUN JAN 20 2019


...................................

...THE HOULTON ME CLIMATE SUMMARY FOR JANUARY 20 2019...
VALID TODAY AS OF 0400 PM LOCAL TIME.

CLIMATE NORMAL PERIOD 1981 TO 2010
CLIMATE RECORD PERIOD 1948 TO 2019


WEATHER ITEM   OBSERVED TIME   RECORD YEAR NORMAL DEPARTURE LAST
                VALUE   (LST)  VALUE       VALUE  FROM      YEAR
                                                  NORMAL
..................................................................
TEMPERATURE (F)
 TODAY
  MAXIMUM         13    359 PM  52    1996  22     -9       39
  MINIMUM         -6    334 AM -30    1994   0     -6       26
  AVERAGE          4                        11     -7       33

PRECIPITATION (IN)
  TODAY            0.61          1.21 1973   0.09   0.52      T
                                      2002
  MONTH TO DATE    1.41                      1.85  -0.44     2.04
  SINCE DEC 1      3.89                      5.14  -1.25     5.28
  SINCE JAN 1      1.41                      1.85  -0.44     2.04

SNOWFALL (IN)
  TODAY           MM             8.0  2005   0.8   MM       MM
  MONTH TO DATE   MM                        15.2   MM       MM
  SINCE DEC 1     MM                        31.6   MM       MM
  SINCE JUL 1     MM                        39.7   MM       MM
  SNOW DEPTH      MM

DEGREE DAYS
 HEATING
  TODAY           61                        54      7       32
  MONTH TO DATE 1077                      1062     15     1026
  SINCE DEC 1   2548                      2474     74     2584
  SINCE JUL 1   4828                      4582    246     4290

 COOLING
  TODAY            0                         0      0        0
  MONTH TO DATE    0                         0      0        0
  SINCE DEC 1      0                         0      0        0
  SINCE JAN 1      0                         0      0        0
..................................................................


WIND (MPH)
  HIGHEST WIND SPEED    22   HIGHEST WIND DIRECTION    NE (40)
  HIGHEST GUST SPEED    30   HIGHEST GUST DIRECTION    NE (50)
  AVERAGE WIND SPEED    11.2


SKY COVER
  POSSIBLE SUNSHINE  MM
  AVERAGE SKY COVER 0.9


WEATHER CONDITIONS
 THE FOLLOWING WEATHER WAS RECORDED TODAY.
  HEAVY SNOW
  SNOW
  LIGHT SNOW
  FOG
  FOG W/VISIBILITY <= 1/4 MILE


RELATIVE HUMIDITY (PERCENT)
 HIGHEST    92           400 PM
 LOWEST     75           100 AM
 AVERAGE    84

..........................................................


THE HOULTON ME CLIMATE NORMALS FOR TOMORROW
                         NORMAL    RECORD    YEAR
 MAXIMUM TEMPERATURE (F)   22        49      2006
 MINIMUM TEMPERATURE (F)    0       -25      1970


SUNRISE AND SUNSET
JANUARY 20 2019.......SUNRISE   706 AM EST   SUNSET   419 PM EST
JANUARY 21 2019.......SUNRISE   705 AM EST   SUNSET   420 PM EST


-  INDICATES NEGATIVE NUMBERS.
R  INDICATES RECORD WAS SET OR TIED.
MM INDICATES DATA IS MISSING.
T  INDICATES TRACE AMOUNT.




$$
