000
CDUS41 KCAR 180546
CLIHUL


CLIMATE REPORT
NATIONAL WEATHER SERVICE CARIBOU, ME
146 AM EDT FRI OCT 18 2019


...................................

...THE HOULTON ME CLIMATE SUMMARY FOR OCTOBER 17 2019...

CLIMATE NORMAL PERIOD 1981 TO 2010
CLIMATE RECORD PERIOD 1948 TO 2019


WEATHER ITEM   OBSERVED TIME   RECORD YEAR NORMAL DEPARTURE LAST
                VALUE   (LST)  VALUE       VALUE  FROM      YEAR
                                                  NORMAL
..................................................................
TEMPERATURE (F)
 YESTERDAY
  MAXIMUM         52    329 PM  83    1947  54     -2       47
  MINIMUM         41    929 PM  19    2009  33      8       30
                                      2000
  AVERAGE         47                        43      4       39

PRECIPITATION (IN)
  YESTERDAY        0.48          2.13 2014   0.11   0.37     0.09
  MONTH TO DATE    1.62                      1.98  -0.36     2.08
  SINCE SEP 1      5.13                      5.38  -0.25     4.00
  SINCE JAN 1     29.99                     31.00  -1.01    27.03

SNOWFALL (IN)
  YESTERDAY       MM                         0.1   MM       MM
  MONTH TO DATE   MM                         0.3   MM       MM
  SINCE SEP 1     MM                         0.4   MM       MM
  SINCE JUL 1     MM                         0.4   MM       MM
  SNOW DEPTH      MM

DEGREE DAYS
 HEATING
  YESTERDAY       18                        22     -4       26
  MONTH TO DATE  315                       327    -12      345
  SINCE SEP 1    644                       639      5      645
  SINCE JUL 1    743                       795    -52      722

 COOLING
  YESTERDAY        0                         0      0        0
  MONTH TO DATE    0                         0      0        0
  SINCE SEP 1      4                        13     -9       21
  SINCE JAN 1    178                       191    -13      303
..................................................................


WIND (MPH)
  HIGHEST WIND SPEED    29   HIGHEST WIND DIRECTION     E (70)
  HIGHEST GUST SPEED    40   HIGHEST GUST DIRECTION     E (70)
  AVERAGE WIND SPEED     9.5


SKY COVER
  POSSIBLE SUNSHINE  MM
  AVERAGE SKY COVER 0.9


WEATHER CONDITIONS
 THE FOLLOWING WEATHER WAS RECORDED YESTERDAY.
  HEAVY RAIN
  RAIN
  LIGHT RAIN
  FOG
  FOG W/VISIBILITY <= 1/4 MILE


RELATIVE HUMIDITY (PERCENT)
 HIGHEST   100          1100 PM
 LOWEST     70          1200 AM
 AVERAGE    85

..........................................................


THE HOULTON ME CLIMATE NORMALS FOR TODAY
                         NORMAL    RECORD    YEAR
 MAXIMUM TEMPERATURE (F)   53        82      1947
 MINIMUM TEMPERATURE (F)   32        16      1972


SUNRISE AND SUNSET
OCTOBER 18 2019.......SUNRISE   652 AM EDT   SUNSET   540 PM EDT
OCTOBER 19 2019.......SUNRISE   653 AM EDT   SUNSET   538 PM EDT


-  INDICATES NEGATIVE NUMBERS.
R  INDICATES RECORD WAS SET OR TIED.
MM INDICATES DATA IS MISSING.
T  INDICATES TRACE AMOUNT.




$$
