000
CDUS41 KCAR 090554
CLIHUL


CLIMATE REPORT
NATIONAL WEATHER SERVICE CARIBOU, ME
151 AM EDT SUN AUG 9 2020


...................................

...THE HOULTON ME CLIMATE SUMMARY FOR AUGUST 8 2020...

CLIMATE NORMAL PERIOD 1981 TO 2010
CLIMATE RECORD PERIOD 1948 TO 2020


WEATHER ITEM   OBSERVED TIME   RECORD YEAR NORMAL DEPARTURE LAST
                VALUE   (LST)  VALUE       VALUE  FROM      YEAR
                                                  NORMAL
..................................................................
TEMPERATURE (F)
 YESTERDAY
  MAXIMUM         86    213 PM  95    1995  77      9       69
  MINIMUM         53    417 AM  40    2002  53      0       63
  AVERAGE         70                        65      5       66

PRECIPITATION (IN)
  YESTERDAY        0.00          1.39 2019   0.13  -0.13     1.39
  MONTH TO DATE    0.36                      1.07  -0.71     1.61
  SINCE JUN 1      4.67                      8.38  -3.71     7.64
  SINCE JAN 1     16.52                     23.01  -6.49    22.63

SNOWFALL (IN)
  YESTERDAY       MM                         0.0   MM       MM
  MONTH TO DATE   MM                         0.0   MM       MM
  SINCE JUN 1     MM                         0.0   MM       MM
  SINCE JUL 1     MM                         0.0   MM       MM
  SNOW DEPTH      MM

DEGREE DAYS
 HEATING
  YESTERDAY        0                         2     -2        0
  MONTH TO DATE    0                        16    -16        8
  SINCE JUN 1    183                       257    -74      230
  SINCE JUL 1     29                        76    -47       34

 COOLING
  YESTERDAY        5                         2      3        1
  MONTH TO DATE   43                        18     25       14
  SINCE JUN 1    290                       134    156      151
  SINCE JAN 1    331                       138    193      151
..................................................................


WIND (MPH)
  HIGHEST WIND SPEED    14   HIGHEST WIND DIRECTION     W (260)
  HIGHEST GUST SPEED    19   HIGHEST GUST DIRECTION     W (250)
  AVERAGE WIND SPEED     3.8


SKY COVER
  POSSIBLE SUNSHINE  MM
  AVERAGE SKY COVER 0.1


WEATHER CONDITIONS
 THE FOLLOWING WEATHER WAS RECORDED YESTERDAY.
  NO SIGNIFICANT WEATHER WAS OBSERVED.


RELATIVE HUMIDITY (PERCENT)
 HIGHEST    93           200 AM
 LOWEST     34           300 PM
 AVERAGE    64

..........................................................


THE HOULTON ME CLIMATE NORMALS FOR TODAY
                         NORMAL    RECORD    YEAR
 MAXIMUM TEMPERATURE (F)   77        93      1995
 MINIMUM TEMPERATURE (F)   53        40      2002


SUNRISE AND SUNSET
AUGUST  9 2020........SUNRISE   524 AM EDT   SUNSET   749 PM EDT
AUGUST 10 2020........SUNRISE   525 AM EDT   SUNSET   747 PM EDT


-  INDICATES NEGATIVE NUMBERS.
R  INDICATES RECORD WAS SET OR TIED.
MM INDICATES DATA IS MISSING.
T  INDICATES TRACE AMOUNT.




$$
