000
CDUS41 KCAR 070547
CLIHUL

CLIMATE REPORT
NATIONAL WEATHER SERVICE CARIBOU ME
147 AM EDT FRI MAY 07 2021

...................................

...THE HOULTON ME CLIMATE SUMMARY FOR MAY 6 2021...

CLIMATE NORMAL PERIOD: 1991 TO 2020
CLIMATE RECORD PERIOD: 1948 TO 2021


WEATHER ITEM   OBSERVED TIME   RECORD YEAR NORMAL DEPARTURE LAST
                VALUE   (LST)  VALUE       VALUE  FROM      YEAR
                                                  NORMAL
...................................................................
TEMPERATURE (F)
 YESTERDAY
  MAXIMUM         51   1:48 PM  82    1960  60     -9       60
  MINIMUM         38  11:02 PM  22    1974  36      2       26
  AVERAGE         45                        48     -3       43

PRECIPITATION (IN)
  YESTERDAY        0.09          0.79 2017   0.11  -0.02     0.00
  MONTH TO DATE    0.74                      0.66   0.08     0.89
  SINCE MAR 1      5.49                      6.27  -0.78     6.24
  SINCE JAN 1      8.25                     10.87  -2.62     9.81

DEGREE DAYS
 HEATING
  YESTERDAY       20                        17      3       22
  MONTH TO DATE  121                       109     12      127
  SINCE MAR 1   1924                      2125   -201     2125
  SINCE JUL 1   7624                      8535   -911     7971

 COOLING
  YESTERDAY        0                         0      0        0
  MONTH TO DATE    0                         0      0        0
  SINCE MAR 1      0                         0      0        0
  SINCE JAN 1      0                         0      0        0
...................................................................


WIND (MPH)
  HIGHEST WIND SPEED    18   HIGHEST WIND DIRECTION     N (340)
  HIGHEST GUST SPEED    24   HIGHEST GUST DIRECTION     N (350)
  AVERAGE WIND SPEED     7.1


SKY COVER
  POSSIBLE SUNSHINE  MM
  AVERAGE SKY COVER 0.9


WEATHER CONDITIONS
THE FOLLOWING WEATHER WAS RECORDED YESTERDAY.
  LIGHT RAIN
  FOG


RELATIVE HUMIDITY (PERCENT)
 HIGHEST    97           5:00 AM
 LOWEST     63           3:00 PM
 AVERAGE    80

..........................................................


THE HOULTON ME CLIMATE NORMALS FOR TODAY
                         NORMAL    RECORD    YEAR
 MAXIMUM TEMPERATURE (F)   60        84      1964
 MINIMUM TEMPERATURE (F)   36        20      1956


SUNRISE AND SUNSET
MAY  7 2021...........SUNRISE   5:09 AM EDT   SUNSET   7:48 PM EDT
MAY  8 2021...........SUNRISE   5:07 AM EDT   SUNSET   7:49 PM EDT


-  INDICATES NEGATIVE NUMBERS.
*  INDICATES RECORD WAS SET OR TIED.
MM INDICATES DATA IS MISSING.
T  INDICATES TRACE AMOUNT.




$$
