000
CDUS41 KCAR 200548
CLIHUL


CLIMATE REPORT
NATIONAL WEATHER SERVICE CARIBOU, ME
148 AM EDT SAT OCT 20 2018


...................................

...THE HOULTON ME CLIMATE SUMMARY FOR OCTOBER 19 2018...

CLIMATE NORMAL PERIOD 1981 TO 2010
CLIMATE RECORD PERIOD 1948 TO 2018


WEATHER ITEM   OBSERVED TIME   RECORD YEAR NORMAL DEPARTURE LAST
                VALUE   (LST)  VALUE       VALUE  FROM      YEAR
                                                  NORMAL
..................................................................
TEMPERATURE (F)
 YESTERDAY
  MAXIMUM         43        MM  76    1963  53    -10       71
  MINIMUM         20        MM  12    1972  32    -12       30
  AVERAGE         32                        42    -10       51

PRECIPITATION (IN)
  YESTERDAY        0.00          0.66 1990   0.11  -0.11     0.00
  MONTH TO DATE    2.08                      2.21  -0.13     1.51
  SINCE SEP 1      4.00                      5.61  -1.61     4.10
  SINCE JAN 1     27.03                     31.23  -4.20    26.44

SNOWFALL (IN)
  YESTERDAY       MM             0.5  1992   0.0   MM       MM
  MONTH TO DATE   MM                         0.3   MM       MM
  SINCE SEP 1     MM                         0.4   MM       MM
  SINCE JUL 1     MM                         0.4   MM       MM
  SNOW DEPTH      MM

DEGREE DAYS
 HEATING
  YESTERDAY       33                        23     10       14
  MONTH TO DATE  410                       372     38      271
  SINCE SEP 1    710                       684     26      431
  SINCE JUL 1    787                       840    -53      579

 COOLING
  YESTERDAY        0                         0      0        0
  MONTH TO DATE    0                         0      0        0
  SINCE SEP 1     21                        13      8       35
  SINCE JAN 1    303                       191    112      211
..................................................................


WIND (MPH)
  HIGHEST WIND SPEED    10   HIGHEST WIND DIRECTION     S (180)
  HIGHEST GUST SPEED    18   HIGHEST GUST DIRECTION     S (180)
  AVERAGE WIND SPEED     5.8


SKY COVER
  POSSIBLE SUNSHINE  MM
  AVERAGE SKY COVER 0.4


WEATHER CONDITIONS
 THE FOLLOWING WEATHER WAS RECORDED YESTERDAY.
  NO SIGNIFICANT WEATHER WAS OBSERVED.


RELATIVE HUMIDITY (PERCENT)
 HIGHEST    92           500 AM
 LOWEST     59           200 PM
 AVERAGE    76

..........................................................


THE HOULTON ME CLIMATE NORMALS FOR TODAY
                         NORMAL    RECORD    YEAR
 MAXIMUM TEMPERATURE (F)   52        75      1963
 MINIMUM TEMPERATURE (F)   32        11      1972


SUNRISE AND SUNSET
OCTOBER 20 2018.......SUNRISE   655 AM EDT   SUNSET   536 PM EDT
OCTOBER 21 2018.......SUNRISE   656 AM EDT   SUNSET   534 PM EDT


-  INDICATES NEGATIVE NUMBERS.
R  INDICATES RECORD WAS SET OR TIED.
MM INDICATES DATA IS MISSING.
T  INDICATES TRACE AMOUNT.




$$
