000
CDUS45 KTFX 210956
CLIHVR


CLIMATE REPORT
NATIONAL WEATHER SERVICE GREAT FALLS MT
256 AM MST THU FEB 21 2019


...................................

...THE HAVRE MT CLIMATE SUMMARY FOR FEBRUARY 20 2019...

CLIMATE NORMAL PERIOD 1981 TO 2010
CLIMATE RECORD PERIOD 1880 TO 2019


WEATHER ITEM   OBSERVED TIME   RECORD YEAR NORMAL DEPARTURE LAST
                VALUE   (LST)  VALUE       VALUE  FROM      YEAR
                                                  NORMAL
..................................................................
TEMPERATURE (F)
 YESTERDAY
  MAXIMUM         15    900 PM  67    1995  35    -20        0
  MINIMUM        -27    744 AM -39    1918  12    -39      -25
  AVERAGE         -6                        23    -29      -12

PRECIPITATION (IN)
  YESTERDAY        0.04          0.21 1973   0.01   0.03     0.00
  MONTH TO DATE    1.12                      0.19   0.93     1.66
  SINCE OCT 1      2.62                      1.93   0.69     5.66
  SINCE JAN 1      1.65                      0.52   1.13     2.14

SNOWFALL (IN)
  YESTERDAY       MM             2.8  1973   0.3   MM        0.0
  MONTH TO DATE   15.4                       4.2   11.2     31.8
  SINCE DEC 1     23.5                      18.7    4.8     60.8
  SINCE JUL 1     26.1                      26.3   -0.2     78.3
  SNOW DEPTH      11

DEGREE DAYS
 HEATING
  YESTERDAY       71                        42     29       77
  MONTH TO DATE 1436                       874    562     1315
  SINCE DEC 1   3858                      3754    104     4279
  SINCE JUL 1   5913                      5797    116     6337

 COOLING
  YESTERDAY        0                         0      0        0
  MONTH TO DATE    0                         0      0        0
  SINCE DEC 1      0                         0      0        0
  SINCE JAN 1      0                         0      0        0
..................................................................


WIND (MPH)
  HIGHEST WIND SPEED    16   HIGHEST WIND DIRECTION    SW (230)
  HIGHEST GUST SPEED    18   HIGHEST GUST DIRECTION    SW (220)
  AVERAGE WIND SPEED     7.3


SKY COVER
  AVERAGE SKY COVER 0.6


WEATHER CONDITIONS
 THE FOLLOWING WEATHER WAS RECORDED YESTERDAY.
  LIGHT SNOW
  FOG


RELATIVE HUMIDITY (PERCENT)
 HIGHEST    96          1000 PM
 LOWEST     74           800 AM
 AVERAGE    85

..........................................................


THE HAVRE MT CLIMATE NORMALS FOR TODAY
                         NORMAL    RECORD    YEAR
 MAXIMUM TEMPERATURE (F)   35        66      1995
 MINIMUM TEMPERATURE (F)   12       -32      1918


SUNRISE AND SUNSET
FEBRUARY 21 2019......SUNRISE   716 AM MST   SUNSET   550 PM MST
FEBRUARY 22 2019......SUNRISE   714 AM MST   SUNSET   552 PM MST


-  INDICATES NEGATIVE NUMBERS.
R  INDICATES RECORD WAS SET OR TIED.
MM INDICATES DATA IS MISSING.
T  INDICATES TRACE AMOUNT.




$$
