000
CDUS45 KTFX 180744
CLIHVR


CLIMATE REPORT
NATIONAL WEATHER SERVICE GREAT FALLS MT
144 AM MDT FRI OCT 18 2019

...................................

...THE HAVRE MT CLIMATE SUMMARY FOR OCTOBER 17 2019...

CLIMATE NORMAL PERIOD 1981 TO 2010
CLIMATE RECORD PERIOD 1880 TO 2019


WEATHER ITEM   OBSERVED TIME   RECORD YEAR NORMAL DEPARTURE LAST
                VALUE   (LST)  VALUE       VALUE  FROM      YEAR
                                                  NORMAL
...................................................................
TEMPERATURE (F)
 YESTERDAY
  MAXIMUM         63    344 PM  85    1927  58      5       71
  MINIMUM         34    409 AM   9    1930  30      4       32
  AVERAGE         49                        44      5       52

PRECIPITATION (IN)
  YESTERDAY        T             0.72 1918   0.02  -0.02     0.00
  MONTH TO DATE    0.08                      0.36  -0.28     0.24
  SINCE OCT 1      0.08                      0.36  -0.28     0.24
  SINCE JAN 1     10.25                     10.15   0.10     9.14

SNOWFALL (IN)
  YESTERDAY        0.0           2.0  1982   0.0    0.0      0.0
  MONTH TO DATE    0.4                       0.8   -0.4      1.3
  SINCE SEP 1     10.9                       1.1    9.8      1.3
  SINCE JUL 1     10.9                       1.1    9.8      1.3
  SNOW DEPTH       0

DEGREE DAYS
 HEATING
  YESTERDAY       16                        21     -5       13
  MONTH TO DATE  451                       301    150      400
  SINCE SEP 1    698                       575    123      720
  SINCE JUL 1    761                       658    103      804

 COOLING
  YESTERDAY        0                         0      0        0
  MONTH TO DATE    0                         0      0        0
  SINCE SEP 1     21                        19      2       15
  SINCE JAN 1    315                       386    -71      417
...................................................................


WIND (MPH)
  HIGHEST WIND SPEED    21   HIGHEST WIND DIRECTION     W (260)
  HIGHEST GUST SPEED    26   HIGHEST GUST DIRECTION     W (260)
  AVERAGE WIND SPEED     8.8


SKY COVER
  AVERAGE SKY COVER 0.2


WEATHER CONDITIONS
THE FOLLOWING WEATHER WAS RECORDED YESTERDAY.
  NO SIGNIFICANT WEATHER WAS OBSERVED.


RELATIVE HUMIDITY (PERCENT)
 HIGHEST    86           600 AM
 LOWEST     36           100 PM
 AVERAGE    61

..........................................................


THE HAVRE MT CLIMATE NORMALS FOR TODAY
                         NORMAL    RECORD    YEAR
 MAXIMUM TEMPERATURE (F)   58        85      1958
 MINIMUM TEMPERATURE (F)   30         6      1905


SUNRISE AND SUNSET
OCTOBER 18 2019.......SUNRISE   743 AM MDT   SUNSET   624 PM MDT
OCTOBER 19 2019.......SUNRISE   745 AM MDT   SUNSET   622 PM MDT


-  INDICATES NEGATIVE NUMBERS.
R  INDICATES RECORD WAS SET OR TIED.
MM INDICATES DATA IS MISSING.
T  INDICATES TRACE AMOUNT.




$$
