000
CDUS45 KTFX 232330
CLIHVR


CLIMATE REPORT
NATIONAL WEATHER SERVICE GREAT FALLS MT
430 PM MST FRI FEB 23 2018


...................................

...THE HAVRE MT CLIMATE SUMMARY FOR FEBRUARY 23 2018...
VALID TODAY AS OF 0400 PM LOCAL TIME.

CLIMATE NORMAL PERIOD 1981 TO 2010
CLIMATE RECORD PERIOD 1880 TO 2018


WEATHER ITEM   OBSERVED TIME   RECORD YEAR NORMAL DEPARTURE LAST
                VALUE   (LST)  VALUE       VALUE  FROM      YEAR
                                                  NORMAL
..................................................................
TEMPERATURE (F)
 TODAY
  MAXIMUM         10    359 PM  63    1976  36    -26       30
                                      1886
  MINIMUM        -17    727 AM -29    1979  13    -30       16
  AVERAGE         -3                        24    -27       23

PRECIPITATION (IN)
  TODAY            T             0.38 2007   0.01  -0.01     0.02
  MONTH TO DATE    1.66                      0.23   1.43     0.55
  SINCE OCT 1      5.66                      1.97   3.69     5.23
  SINCE JAN 1      2.14                      0.56   1.58     1.24

DEGREE DAYS
 HEATING
  TODAY           68                        41     27       42
  MONTH TO DATE 1534                       997    537      905
  SINCE DEC 1   4498                      3877    621     4035
  SINCE JUL 1   6556                      5920    636     5782

 COOLING
  TODAY            0                         0      0        0
  MONTH TO DATE    0                         0      0        0
  SINCE DEC 1      0                         0      0        0
  SINCE JAN 1      0                         0      0        0
..................................................................


WIND (MPH)
  HIGHEST WIND SPEED    17   HIGHEST WIND DIRECTION    SW (230)
  HIGHEST GUST SPEED    18   HIGHEST GUST DIRECTION    SW (230)
  AVERAGE WIND SPEED     6.7


SKY COVER
  AVERAGE SKY COVER 0.0


WEATHER CONDITIONS
 THE FOLLOWING WEATHER WAS RECORDED TODAY.
  NO SIGNIFICANT WEATHER WAS OBSERVED.


RELATIVE HUMIDITY (PERCENT)
 HIGHEST    86           400 AM
 LOWEST     63           100 PM
 AVERAGE    75

..........................................................


THE HAVRE MT CLIMATE NORMALS FOR TOMORROW
                         NORMAL    RECORD    YEAR
 MAXIMUM TEMPERATURE (F)   36        73      1995
 MINIMUM TEMPERATURE (F)   13       -31      2003


SUNRISE AND SUNSET
FEBRUARY 23 2018......SUNRISE   712 AM MST   SUNSET   554 PM MST
FEBRUARY 24 2018......SUNRISE   710 AM MST   SUNSET   555 PM MST


-  INDICATES NEGATIVE NUMBERS.
R  INDICATES RECORD WAS SET OR TIED.
MM INDICATES DATA IS MISSING.
T  INDICATES TRACE AMOUNT.




$$
