000
CDUS45 KTFX 082240
CLIHVR

CLIMATE REPORT
NATIONAL WEATHER SERVICE GREAT FALLS MT
440 PM MDT SAT MAY 08 2021

...................................

...THE HAVRE MT CLIMATE SUMMARY FOR MAY 8 2021...
VALID TODAY AS OF 0400 PM LOCAL TIME.

CLIMATE NORMAL PERIOD 1991 TO 2020
CLIMATE RECORD PERIOD 1880 TO 2021


WEATHER ITEM   OBSERVED TIME   RECORD YEAR NORMAL DEPARTURE LAST
                VALUE   (LST)  VALUE       VALUE  FROM      YEAR
                                                  NORMAL
...................................................................
TEMPERATURE (F)
 TODAY
  MAXIMUM         49   1047 AM  85    1987  65    -16       64
  MINIMUM         39   1228 PM  23    1885  37      2       35
  AVERAGE         44                        51     -7       50

PRECIPITATION (IN)
  TODAY            0.39          1.66 1891   0.05   0.34     0.01
  MONTH TO DATE    0.94                      0.34   0.60     0.09
  SINCE OCT 1      3.94                      4.30  -0.36     3.96
  SINCE JAN 1      2.37                      2.66  -0.29     1.81

DEGREE DAYS
 HEATING
  TODAY           21                        14      7       15
  MONTH TO DATE  124                       121      3      114
  SINCE MAR 1   1562                      1775   -213     1975
  SINCE JUL 1   7298                      7813   -515     7996

 COOLING
  TODAY            0                         0      0        0
  MONTH TO DATE    0                         0      0        0
  SINCE MAR 1      0                         0      0        0
  SINCE JAN 1      0                         0      0        0
...................................................................


WIND (MPH)
  HIGHEST WIND SPEED    17   HIGHEST WIND DIRECTION     W (260)
  HIGHEST GUST SPEED    22   HIGHEST GUST DIRECTION     W (250)
  AVERAGE WIND SPEED     9.1


SKY COVER
  AVERAGE SKY COVER 1.0


WEATHER CONDITIONS
THE FOLLOWING WEATHER WAS RECORDED TODAY.
  HEAVY RAIN
  RAIN
  LIGHT RAIN
  FOG


RELATIVE HUMIDITY (PERCENT)
 HIGHEST    89           100 AM
 LOWEST     63          1000 AM
 AVERAGE    76

..........................................................


THE HAVRE MT CLIMATE NORMALS FOR TOMORROW
                         NORMAL    RECORD    YEAR
 MAXIMUM TEMPERATURE (F)   66        87      1987
 MINIMUM TEMPERATURE (F)   37        26      2015
                                             2019


SUNRISE AND SUNSET
MAY  8 2021...........SUNRISE   548 AM MDT   SUNSET   844 PM MDT
MAY  9 2021...........SUNRISE   546 AM MDT   SUNSET   846 PM MDT


-  INDICATES NEGATIVE NUMBERS.
R  INDICATES RECORD WAS SET OR TIED.
MM INDICATES DATA IS MISSING.
T  INDICATES TRACE AMOUNT.




$$
