000
CDUS45 KTFX 270838
CLIHVR


CLIMATE REPORT
NATIONAL WEATHER SERVICE GREAT FALLS MT
237 AM MDT FRI APR 27 2018


...................................

...THE HAVRE MT CLIMATE SUMMARY FOR APRIL 26 2018...

CLIMATE NORMAL PERIOD 1981 TO 2010
CLIMATE RECORD PERIOD 1880 TO 2018


WEATHER ITEM   OBSERVED TIME   RECORD YEAR NORMAL DEPARTURE LAST
                VALUE   (LST)  VALUE       VALUE  FROM      YEAR
                                                  NORMAL
..................................................................
TEMPERATURE (F)
 YESTERDAY
  MAXIMUM         75    529 PM  94    1910  62     13       55
  MINIMUM         30    412 AM  17    1988  33     -3       37
  AVERAGE         53                        48      5       46

PRECIPITATION (IN)
  YESTERDAY        0.00          1.27 1901   0.03  -0.03     0.02
  MONTH TO DATE    0.54                      0.68  -0.14     0.63
  SINCE OCT 1      6.89                      3.24   3.65     6.15
  SINCE JAN 1      3.37                      1.83   1.54     2.16

SNOWFALL (IN)
  YESTERDAY        0.0           8.2  1901   0.1   -0.1      0.0
  MONTH TO DATE    8.9                       2.8    6.1       T
  SINCE MAR 1     14.2                       9.1    5.1      1.0
  SINCE JUL 1     92.5                      37.0   55.5     32.9
  SNOW DEPTH       0

DEGREE DAYS
 HEATING
  YESTERDAY       12                        17     -5       19
  MONTH TO DATE  793                       552    241      499
  SINCE MAR 1   2153                      1550    603     1411
  SINCE JUL 1   8945                      7670   1275     7410

 COOLING
  YESTERDAY        0                         0      0        0
  MONTH TO DATE    0                         0      0        0
  SINCE MAR 1      0                         0      0        0
  SINCE JAN 1      0                         0      0        0
..................................................................


WIND (MPH)
  HIGHEST WIND SPEED    21   HIGHEST WIND DIRECTION    SW (240)
  HIGHEST GUST SPEED    25   HIGHEST GUST DIRECTION    SW (240)
  AVERAGE WIND SPEED     7.8


SKY COVER
  AVERAGE SKY COVER 0.0


WEATHER CONDITIONS
 THE FOLLOWING WEATHER WAS RECORDED YESTERDAY.
  NO SIGNIFICANT WEATHER WAS OBSERVED.


RELATIVE HUMIDITY (PERCENT)
 HIGHEST    92           300 AM
 LOWEST     19           400 PM
 AVERAGE    56

..........................................................


THE HAVRE MT CLIMATE NORMALS FOR TODAY
                         NORMAL    RECORD    YEAR
 MAXIMUM TEMPERATURE (F)   62        85      2001
 MINIMUM TEMPERATURE (F)   34        16      1961
                                             1907


SUNRISE AND SUNSET
APRIL 27 2018.........SUNRISE   606 AM MDT   SUNSET   828 PM MDT
APRIL 28 2018.........SUNRISE   604 AM MDT   SUNSET   830 PM MDT


-  INDICATES NEGATIVE NUMBERS.
R  INDICATES RECORD WAS SET OR TIED.
MM INDICATES DATA IS MISSING.
T  INDICATES TRACE AMOUNT.




$$
