000
CDUS45 KTFX 182340
CLIHVR


CLIMATE REPORT
NATIONAL WEATHER SERVICE GREAT FALLS MT
440 PM MST SUN NOV 18 2018


...................................

...THE HAVRE MT CLIMATE SUMMARY FOR NOVEMBER 18 2018...
VALID TODAY AS OF 0400 PM LOCAL TIME.

CLIMATE NORMAL PERIOD 1981 TO 2010
CLIMATE RECORD PERIOD 1880 TO 2018


WEATHER ITEM   OBSERVED TIME   RECORD YEAR NORMAL DEPARTURE LAST
                VALUE   (LST)  VALUE       VALUE  FROM      YEAR
                                                  NORMAL
..................................................................
TEMPERATURE (F)
 TODAY
  MAXIMUM         37    254 PM  69    2008  40     -3       42
  MINIMUM         15    132 AM -29    1903  18     -3       11
  AVERAGE         26                        29     -3       27

PRECIPITATION (IN)
  TODAY            0.00          0.40 1941   0.01  -0.01     0.00
  MONTH TO DATE    0.48                      0.27   0.21     0.37
  SINCE OCT 1      0.78                      0.85  -0.07     2.29
  SINCE JAN 1      9.68                     10.64  -0.96     6.85

DEGREE DAYS
 HEATING
  TODAY           39                        36      3       38
  MONTH TO DATE  639                       576     63      796
  SINCE SEP 1   1626                      1492    134     1745
  SINCE JUL 1   1710                      1575    135     1757

 COOLING
  TODAY            0                         0      0        0
  MONTH TO DATE    0                         0      0        0
  SINCE SEP 1     15                        20     -5       39
  SINCE JAN 1    417                       387     30      526
..................................................................


WIND (MPH)
  HIGHEST WIND SPEED    28   HIGHEST WIND DIRECTION    SW (220)
  HIGHEST GUST SPEED    34   HIGHEST GUST DIRECTION    SW (220)
  AVERAGE WIND SPEED    15.0


SKY COVER
  AVERAGE SKY COVER 0.7


WEATHER CONDITIONS
 THE FOLLOWING WEATHER WAS RECORDED TODAY.
  HAZE


RELATIVE HUMIDITY (PERCENT)
 HIGHEST    80          1200 AM
 LOWEST     63           800 AM
 AVERAGE    72

..........................................................


THE HAVRE MT CLIMATE NORMALS FOR TOMORROW
                         NORMAL    RECORD    YEAR
 MAXIMUM TEMPERATURE (F)   40        74      1936
 MINIMUM TEMPERATURE (F)   17       -27      1896


SUNRISE AND SUNSET
NOVEMBER 18 2018......SUNRISE   732 AM MST   SUNSET   436 PM MST
NOVEMBER 19 2018......SUNRISE   733 AM MST   SUNSET   435 PM MST


-  INDICATES NEGATIVE NUMBERS.
R  INDICATES RECORD WAS SET OR TIED.
MM INDICATES DATA IS MISSING.
T  INDICATES TRACE AMOUNT.




$$
