000
CDUS45 KTFX 092240
CLIHVR

CLIMATE REPORT
NATIONAL WEATHER SERVICE GREAT FALLS MT
440 PM MDT SUN AUG 09 2020

...................................

...THE HAVRE MT CLIMATE SUMMARY FOR AUGUST 9 2020...
VALID TODAY AS OF 0400 PM LOCAL TIME.

CLIMATE NORMAL PERIOD 1981 TO 2010
CLIMATE RECORD PERIOD 1880 TO 2020


WEATHER ITEM   OBSERVED TIME   RECORD YEAR NORMAL DEPARTURE LAST
                VALUE   (LST)  VALUE       VALUE  FROM      YEAR
                                                  NORMAL
...................................................................
TEMPERATURE (F)
 TODAY
  MAXIMUM         76    259 PM 101    1991  87    -11       83
                                      2000
                                      2018
  MINIMUM         49    244 AM  41    1985  54     -5       59
  AVERAGE         63                        70     -7       71

PRECIPITATION (IN)
  TODAY            0.00          0.65 2016   0.04  -0.04     0.01
  MONTH TO DATE    0.01                      0.31  -0.30     0.03
  SINCE OCT 1      8.31                      9.28  -0.97     8.19
  SINCE JAN 1      6.16                      7.87  -1.71     7.22

DEGREE DAYS
 HEATING
  TODAY            2                         1      1        0
  MONTH TO DATE    2                         7     -5        0
  SINCE JUN 1    119                       170    -51      150
  SINCE JUL 1     21                        37    -16       28

 COOLING
  TODAY            0                         6     -6        6
  MONTH TO DATE   64                        60      4       83
  SINCE JUN 1    267                       270     -3      241
  SINCE JAN 1    280                       281     -1      241
...................................................................


WIND (MPH)
  HIGHEST WIND SPEED    18   HIGHEST WIND DIRECTION    NW (330)
  HIGHEST GUST SPEED    26   HIGHEST GUST DIRECTION    NW (310)
  AVERAGE WIND SPEED     6.6


SKY COVER
  AVERAGE SKY COVER 0.7


WEATHER CONDITIONS
THE FOLLOWING WEATHER WAS RECORDED TODAY.
  NO SIGNIFICANT WEATHER WAS OBSERVED.


RELATIVE HUMIDITY (PERCENT)
 HIGHEST    68           300 AM
 LOWEST     23           300 PM
 AVERAGE    46

..........................................................


THE HAVRE MT CLIMATE NORMALS FOR TOMORROW
                         NORMAL    RECORD    YEAR
 MAXIMUM TEMPERATURE (F)   86       105      2018
 MINIMUM TEMPERATURE (F)   54        36      1997


SUNRISE AND SUNSET
AUGUST  9 2020........SUNRISE   605 AM MDT   SUNSET   843 PM MDT
AUGUST 10 2020........SUNRISE   606 AM MDT   SUNSET   841 PM MDT


-  INDICATES NEGATIVE NUMBERS.
R  INDICATES RECORD WAS SET OR TIED.
MM INDICATES DATA IS MISSING.
T  INDICATES TRACE AMOUNT.




$$
