000
CDUS44 KHGX 310724
CLIIAH


CLIMATE REPORT
NATIONAL WEATHER SERVICE HOUSTON/GALVESTON TX
223 AM CDT SAT OCT 31 2020


...................................

...THE HOUSTON INTERCONTINENTAL CLIMATE SUMMARY FOR OCTOBER 30 2020...

CLIMATE NORMAL PERIOD 1981 TO 2010
CLIMATE RECORD PERIOD 1892 TO 2020


WEATHER ITEM   OBSERVED TIME   RECORD YEAR NORMAL DEPARTURE LAST
                VALUE   (LST)  VALUE       VALUE  FROM      YEAR
                                                  NORMAL
..................................................................
TEMPERATURE (F)
 YESTERDAY
  MAXIMUM         71    346 PM  89    2004  78     -7       70
                                      1951
                                      1915
  MINIMUM         44    648 AM  33    1917  57    -13       45
  AVERAGE         58                        68    -10       58

PRECIPITATION (IN)
  YESTERDAY        0.00          5.30 1907   0.17  -0.17     0.30
  MONTH TO DATE    0.67                      5.54  -4.87     5.79
  SINCE SEP 1      9.20                      9.66  -0.46    20.74
  SINCE JAN 1     36.44                     41.53  -5.09    49.66

SNOWFALL (IN)
  YESTERDAY        0.0
  MONTH TO DATE    0.0
  SINCE JUL 1      0.0

DEGREE DAYS
 HEATING
  YESTERDAY        7                         2      5        7
  MONTH TO DATE   37                        25     12       23
  SINCE SEP 1     37                        26     11       23
  SINCE JUL 1     37                        26     11       23

 COOLING
  YESTERDAY        0                         5     -5        0
  MONTH TO DATE  260                       223     37      260
  SINCE SEP 1    747                       666     81      834
  SINCE JAN 1   3521                      3048    473     3440
..................................................................


WIND (MPH)
  HIGHEST WIND SPEED    15   HIGHEST WIND DIRECTION     N (360)
  HIGHEST GUST SPEED    19   HIGHEST GUST DIRECTION     N (10)



WEATHER CONDITIONS
 THE FOLLOWING WEATHER WAS RECORDED YESTERDAY.
  NO SIGNIFICANT WEATHER WAS OBSERVED.


RELATIVE HUMIDITY (PERCENT)
 HIGHEST    92
 LOWEST     36
 AVERAGE    64

..........................................................


THE HOUSTON INTERCONTINENTAL CLIMATE NORMALS FOR TODAY
                         NORMAL    RECORD    YEAR
 MAXIMUM TEMPERATURE (F)   78        88      2004
                                             1977
                                             1972
 MINIMUM TEMPERATURE (F)   57        29      1993


SUNRISE AND SUNSET
OCTOBER 31 2020.......SUNRISE   735 AM CDT   SUNSET   635 PM CDT
NOVEMBER  1 2020......SUNRISE   636 AM CST   SUNSET   534 PM CST


-  INDICATES NEGATIVE NUMBERS.
R  INDICATES RECORD WAS SET OR TIED.
MM INDICATES DATA IS MISSING.
T  INDICATES TRACE AMOUNT.




$$
