000
CDUS44 KHGX 292246
CLIIAH

CLIMATE REPORT
NATIONAL WEATHER SERVICE HOUSTON/GALVESTON TX
446 PM CST SUN JAN 29 2023

...................................

...THE HOUSTON INTERCONTINENTAL CLIMATE SUMMARY FOR JANUARY 29 2023...
VALID TODAY AS OF 0400 PM LOCAL TIME.

CLIMATE NORMAL PERIOD: 1991 TO 2020
CLIMATE RECORD PERIOD: 1892 TO 2023


WEATHER ITEM   OBSERVED TIME   RECORD YEAR NORMAL DEPARTURE LAST
                VALUE   (LST)  VALUE       VALUE  FROM      YEAR
                                                  NORMAL
...................................................................
TEMPERATURE (F)
 TODAY
  MAXIMUM         73   3:59 PM  82    1975  65      8       63
  MINIMUM         63  12:06 PM  22    1897  45     18       32
  AVERAGE         68                        55     13       48

PRECIPITATION (IN)
  TODAY            1.29          1.93 1922   0.12   1.17
  MONTH TO DATE    6.52                      3.52   3.00
  SINCE DEC 1     10.40                      7.55   2.85
  SINCE JAN 1      6.52                      3.52   3.00

SNOWFALL (IN)
  TODAY            0.0
  MONTH TO DATE    0.0
  SINCE DEC 1      0.0
  SINCE JUL 1      0.0

DEGREE DAYS
 HEATING
  TODAY            0                        11    -11       17
  MONTH TO DATE  205                       341   -136      363
  SINCE DEC 1    518                       666   -148      441
  SINCE JUL 1    754                       850    -96      579

 COOLING
  TODAY            3                         0      3        0
  MONTH TO DATE   44                        14     30       13
  SINCE DEC 1    120                        43     77      188
  SINCE JAN 1     44                        14     30       13
...................................................................


WIND (MPH)
  HIGHEST WIND SPEED    12   HIGHEST WIND DIRECTION     E (70)
  HIGHEST GUST SPEED    21   HIGHEST GUST DIRECTION    SE (150)
  AVERAGE WIND SPEED     5.8


WEATHER CONDITIONS
THE FOLLOWING WEATHER WAS RECORDED TODAY.
  THUNDERSTORM
  HEAVY RAIN
  RAIN
  LIGHT RAIN
  FOG


RELATIVE HUMIDITY (PERCENT)
 HIGHEST   100
 LOWEST     84
 AVERAGE    92

..........................................................


THE HOUSTON INTERCONTINENTAL CLIMATE NORMALS FOR TOMORROW
                         NORMAL    RECORD    YEAR
 MAXIMUM TEMPERATURE (F)   65        84      1911
 MINIMUM TEMPERATURE (F)   45        18      1949


SUNRISE AND SUNSET
JANUARY 29 2023.......SUNRISE   7:13 AM CST   SUNSET   5:56 PM CST
JANUARY 30 2023.......SUNRISE   7:13 AM CST   SUNSET   5:57 PM CST


-  INDICATES NEGATIVE NUMBERS.
R  INDICATES RECORD WAS SET OR TIED.
MM INDICATES DATA IS MISSING.
T  INDICATES TRACE AMOUNT.




$$
