000
CDUS44 KHGX 182124
CLIIAH

CLIMATE REPORT
NATIONAL WEATHER SERVICE HOUSTON/GALVESTON TX
424 PM CDT MON OCT 18 2021

...................................

...THE HOUSTON INTERCONTINENTAL CLIMATE SUMMARY FOR OCTOBER 18 2021...
VALID TODAY AS OF 0400 PM LOCAL TIME.

CLIMATE NORMAL PERIOD: 1991 TO 2020
CLIMATE RECORD PERIOD: 1892 TO 2021


WEATHER ITEM   OBSERVED TIME   RECORD YEAR NORMAL DEPARTURE LAST
                VALUE   (LST)  VALUE       VALUE  FROM      YEAR
                                                  NORMAL
...................................................................
TEMPERATURE (F)
 TODAY
  MAXIMUM         79   2:28 PM  96    1895  82     -3       89
  MINIMUM         51   5:41 AM  39    1978  60     -9       66
  AVERAGE         65                        71     -6       78

PRECIPITATION (IN)
  TODAY            0.00          4.04 1998   0.20  -0.20
  MONTH TO DATE    2.85                      3.04  -0.19
  SINCE SEP 1     11.58                      7.75   3.83
  SINCE JAN 1     44.13                     41.52   2.61

SNOWFALL (IN)
  TODAY            0.0
  MONTH TO DATE    0.0
  SINCE SEP 1      0.0
  SINCE JUL 1      0.0

DEGREE DAYS
 HEATING
  TODAY            0                         1     -1        0
  MONTH TO DATE    2                         2      0        3
  SINCE SEP 1      2                         2      0        3
  SINCE JUL 1      2                         2      0        3

 COOLING
  TODAY            0                         7     -7       13
  MONTH TO DATE  209                       170     39      181
  SINCE SEP 1    654                       635     19      668
  SINCE JAN 1   3134                      3120     14     3442
...................................................................


WIND (MPH)
  HIGHEST WIND SPEED    12   HIGHEST WIND DIRECTION     E (100)
  HIGHEST GUST SPEED    16   HIGHEST GUST DIRECTION     E (80)
  AVERAGE WIND SPEED     2.4


WEATHER CONDITIONS
THE FOLLOWING WEATHER WAS RECORDED TODAY.
  NO SIGNIFICANT WEATHER WAS OBSERVED.


RELATIVE HUMIDITY (PERCENT)
 HIGHEST    89
 LOWEST     36
 AVERAGE    63

..........................................................


THE HOUSTON INTERCONTINENTAL CLIMATE NORMALS FOR TOMORROW
                         NORMAL    RECORD    YEAR
 MAXIMUM TEMPERATURE (F)   82        94      2004
 MINIMUM TEMPERATURE (F)   60        36      1989


SUNRISE AND SUNSET
OCTOBER 18 2021.......SUNRISE   7:25 AM CDT   SUNSET   6:47 PM CDT
OCTOBER 19 2021.......SUNRISE   7:26 AM CDT   SUNSET   6:46 PM CDT


-  INDICATES NEGATIVE NUMBERS.
R  INDICATES RECORD WAS SET OR TIED.
MM INDICATES DATA IS MISSING.
T  INDICATES TRACE AMOUNT.




$$
