000
CDUS44 KHGX 170734
CLIIAH


CLIMATE REPORT
NATIONAL WEATHER SERVICE HOUSTON/GALVESTON TX
233 AM CDT THU OCT 17 2019


...................................

...THE HOUSTON INTERCONTINENTAL CLIMATE SUMMARY FOR OCTOBER 16 2019...

CLIMATE NORMAL PERIOD 1981 TO 2010
CLIMATE RECORD PERIOD 1892 TO 2019


WEATHER ITEM   OBSERVED TIME   RECORD YEAR NORMAL DEPARTURE LAST
                VALUE   (LST)  VALUE       VALUE  FROM      YEAR
                                                  NORMAL
..................................................................
TEMPERATURE (F)
 YESTERDAY
  MAXIMUM         79    256 AM  92    1989  82     -3       61
                                      1962
                                      1933
  MINIMUM         59   1159 PM  41    1893  61     -2       56
  AVERAGE         69                        72     -3       59

PRECIPITATION (IN)
  YESTERDAY        1.03          5.17 2006   0.21   0.82      T
  MONTH TO DATE    1.65                      2.81  -1.16     2.36
  SINCE SEP 1     16.60                      6.93   9.67    10.96
  SINCE JAN 1     45.52                     38.80   6.72    41.98

SNOWFALL (IN)
  YESTERDAY        0.0
  MONTH TO DATE    0.0
  SINCE JUL 1      0.0

DEGREE DAYS
 HEATING
  YESTERDAY        0                         1     -1        6
  MONTH TO DATE    2                         5     -3        6
  SINCE SEP 1      2                         6     -4        6
  SINCE JUL 1      2                         6     -4        6

 COOLING
  YESTERDAY        4                         7     -3        0
  MONTH TO DATE  202                       141     61      210
  SINCE SEP 1    776                       584    192      686
  SINCE JAN 1   3382                      2966    416     3396
..................................................................


WIND (MPH)
  HIGHEST WIND SPEED    21   HIGHEST WIND DIRECTION     N (340)
  HIGHEST GUST SPEED    28   HIGHEST GUST DIRECTION    NW (330)



WEATHER CONDITIONS
 THE FOLLOWING WEATHER WAS RECORDED YESTERDAY.
  THUNDERSTORM
  HEAVY RAIN
  RAIN
  LIGHT RAIN
  FOG


RELATIVE HUMIDITY (PERCENT)
 HIGHEST    93
 LOWEST     73
 AVERAGE    83

..........................................................


THE HOUSTON INTERCONTINENTAL CLIMATE NORMALS FOR TODAY
                         NORMAL    RECORD    YEAR
 MAXIMUM TEMPERATURE (F)   82        93      1895
 MINIMUM TEMPERATURE (F)   61        40      1977


SUNRISE AND SUNSET
OCTOBER 17 2019.......SUNRISE   724 AM CDT   SUNSET   649 PM CDT
OCTOBER 18 2019.......SUNRISE   725 AM CDT   SUNSET   648 PM CDT


-  INDICATES NEGATIVE NUMBERS.
R  INDICATES RECORD WAS SET OR TIED.
MM INDICATES DATA IS MISSING.
T  INDICATES TRACE AMOUNT.




$$
