000
CDUS44 KHGX 252203
CLIIAH

CLIMATE REPORT
NATIONAL WEATHER SERVICE HOUSTON/GALVESTON TX
403 PM CST SUN FEB 25 2024

...................................

...THE HOUSTON INTERCONTINENTAL CLIMATE SUMMARY FOR FEBRUARY 25 2024...
VALID TODAY AS OF 0400 PM LOCAL TIME.

CLIMATE NORMAL PERIOD: 1991 TO 2020
CLIMATE RECORD PERIOD: 1889 TO 2024


WEATHER ITEM   OBSERVED TIME   RECORD YEAR NORMAL DEPARTURE LAST
                VALUE   (LST)  VALUE       VALUE  FROM      YEAR
                                                  NORMAL
...................................................................
TEMPERATURE (F)
 TODAY
  MAXIMUM         81   2:59 PM  85    1917  70     11       82
                                      1918
  MINIMUM         49   4:25 AM  26    1901  50     -1       62
                                      1974
  AVERAGE         65                        60      5       72

PRECIPITATION (IN)
  TODAY            0.00          2.10 1907   0.11  -0.11
  MONTH TO DATE    1.90                      2.62  -0.72
  SINCE DEC 1     13.24                     10.41   2.83
  SINCE JAN 1     10.67                      6.38   4.29

SNOWFALL (IN)
  TODAY            0.0
  MONTH TO DATE    0.0
  SINCE DEC 1      T
  SINCE JUL 1      T

DEGREE DAYS
 HEATING
  TODAY            0                         7     -7        0
  MONTH TO DATE  124                       216    -92      212
  SINCE DEC 1    806                       907   -101      778
  SINCE JUL 1   1001                      1091    -90     1014

 COOLING
  TODAY            0                         2     -2        7
  MONTH TO DATE   31                        27      4       68
  SINCE DEC 1     50                        73    -23      185
  SINCE JAN 1     32                        44    -12      109
...................................................................


WIND (MPH)
  HIGHEST WIND SPEED    18   HIGHEST WIND DIRECTION     S (170)
  HIGHEST GUST SPEED    28   HIGHEST GUST DIRECTION     S (160)
  AVERAGE WIND SPEED     7.0


WEATHER CONDITIONS
THE FOLLOWING WEATHER WAS RECORDED TODAY.
  NO SIGNIFICANT WEATHER WAS OBSERVED.


RELATIVE HUMIDITY (PERCENT)
 HIGHEST    89
 LOWEST     31
 AVERAGE    60

..........................................................


THE HOUSTON INTERCONTINENTAL CLIMATE NORMALS FOR TOMORROW
                         NORMAL    RECORD    YEAR
 MAXIMUM TEMPERATURE (F)   70        86      1986
 MINIMUM TEMPERATURE (F)   50        26      1974


SUNRISE AND SUNSET
FEBRUARY 25 2024......SUNRISE   6:52 AM CST   SUNSET   6:17 PM CST
FEBRUARY 26 2024......SUNRISE   6:51 AM CST   SUNSET   6:18 PM CST


-  INDICATES NEGATIVE NUMBERS.
R  INDICATES RECORD WAS SET OR TIED.
MM INDICATES DATA IS MISSING.
T  INDICATES TRACE AMOUNT.




$$
