000
CDUS44 KHGX 040718
CLIIAH


CLIMATE REPORT
NATIONAL WEATHER SERVICE HOUSTON/GALVESTON TX
218 AM CDT THU JUN 4 2020


...................................

...THE HOUSTON INTERCONTINENTAL CLIMATE SUMMARY FOR JUNE 3 2020...

CLIMATE NORMAL PERIOD 1981 TO 2010
CLIMATE RECORD PERIOD 1892 TO 2020


WEATHER ITEM   OBSERVED TIME   RECORD YEAR NORMAL DEPARTURE LAST
                VALUE   (LST)  VALUE       VALUE  FROM      YEAR
                                                  NORMAL
..................................................................
TEMPERATURE (F)
 YESTERDAY
  MAXIMUM         91    137 PM  98    1960  90      1       95
  MINIMUM         72    306 PM  52    1970  72      0       73
  AVERAGE         82                        81      1       84

PRECIPITATION (IN)
  YESTERDAY        1.02          3.27 1959   0.18   0.84     0.00
  MONTH TO DATE    1.02                      0.53   0.49      T
  SINCE JUN 1      1.02                      0.53   0.49      T
  SINCE JAN 1     18.48                     18.92  -0.44    16.83

DEGREE DAYS
 COOLING
  YESTERDAY       17                        16      1       19
  MONTH TO DATE   48                        47      1       57
  SINCE JUN 1     48                        47      1       57
  SINCE JAN 1    940                       699    241      792
..................................................................


WIND (MPH)
  HIGHEST WIND SPEED    24   HIGHEST WIND DIRECTION     S (200)
  HIGHEST GUST SPEED    36   HIGHEST GUST DIRECTION    SW (240)



WEATHER CONDITIONS
 THE FOLLOWING WEATHER WAS RECORDED YESTERDAY.
  THUNDERSTORM
  HEAVY RAIN
  RAIN
  LIGHT RAIN
  FOG


RELATIVE HUMIDITY (PERCENT)
 HIGHEST    94
 LOWEST     56
 AVERAGE    75

..........................................................


THE HOUSTON INTERCONTINENTAL CLIMATE NORMALS FOR TODAY
                         NORMAL    RECORD    YEAR
 MAXIMUM TEMPERATURE (F)   90        98      2011
 MINIMUM TEMPERATURE (F)   72        59      1970
                                             1919


SUNRISE AND SUNSET
JUNE  4 2020..........SUNRISE   620 AM CDT   SUNSET   820 PM CDT
JUNE  5 2020..........SUNRISE   620 AM CDT   SUNSET   820 PM CDT


-  INDICATES NEGATIVE NUMBERS.
R  INDICATES RECORD WAS SET OR TIED.
MM INDICATES DATA IS MISSING.
T  INDICATES TRACE AMOUNT.




$$
