000
CDUS43 KUNR 040833
CLIICR


CLIMATE REPORT
NATIONAL WEATHER SERVICE RAPID CITY SD
232 AM MDT THU JUN 4 2020


...................................

...THE WINNER REGIONAL AIRPORT SD CLIMATE SUMMARY FOR JUNE 3 2020...

CLIMATE NORMAL PERIOD 1981 TO 2010
CLIMATE RECORD PERIOD 9999 TO 9999


WEATHER ITEM   OBSERVED TIME   NORMAL DEPARTURE LAST
                VALUE   (LST)  VALUE  FROM      YEAR
                                      NORMAL
......................................................
TEMPERATURE (F)
 YESTERDAY
  MAXIMUM         80    517 PM  76      4       84
  MINIMUM         61    531 AM  52      9       55
  AVERAGE         71            64      7       70

PRECIPITATION (IN)
  YESTERDAY        0.06          0.13  -0.07     0.00
  MONTH TO DATE    0.06          0.40  -0.34     0.02
  SINCE JUN 1      0.06          0.40  -0.34     0.02
  SINCE JAN 1      5.90          8.47  -2.57    10.08

DEGREE DAYS
 HEATING
  YESTERDAY        0             4     -4        0
  MONTH TO DATE    0            12    -12        8
  SINCE JUN 1      0            12    -12        8
  SINCE JUL 1   6507          6657   -150     7331

 COOLING
  YESTERDAY        6             2      4        5
  MONTH TO DATE   31             6     25        5
  SINCE JUN 1     31             6     25        5
  SINCE JAN 1     45            36      9       26
......................................................


WIND (MPH)
  HIGHEST WIND SPEED    20   HIGHEST WIND DIRECTION     E (100)
  HIGHEST GUST SPEED    25   HIGHEST GUST DIRECTION     E (100)
  AVERAGE WIND SPEED     7.4


SKY COVER
  AVERAGE SKY COVER 0.0


WEATHER CONDITIONS
 THE FOLLOWING WEATHER WAS RECORDED YESTERDAY.
  THUNDERSTORM
  LIGHT RAIN


RELATIVE HUMIDITY (PERCENT)
 HIGHEST    84           100 AM
 LOWEST     45          1000 AM
 AVERAGE    65

..........................................................




SUNRISE AND SUNSET
JUNE  4 2020..........SUNRISE   600 AM CDT   SUNSET   916 PM CDT
JUNE  5 2020..........SUNRISE   600 AM CDT   SUNSET   917 PM CDT


-  INDICATES NEGATIVE NUMBERS.
R  INDICATES RECORD WAS SET OR TIED.
MM INDICATES DATA IS MISSING.
T  INDICATES TRACE AMOUNT.




$$
