000
CDUS43 KUNR 190835
CLIICR


CLIMATE REPORT
NATIONAL WEATHER SERVICE RAPID CITY SD
134 AM MST MON FEB 19 2018


...................................

...THE WINNER REGIONAL AIRPORT SD CLIMATE SUMMARY FOR FEBRUARY 18 2018...

CLIMATE NORMAL PERIOD 1981 TO 2010
CLIMATE RECORD PERIOD 9999 TO 9999


WEATHER ITEM   OBSERVED TIME   NORMAL DEPARTURE LAST
                VALUE   (LST)  VALUE  FROM      YEAR
                                      NORMAL
......................................................
TEMPERATURE (F)
 YESTERDAY
  MAXIMUM         44    919 AM  38      6       67
  MINIMUM         15   1159 PM  18     -3       32
  AVERAGE         30            28      2       50

PRECIPITATION (IN)
  YESTERDAY        T             0.02  -0.02     0.00
  MONTH TO DATE    0.07          0.33  -0.26     0.22
  SINCE DEC 1      1.10          0.92   0.18     1.85
  SINCE JAN 1      0.93          0.58   0.35     1.30

DEGREE DAYS
 HEATING
  YESTERDAY       35            37     -2       15
  MONTH TO DATE  853           699    154      577
  SINCE DEC 1   3222          3183     39     3029
  SINCE JUL 1   4446          4654   -208     3899

 COOLING
  YESTERDAY        0             0      0        0
  MONTH TO DATE    0             0      0        0
  SINCE DEC 1      0             0      0        0
  SINCE JAN 1      0             0      0        0
......................................................


WIND (MPH)
  HIGHEST WIND SPEED    36   HIGHEST WIND DIRECTION     N (360)
  HIGHEST GUST SPEED    43   HIGHEST GUST DIRECTION     S (190)
  AVERAGE WIND SPEED    23.2


SKY COVER
  AVERAGE SKY COVER 0.4


WEATHER CONDITIONS
 THE FOLLOWING WEATHER WAS RECORDED YESTERDAY.
  LIGHT SNOW
  FOG


RELATIVE HUMIDITY (PERCENT)
 HIGHEST    84           600 PM
 LOWEST     43           500 AM
 AVERAGE    64

..........................................................




SUNRISE AND SUNSET
FEBRUARY 19 2018......SUNRISE   731 AM CST   SUNSET   615 PM CST
FEBRUARY 20 2018......SUNRISE   730 AM CST   SUNSET   617 PM CST


-  INDICATES NEGATIVE NUMBERS.
R  INDICATES RECORD WAS SET OR TIED.
MM INDICATES DATA IS MISSING.
T  INDICATES TRACE AMOUNT.




$$
