000
CDUS43 KUNR 310842
CLIICR

CLIMATE REPORT
NATIONAL WEATHER SERVICE RAPID CITY SD
242 AM MDT SAT OCT 31 2020

...................................

...THE WINNER REGIONAL AIRPORT SD CLIMATE SUMMARY FOR OCTOBER 30 2020...

CLIMATE NORMAL PERIOD 1981 TO 2010
CLIMATE RECORD PERIOD 9999 TO 9999


WEATHER ITEM   OBSERVED TIME   NORMAL DEPARTURE LAST
                VALUE   (LST)  VALUE  FROM      YEAR
                                      NORMAL
.......................................................
TEMPERATURE (F)
 YESTERDAY
  MAXIMUM         68    344 PM  56     12       30
  MINIMUM         37    727 AM  34      3       13
  AVERAGE         53            45      8       22

PRECIPITATION (IN)
  YESTERDAY        0.00          0.03  -0.03     0.00
  MONTH TO DATE    0.46          1.61  -1.15     0.85
  SINCE SEP 1      1.08          3.60  -2.52     3.64
  SINCE JAN 1     17.05         20.60  -3.55    24.35

DEGREE DAYS
 HEATING
  YESTERDAY       12            20     -8       43
  MONTH TO DATE  569           436    133      617
  SINCE SEP 1    686           564    122      665
  SINCE JUL 1    691           578    113      671

 COOLING
  YESTERDAY        0             0      0        0
  MONTH TO DATE   12             9      3        0
  SINCE SEP 1    129           109     20      132
  SINCE JAN 1   1119           915    204      865
.......................................................


WIND (MPH)
  HIGHEST WIND SPEED    28   HIGHEST WIND DIRECTION     S (180)
  HIGHEST GUST SPEED    39   HIGHEST GUST DIRECTION     S (190)
  AVERAGE WIND SPEED    11.1


SKY COVER
  AVERAGE SKY COVER 0.0


RELATIVE HUMIDITY (PERCENT)
 HIGHEST    79           800 AM
 LOWEST     33           300 PM
 AVERAGE    56

..........................................................



SUNRISE AND SUNSET
OCTOBER 31 2020.......SUNRISE   814 AM CDT   SUNSET   631 PM CDT
NOVEMBER  1 2020......SUNRISE   715 AM CST   SUNSET   530 PM CST


-  INDICATES NEGATIVE NUMBERS.
R  INDICATES RECORD WAS SET OR TIED.
MM INDICATES DATA IS MISSING.
T  INDICATES TRACE AMOUNT.




$$
