608
CDUS43 KUNR 250831
CLIICR


CLIMATE REPORT
NATIONAL WEATHER SERVICE RAPID CITY SD
231 AM MDT TUE SEP 25 2018


...................................

...THE WINNER REGIONAL AIRPORT SD CLIMATE SUMMARY FOR SEPTEMBER 24 2018...

CLIMATE NORMAL PERIOD 1981 TO 2010
CLIMATE RECORD PERIOD 9999 TO 9999


WEATHER ITEM   OBSERVED TIME   NORMAL DEPARTURE LAST
                VALUE   (LST)  VALUE  FROM      YEAR
                                      NORMAL
......................................................
TEMPERATURE (F)
 YESTERDAY
  MAXIMUM         MM        MM  73     MM       57
  MINIMUM         MM        MM  47     MM       52
  AVERAGE         MM            60     MM       55

PRECIPITATION (IN)
  YESTERDAY        0.03          0.06  -0.03     0.55
  MONTH TO DATE    1.25          1.62  -0.37     2.75
  SINCE SEP 1      1.25          1.62  -0.37     2.75
  SINCE JAN 1     17.74         18.62  -0.88    18.27

DEGREE DAYS
 HEATING
  YESTERDAY       MM             6     MM       10
  MONTH TO DATE   25            83    -58       69
  SINCE SEP 1     25            83    -58       69
  SINCE JUL 1     36            97    -61       71

 COOLING
  YESTERDAY       MM             2     MM        0
  MONTH TO DATE  124            95     29      130
  SINCE SEP 1    124            95     29      130
  SINCE JAN 1   1065           901    164     1106
......................................................


WIND (MPH)
  HIGHEST WIND SPEED    12   HIGHEST WIND DIRECTION    NW (310)
  HIGHEST GUST SPEED    22   HIGHEST GUST DIRECTION    NW (310)
  AVERAGE WIND SPEED     5.0


SKY COVER
  AVERAGE SKY COVER 0.4


WEATHER CONDITIONS
 THE FOLLOWING WEATHER WAS RECORDED YESTERDAY.
  LIGHT RAIN
  FOG


RELATIVE HUMIDITY (PERCENT)
 HIGHEST    93          1100 PM
 LOWEST     71          1000 AM
 AVERAGE    82

..........................................................




SUNRISE AND SUNSET
SEPTEMBER 25 2018.....SUNRISE   730 AM CDT   SUNSET   731 PM CDT
SEPTEMBER 26 2018.....SUNRISE   731 AM CDT   SUNSET   729 PM CDT


-  INDICATES NEGATIVE NUMBERS.
R  INDICATES RECORD WAS SET OR TIED.
MM INDICATES DATA IS MISSING.
T  INDICATES TRACE AMOUNT.




$$
