000
CDUS43 KUNR 160831
CLIICR


CLIMATE REPORT
NATIONAL WEATHER SERVICE RAPID CITY SD
131 AM MST SUN DEC 16 2018


...................................

...THE WINNER REGIONAL AIRPORT SD CLIMATE SUMMARY FOR DECEMBER 15 2018...

CLIMATE NORMAL PERIOD 1981 TO 2010
CLIMATE RECORD PERIOD 9999 TO 9999


WEATHER ITEM   OBSERVED TIME   NORMAL DEPARTURE LAST
                VALUE   (LST)  VALUE  FROM      YEAR
                                      NORMAL
......................................................
TEMPERATURE (F)
 YESTERDAY
  MAXIMUM         53    254 PM  34     19       50
  MINIMUM         35   1212 AM  15     20       27
  AVERAGE         44            25     19       39

PRECIPITATION (IN)
  YESTERDAY        0.00          0.01  -0.01     0.00
  MONTH TO DATE    0.30          0.21   0.09     0.12
  SINCE DEC 1      0.30          0.21   0.09     0.12
  SINCE JAN 1     20.82         21.46  -0.64    19.34

DEGREE DAYS
 HEATING
  YESTERDAY       21            40    -19       26
  MONTH TO DATE  552           584    -32      411
  SINCE DEC 1    552           584    -32      411
  SINCE JUL 1   2102          2055     47     1635

 COOLING
  YESTERDAY        0             0      0        0
  MONTH TO DATE    0             0      0        0
  SINCE DEC 1      0             0      0        0
  SINCE JAN 1   1065           916    149     1113
......................................................


WIND (MPH)
  HIGHEST WIND SPEED    30   HIGHEST WIND DIRECTION     S (190)
  HIGHEST GUST SPEED    40   HIGHEST GUST DIRECTION     S (190)
  AVERAGE WIND SPEED    16.3


SKY COVER
  AVERAGE SKY COVER 0.0


WEATHER CONDITIONS
 THE FOLLOWING WEATHER WAS RECORDED YESTERDAY.
  NO SIGNIFICANT WEATHER WAS OBSERVED.


RELATIVE HUMIDITY (PERCENT)
 HIGHEST    64          1200 AM
 LOWEST     37          1100 AM
 AVERAGE    51

..........................................................




SUNRISE AND SUNSET
DECEMBER 16 2018......SUNRISE   806 AM CST   SUNSET   504 PM CST
DECEMBER 17 2018......SUNRISE   806 AM CST   SUNSET   505 PM CST


-  INDICATES NEGATIVE NUMBERS.
R  INDICATES RECORD WAS SET OR TIED.
MM INDICATES DATA IS MISSING.
T  INDICATES TRACE AMOUNT.




$$
