000
CDUS43 KUNR 200832
CLIICR


CLIMATE REPORT
NATIONAL WEATHER SERVICE RAPID CITY SD
231 AM MDT SUN OCT 20 2019


...................................

...THE WINNER REGIONAL AIRPORT SD CLIMATE SUMMARY FOR OCTOBER 19 2019...

CLIMATE NORMAL PERIOD 1981 TO 2010
CLIMATE RECORD PERIOD 9999 TO 9999


WEATHER ITEM   OBSERVED TIME   NORMAL DEPARTURE LAST
                VALUE   (LST)  VALUE  FROM      YEAR
                                      NORMAL
......................................................
TEMPERATURE (F)
 YESTERDAY
  MAXIMUM         64    431 PM  61      3       66
  MINIMUM         39    345 AM  38      1       42
  AVERAGE         52            49      3       54

PRECIPITATION (IN)
  YESTERDAY        0.00          0.05  -0.05     0.00
  MONTH TO DATE    0.67          1.09  -0.42     1.66
  SINCE SEP 1      3.46          3.08   0.38     3.38
  SINCE JAN 1     24.17         20.08   4.09    19.87

DEGREE DAYS
 HEATING
  YESTERDAY       13            16     -3       11
  MONTH TO DATE  314           235     79      379
  SINCE SEP 1    362           363     -1      482
  SINCE JUL 1    368           377     -9      493

 COOLING
  YESTERDAY        0             0      0        0
  MONTH TO DATE    0             9     -9        0
  SINCE SEP 1    132           109     23      124
  SINCE JAN 1    865           915    -50     1065
......................................................


WIND (MPH)
  HIGHEST WIND SPEED    14   HIGHEST WIND DIRECTION    SE (140)
  HIGHEST GUST SPEED    19   HIGHEST GUST DIRECTION    NW (300)
  AVERAGE WIND SPEED     8.1


SKY COVER
  AVERAGE SKY COVER 0.0


WEATHER CONDITIONS
 THE FOLLOWING WEATHER WAS RECORDED YESTERDAY.
  NO SIGNIFICANT WEATHER WAS OBSERVED.


RELATIVE HUMIDITY (PERCENT)
 HIGHEST    70           400 AM
 LOWEST     23           300 PM
 AVERAGE    47

..........................................................




SUNRISE AND SUNSET
OCTOBER 20 2019.......SUNRISE   759 AM CDT   SUNSET   648 PM CDT
OCTOBER 21 2019.......SUNRISE   800 AM CDT   SUNSET   647 PM CDT


-  INDICATES NEGATIVE NUMBERS.
R  INDICATES RECORD WAS SET OR TIED.
MM INDICATES DATA IS MISSING.
T  INDICATES TRACE AMOUNT.




$$
