000
CDUS43 KUNR 200834
CLIICR


CLIMATE REPORT
NATIONAL WEATHER SERVICE RAPID CITY SD
232 AM MDT WED JUN 20 2018


...................................

...THE WINNER REGIONAL AIRPORT SD CLIMATE SUMMARY FOR JUNE 19 2018...

CLIMATE NORMAL PERIOD 1981 TO 2010
CLIMATE RECORD PERIOD 9999 TO 9999


WEATHER ITEM   OBSERVED TIME   NORMAL DEPARTURE LAST
                VALUE   (LST)  VALUE  FROM      YEAR
                                      NORMAL
......................................................
TEMPERATURE (F)
 YESTERDAY
  MAXIMUM         74    334 PM  81     -7       87
  MINIMUM         62    717 AM  57      5       56
  AVERAGE         68            69     -1       72

PRECIPITATION (IN)
  YESTERDAY        0.02          0.13  -0.11     0.00
  MONTH TO DATE    4.83          2.58   2.25     0.22
  SINCE JUN 1      4.83          2.58   2.25     0.22
  SINCE JAN 1     10.42         10.65  -0.23     7.31

DEGREE DAYS
 HEATING
  YESTERDAY        0             1     -1        0
  MONTH TO DATE    2            46    -44        0
  SINCE JUN 1      2            46    -44        0
  SINCE JUL 1   6625          6691    -66     5545

 COOLING
  YESTERDAY        3             5     -2        7
  MONTH TO DATE  140            68     72      164
  SINCE JUN 1    140            68     72      164
  SINCE JAN 1    276            98    178      192
......................................................


WIND (MPH)
  HIGHEST WIND SPEED    14   HIGHEST WIND DIRECTION    NW (320)
  HIGHEST GUST SPEED    16   HIGHEST GUST DIRECTION    NW (330)
  AVERAGE WIND SPEED     7.7


SKY COVER
  AVERAGE SKY COVER 1.0


WEATHER CONDITIONS
 THE FOLLOWING WEATHER WAS RECORDED YESTERDAY.
  LIGHT RAIN
  FOG


RELATIVE HUMIDITY (PERCENT)
 HIGHEST    93           300 AM
 LOWEST     73           300 PM
 AVERAGE    83

..........................................................




SUNRISE AND SUNSET
JUNE 20 2018..........SUNRISE   559 AM CDT   SUNSET   923 PM CDT
JUNE 21 2018..........SUNRISE   559 AM CDT   SUNSET   924 PM CDT


-  INDICATES NEGATIVE NUMBERS.
R  INDICATES RECORD WAS SET OR TIED.
MM INDICATES DATA IS MISSING.
T  INDICATES TRACE AMOUNT.




$$
