000
CDUS43 KICT 200622
CLIICT

CLIMATE REPORT
NATIONAL WEATHER SERVICE WICHITA KANSAS
122 AM CDT SUN JUN 20 2021

...................................

...THE WICHITA EISENHOWER NATIONAL CLIMATE SUMMARY FOR JUNE 19 2021...

CLIMATE NORMAL PERIOD 1991 TO 2020
CLIMATE RECORD PERIOD 1888 TO 2021


WEATHER ITEM   OBSERVED TIME   RECORD YEAR NORMAL DEPARTURE LAST
                VALUE   (LST)  VALUE       VALUE  FROM      YEAR
                                                  NORMAL
...................................................................
TEMPERATURE (F)
 YESTERDAY
  MAXIMUM         98    338 PM 105    1990  89      9       81
  MINIMUM         74    547 AM  49    1976  67      7       66
  AVERAGE         86                        78      8       74

PRECIPITATION (IN)
  YESTERDAY        0.00          2.47 1890   0.17  -0.17     1.43
  MONTH TO DATE    0.92                      3.20  -2.28     1.44
  SINCE JUN 1      0.92                      3.20  -2.28     1.44
  SINCE JAN 1     13.75                     15.82  -2.07    15.89

SNOWFALL (IN)
  YESTERDAY        0.0           T    1992   0.0    0.0      0.0
  MONTH TO DATE    0.0                       0.0    0.0      0.0
  SINCE JUN 1      0.0                       0.0    0.0      0.0
  SINCE JUL 1     17.4                      12.7    4.7      8.3
  SNOW DEPTH       0

DEGREE DAYS
 HEATING
  YESTERDAY        0                         0      0        0
  MONTH TO DATE    2                         0      2        0
  SINCE JUN 1      2                         0      2        0
  SINCE JUL 1   4509                      4409    100     4291

 COOLING
  YESTERDAY       21                        13      8        9
  MONTH TO DATE  235                       203     32      287
  SINCE JUN 1    235                       203     32      287
  SINCE JAN 1    313                       362    -49      397
...................................................................


WIND (MPH)
  HIGHEST WIND SPEED    23   HIGHEST WIND DIRECTION     S (180)
  HIGHEST GUST SPEED    30   HIGHEST GUST DIRECTION     S (170)
  AVERAGE WIND SPEED    12.8


SKY COVER
  POSSIBLE SUNSHINE  MM
  AVERAGE SKY COVER 0.4


WEATHER CONDITIONS
THE FOLLOWING WEATHER WAS RECORDED YESTERDAY.
  NO SIGNIFICANT WEATHER WAS OBSERVED.


RELATIVE HUMIDITY (PERCENT)
 HIGHEST    82           400 AM
 LOWEST     35           300 PM
 AVERAGE    59

..........................................................


THE WICHITA EISENHOWER NATIONAL CLIMATE NORMALS FOR TODAY
                         NORMAL    RECORD    YEAR
 MAXIMUM TEMPERATURE (F)   89       108      1998
 MINIMUM TEMPERATURE (F)   67        50      1946


SUNRISE AND SUNSET
JUNE 20 2021..........SUNRISE   608 AM CDT   SUNSET   854 PM CDT
JUNE 21 2021..........SUNRISE   608 AM CDT   SUNSET   855 PM CDT


-  INDICATES NEGATIVE NUMBERS.
R  INDICATES RECORD WAS SET OR TIED.
MM INDICATES DATA IS MISSING.
T  INDICATES TRACE AMOUNT.




$$
