918
CDUS43 KICT 152203
CLIICT


CLIMATE REPORT
NATIONAL WEATHER SERVICE WICHITA KS
503 PM CDT TUE OCT 15 2019


...................................

...THE WICHITA EISENHOWER NATIONAL CLIMATE SUMMARY FOR OCTOBER 15 2019...
VALID TODAY AS OF 0500 PM LOCAL TIME.

CLIMATE NORMAL PERIOD 1981 TO 2010
CLIMATE RECORD PERIOD 1888 TO 2019


WEATHER ITEM   OBSERVED TIME   RECORD YEAR NORMAL DEPARTURE LAST
                VALUE   (LST)  VALUE       VALUE  FROM      YEAR
                                                  NORMAL
..................................................................
TEMPERATURE (F)
 TODAY
  MAXIMUM         70    300 PM  89    1950  70      0       47
  MINIMUM         56    859 AM  31    2018  47      9       31
  AVERAGE         63                        59      4       39

PRECIPITATION (IN)
  TODAY            T             1.30 1916   0.09  -0.09     0.00
  MONTH TO DATE    3.16                      1.47   1.69     5.49
  SINCE SEP 1      4.14                      4.61  -0.47     8.26
  SINCE JAN 1     39.63                     28.70  10.93    27.41

SNOWFALL (IN)
  TODAY            0.0           T    2018   0.0    0.0       T
  MONTH TO DATE    0.0                       0.0    0.0      0.7
  SINCE SEP 1      0.0                       0.0    0.0      0.7
  SINCE JUL 1      0.0                       0.0    0.0      0.7
  SNOW DEPTH       0

DEGREE DAYS
 HEATING
  TODAY            2                         7     -5       26
  MONTH TO DATE   90                        84      6      128
  SINCE SEP 1     90                       126    -36      145
  SINCE JUL 1     90                       127    -37      145

 COOLING
  TODAY            0                         1     -1        0
  MONTH TO DATE   29                        28      1       50
  SINCE SEP 1    445                       250    195      302
  SINCE JAN 1   1881                      1677    204     2125
..................................................................


WIND (MPH)
  HIGHEST WIND SPEED    28   HIGHEST WIND DIRECTION     N (20)
  HIGHEST GUST SPEED    38   HIGHEST GUST DIRECTION     N (360)
  AVERAGE WIND SPEED    15.2


SKY COVER
  POSSIBLE SUNSHINE  MM
  AVERAGE SKY COVER 0.5


WEATHER CONDITIONS
 THE FOLLOWING WEATHER WAS RECORDED TODAY.
  LIGHT RAIN
  FOG
  FOG W/VISIBILITY <= 1/4 MILE


RELATIVE HUMIDITY (PERCENT)
 HIGHEST    97           400 AM
 LOWEST     26           300 PM
 AVERAGE    62

..........................................................


THE WICHITA EISENHOWER NATIONAL CLIMATE NORMALS FOR TOMORROW
                         NORMAL    RECORD    YEAR
 MAXIMUM TEMPERATURE (F)   70        90      2016
 MINIMUM TEMPERATURE (F)   47        27      1966


SUNRISE AND SUNSET
OCTOBER 15 2019.......SUNRISE   738 AM CDT   SUNSET   653 PM CDT
OCTOBER 16 2019.......SUNRISE   739 AM CDT   SUNSET   651 PM CDT


-  INDICATES NEGATIVE NUMBERS.
R  INDICATES RECORD WAS SET OR TIED.
MM INDICATES DATA IS MISSING.
T  INDICATES TRACE AMOUNT.




$$
