000
CDUS43 KICT 190641
CLIICT


CLIMATE REPORT
NATIONAL WEATHER SERVICE WICHITA KS
140 AM CDT TUE JUN 19 2018


...................................

...THE WICHITA EISENHOWER NATIONAL CLIMATE SUMMARY FOR JUNE 18 2018...

CLIMATE NORMAL PERIOD 1981 TO 2010
CLIMATE RECORD PERIOD 1888 TO 2018


WEATHER ITEM   OBSERVED TIME   RECORD YEAR NORMAL DEPARTURE LAST
                VALUE   (LST)  VALUE       VALUE  FROM      YEAR
                                                  NORMAL
..................................................................
TEMPERATURE (F)
 YESTERDAY
  MAXIMUM         96    246 PM 105    1936  88      8       85
  MINIMUM         76    531 AM  50    2000  66     10       64
                                      1969
  AVERAGE         86                        77      9       75

PRECIPITATION (IN)
  YESTERDAY        0.00          1.77 1902   0.18  -0.18     0.36
  MONTH TO DATE    0.26                      3.24  -2.98     3.14
  SINCE JUN 1      0.26                      3.24  -2.98     3.14
  SINCE JAN 1      8.36                     15.10  -6.74    21.98

SNOWFALL (IN)
  YESTERDAY        0.0           0.0  2007   0.0    0.0      0.0
                                      2001
  MONTH TO DATE    0.0                       0.0    0.0      0.0
  SINCE JUN 1      0.0                       0.0    0.0      0.0
  SINCE JUL 1      2.0                      14.9  -12.9      2.0
  SNOW DEPTH       0

DEGREE DAYS
 HEATING
  YESTERDAY        0                         0      0        0
  MONTH TO DATE    0                         3     -3        0
  SINCE JUN 1      0                         3     -3        0
  SINCE JUL 1   4277                      4591   -314     3584

 COOLING
  YESTERDAY       21                        12      9       10
  MONTH TO DATE  311                       167    144      222
  SINCE JUN 1    311                       167    144      222
  SINCE JAN 1    649                       303    346      378
..................................................................


WIND (MPH)
  HIGHEST WIND SPEED    24   HIGHEST WIND DIRECTION     S (160)
  HIGHEST GUST SPEED    30   HIGHEST GUST DIRECTION     S (180)
  AVERAGE WIND SPEED    14.6


SKY COVER
  POSSIBLE SUNSHINE  MM
  AVERAGE SKY COVER 0.4


WEATHER CONDITIONS
 THE FOLLOWING WEATHER WAS RECORDED YESTERDAY.
  NO SIGNIFICANT WEATHER WAS OBSERVED.


RELATIVE HUMIDITY (PERCENT)
 HIGHEST    79           700 AM
 LOWEST     43           100 PM
 AVERAGE    61

..........................................................


THE WICHITA EISENHOWER NATIONAL CLIMATE NORMALS FOR TODAY
                         NORMAL    RECORD    YEAR
 MAXIMUM TEMPERATURE (F)   88       105      1990
 MINIMUM TEMPERATURE (F)   66        49      1976


SUNRISE AND SUNSET
JUNE 19 2018..........SUNRISE   608 AM CDT   SUNSET   854 PM CDT
JUNE 20 2018..........SUNRISE   608 AM CDT   SUNSET   854 PM CDT


-  INDICATES NEGATIVE NUMBERS.
R  INDICATES RECORD WAS SET OR TIED.
MM INDICATES DATA IS MISSING.
T  INDICATES TRACE AMOUNT.




$$
