000
CDUS43 KICT 132203
CLIICT


CLIMATE REPORT
NATIONAL WEATHER SERVICE WICHITA KS
503 PM CDT SUN OCT 13 2019


...................................

...THE WICHITA EISENHOWER NATIONAL CLIMATE SUMMARY FOR OCTOBER 13 2019...
VALID TODAY AS OF 0500 PM LOCAL TIME.

CLIMATE NORMAL PERIOD 1981 TO 2010
CLIMATE RECORD PERIOD 1888 TO 2019


WEATHER ITEM   OBSERVED TIME   RECORD YEAR NORMAL DEPARTURE LAST
                VALUE   (LST)  VALUE       VALUE  FROM      YEAR
                                                  NORMAL
..................................................................
TEMPERATURE (F)
 TODAY
  MAXIMUM         73    359 PM  90    1966  71      2       60
                                      1954
  MINIMUM         37    534 AM  33    1969  48    -11       37
  AVERAGE         55                        59     -4       49

PRECIPITATION (IN)
  TODAY            0.00          2.30 1960   0.09  -0.09      T
  MONTH TO DATE    3.16                      1.29   1.87     4.86
  SINCE SEP 1      4.14                      4.43  -0.29     7.63
  SINCE JAN 1     39.63                     28.52  11.11    26.78

SNOWFALL (IN)
  TODAY            0.0           0.0  2007   0.0    0.0      0.0
  MONTH TO DATE    0.0                       0.0    0.0      0.0
  SINCE SEP 1      0.0                       0.0    0.0      0.0
  SINCE JUL 1      0.0                       0.0    0.0      0.0
  SNOW DEPTH       0

DEGREE DAYS
 HEATING
  TODAY           10                         7      3       16
  MONTH TO DATE   87                        70     17       80
  SINCE SEP 1     87                       112    -25       97
  SINCE JUL 1     87                       113    -26       97

 COOLING
  TODAY            0                         1     -1        0
  MONTH TO DATE   29                        26      3       50
  SINCE SEP 1    445                       248    197      302
  SINCE JAN 1   1881                      1675    206     2125
..................................................................


WIND (MPH)
  HIGHEST WIND SPEED     9   HIGHEST WIND DIRECTION     S (180)
  HIGHEST GUST SPEED    12   HIGHEST GUST DIRECTION    SW (210)
  AVERAGE WIND SPEED     4.2


SKY COVER
  POSSIBLE SUNSHINE  MM
  AVERAGE SKY COVER 0.0


WEATHER CONDITIONS
 THE FOLLOWING WEATHER WAS RECORDED TODAY.
  NO SIGNIFICANT WEATHER WAS OBSERVED.


RELATIVE HUMIDITY (PERCENT)
 HIGHEST    76           300 AM
 LOWEST     31          1200 PM
 AVERAGE    54

..........................................................


THE WICHITA EISENHOWER NATIONAL CLIMATE NORMALS FOR TOMORROW
                         NORMAL    RECORD    YEAR
 MAXIMUM TEMPERATURE (F)   70        89      1989
                                             1938
                                             1911
 MINIMUM TEMPERATURE (F)   48        30      1969


SUNRISE AND SUNSET
OCTOBER 13 2019.......SUNRISE   736 AM CDT   SUNSET   655 PM CDT
OCTOBER 14 2019.......SUNRISE   737 AM CDT   SUNSET   654 PM CDT


-  INDICATES NEGATIVE NUMBERS.
R  INDICATES RECORD WAS SET OR TIED.
MM INDICATES DATA IS MISSING.
T  INDICATES TRACE AMOUNT.




$$
