000
CDUS43 KICT 182303
CLIICT


CLIMATE REPORT
NATIONAL WEATHER SERVICE WICHITA KS
502 PM CST TUE DEC 18 2018


...................................

...THE WICHITA EISENHOWER NATIONAL CLIMATE SUMMARY FOR DECEMBER 18 2018...
VALID TODAY AS OF 0500 PM LOCAL TIME.

CLIMATE NORMAL PERIOD 1981 TO 2010
CLIMATE RECORD PERIOD 1888 TO 2018


WEATHER ITEM   OBSERVED TIME   RECORD YEAR NORMAL DEPARTURE LAST
                VALUE   (LST)  VALUE       VALUE  FROM      YEAR
                                                  NORMAL
..................................................................
TEMPERATURE (F)
 TODAY
  MAXIMUM         55   1144 AM  68    2001  42     13       58
                                      1889
  MINIMUM         27    701 AM -10    2016  23      4       25
  AVERAGE         41                        33      8       42

PRECIPITATION (IN)
  TODAY            0.00          1.26 1898   0.04  -0.04     0.00
  MONTH TO DATE    0.02                      0.76  -0.74     0.03
  SINCE DEC 1      0.02                      0.76  -0.74     0.03
  SINCE JAN 1     29.03                     32.20  -3.17    33.84

SNOWFALL (IN)
  TODAY            0.0           3.0  1995   0.1   -0.1      0.0
  MONTH TO DATE    T                         2.4   -2.4      0.0
  SINCE DEC 1      T                         2.4   -2.4      0.0
  SINCE JUL 1      3.7                       3.8   -0.1      0.0
  SNOW DEPTH       0

DEGREE DAYS
 HEATING
  TODAY           24                        32     -8       23
  MONTH TO DATE  514                       540    -26      402
  SINCE DEC 1    514                       540    -26      402
  SINCE JUL 1   1523                      1416    107     1132

 COOLING
  TODAY            0                         0      0        0
  MONTH TO DATE    0                         0      0        0
  SINCE DEC 1      0                         0      0        0
  SINCE JAN 1   2125                      1686    439     1785
..................................................................


WIND (MPH)
  HIGHEST WIND SPEED    23   HIGHEST WIND DIRECTION     S (180)
  HIGHEST GUST SPEED    27   HIGHEST GUST DIRECTION     S (180)
  AVERAGE WIND SPEED     9.3


SKY COVER
  POSSIBLE SUNSHINE  MM
  AVERAGE SKY COVER 0.6


WEATHER CONDITIONS
 THE FOLLOWING WEATHER WAS RECORDED TODAY.
  NO SIGNIFICANT WEATHER WAS OBSERVED.


RELATIVE HUMIDITY (PERCENT)
 HIGHEST    92           700 AM
 LOWEST     54          1200 PM
 AVERAGE    73

..........................................................


THE WICHITA EISENHOWER NATIONAL CLIMATE NORMALS FOR TOMORROW
                         NORMAL    RECORD    YEAR
 MAXIMUM TEMPERATURE (F)   42        67      1966
 MINIMUM TEMPERATURE (F)   23        -8      1983


SUNRISE AND SUNSET
DECEMBER 18 2018......SUNRISE   739 AM CST   SUNSET   513 PM CST
DECEMBER 19 2018......SUNRISE   740 AM CST   SUNSET   514 PM CST


-  INDICATES NEGATIVE NUMBERS.
R  INDICATES RECORD WAS SET OR TIED.
MM INDICATES DATA IS MISSING.
T  INDICATES TRACE AMOUNT.




$$
