000
CDUS45 KPIH 150737
CLIIDA


CLIMATE REPORT
NATIONAL WEATHER SERVICE POCATELLO ID
1235 AM MST SAT DEC 15 2018


...................................

...THE IDAHO FALLS ID CLIMATE SUMMARY FOR DECEMBER 14 2018...

CLIMATE NORMAL PERIOD 1981 TO 2010
CLIMATE RECORD PERIOD 1948 TO 2018


WEATHER ITEM   OBSERVED TIME   RECORD YEAR NORMAL DEPARTURE LAST
                VALUE   (LST)  VALUE       VALUE  FROM      YEAR
                                                  NORMAL
..................................................................
TEMPERATURE (F)
 YESTERDAY
  MAXIMUM         24    252 PM  47    2004  29     -5       24
  MINIMUM          4    638 AM -13    1984  12     -8       19
  AVERAGE         14                        20     -6       22

PRECIPITATION (IN)
  YESTERDAY        0.00          0.15 1971   0.03  -0.03     0.00
  MONTH TO DATE    0.17                      0.42  -0.25     0.14
  SINCE OCT 1      1.51                      2.12  -0.61     1.75
  SINCE JAN 1     10.25                      9.94   0.31    10.74

SNOWFALL (IN)
  YESTERDAY       MM
  MONTH TO DATE   MM
  SINCE DEC 1     MM
  SINCE JUL 1     MM
  SNOW DEPTH      MM

DEGREE DAYS
 HEATING
  YESTERDAY       51                        45      6       43
  MONTH TO DATE  656                       598     58      616
  SINCE DEC 1    656                       598     58      616
  SINCE JUL 1   2525                      2501     24     2440

 COOLING
  YESTERDAY        0                         0      0        0
  MONTH TO DATE    0                         0      0        0
  SINCE DEC 1      0                         0      0        0
  SINCE JAN 1    277                       264     13      362
..................................................................


WIND (MPH)
  HIGHEST WIND SPEED    15   HIGHEST WIND DIRECTION     E (100)
  HIGHEST GUST SPEED    20   HIGHEST GUST DIRECTION    NW (330)
  AVERAGE WIND SPEED     6.2


SKY COVER
  POSSIBLE SUNSHINE  MM
  AVERAGE SKY COVER 0.0


WEATHER CONDITIONS
 THE FOLLOWING WEATHER WAS RECORDED YESTERDAY.
  NO SIGNIFICANT WEATHER WAS OBSERVED.


RELATIVE HUMIDITY (PERCENT)
 HIGHEST    88           100 AM
 LOWEST     73           100 PM
 AVERAGE    81

..........................................................


THE IDAHO FALLS ID CLIMATE NORMALS FOR TODAY
                         NORMAL    RECORD    YEAR
 MAXIMUM TEMPERATURE (F)   29        46      1979
 MINIMUM TEMPERATURE (F)   12       -14      1972


SUNRISE AND SUNSET
DECEMBER 15 2018......SUNRISE   754 AM MST   SUNSET   453 PM MST
DECEMBER 16 2018......SUNRISE   755 AM MST   SUNSET   453 PM MST


-  INDICATES NEGATIVE NUMBERS.
R  INDICATES RECORD WAS SET OR TIED.
MM INDICATES DATA IS MISSING.
T  INDICATES TRACE AMOUNT.




$$
