000
CDUS45 KPIH 200743
CLIIDA


CLIMATE REPORT
NATIONAL WEATHER SERVICE POCATELLO ID
141 AM MDT WED JUN 20 2018


...................................

...THE IDAHO FALLS ID CLIMATE SUMMARY FOR JUNE 19 2018...

CLIMATE NORMAL PERIOD 1981 TO 2010
CLIMATE RECORD PERIOD 1948 TO 2018


WEATHER ITEM   OBSERVED TIME   RECORD YEAR NORMAL DEPARTURE LAST
                VALUE   (LST)  VALUE       VALUE  FROM      YEAR
                                                  NORMAL
..................................................................
TEMPERATURE (F)
 YESTERDAY
  MAXIMUM         66    504 PM  94    1988  78    -12       85
  MINIMUM         44    220 AM  33    1973  46     -2       45
  AVERAGE         55                        62     -7       65

PRECIPITATION (IN)
  YESTERDAY        0.11          0.38 1964   0.03   0.08     0.00
  MONTH TO DATE    1.76                      0.86   0.90     0.67
  SINCE OCT 1      9.39                      8.28   1.11     8.96
  SINCE JAN 1      7.46                      5.71   1.75     4.68

SNOWFALL (IN)
  YESTERDAY       MM
  MONTH TO DATE   MM
  SINCE JUN 1     MM
  SINCE JUL 1     MM
  SNOW DEPTH      MM

DEGREE DAYS
 HEATING
  YESTERDAY       10                         4      6        0
  MONTH TO DATE  100                       119    -19       79
  SINCE JUN 1    100                       119    -19       79
  SINCE JUL 1   7138                      7810   -672     7608

 COOLING
  YESTERDAY        0                         1     -1        0
  MONTH TO DATE    5                        10     -5       21
  SINCE JUN 1      5                        10     -5       21
  SINCE JAN 1      6                        12     -6       23
..................................................................


WIND (MPH)
  HIGHEST WIND SPEED    16   HIGHEST WIND DIRECTION    SW (220)
  HIGHEST GUST SPEED    20   HIGHEST GUST DIRECTION    SW (220)
  AVERAGE WIND SPEED     6.1


SKY COVER
  POSSIBLE SUNSHINE  MM
  AVERAGE SKY COVER 0.7


WEATHER CONDITIONS
 THE FOLLOWING WEATHER WAS RECORDED YESTERDAY.
  LIGHT RAIN


RELATIVE HUMIDITY (PERCENT)
 HIGHEST   100           200 AM
 LOWEST     56          1200 PM
 AVERAGE    78

..........................................................


THE IDAHO FALLS ID CLIMATE NORMALS FOR TODAY
                         NORMAL    RECORD    YEAR
 MAXIMUM TEMPERATURE (F)   78        94      1988
 MINIMUM TEMPERATURE (F)   46        32      2000


SUNRISE AND SUNSET
JUNE 20 2018..........SUNRISE   547 AM MDT   SUNSET   913 PM MDT
JUNE 21 2018..........SUNRISE   547 AM MDT   SUNSET   913 PM MDT


-  INDICATES NEGATIVE NUMBERS.
R  INDICATES RECORD WAS SET OR TIED.
MM INDICATES DATA IS MISSING.
T  INDICATES TRACE AMOUNT.




$$
