000
CDUS45 KPIH 240732
CLIIDA


CLIMATE REPORT
NATIONAL WEATHER SERVICE POCATELLO ID
130 AM MDT MON SEP 24 2018


...................................

...THE IDAHO FALLS ID CLIMATE SUMMARY FOR SEPTEMBER 23 2018...

CLIMATE NORMAL PERIOD 1981 TO 2010
CLIMATE RECORD PERIOD 1948 TO 2018


WEATHER ITEM   OBSERVED TIME   RECORD YEAR NORMAL DEPARTURE LAST
                VALUE   (LST)  VALUE       VALUE  FROM      YEAR
                                                  NORMAL
..................................................................
TEMPERATURE (F)
 YESTERDAY
  MAXIMUM         65    528 PM  88    1987  71     -6       55
  MINIMUM         46    254 AM  23    1985  38      8       28
  AVERAGE         56                        54      2       42

PRECIPITATION (IN)
  YESTERDAY        0.00          1.01 2016   0.03  -0.03     0.00
  MONTH TO DATE    T                         0.63  -0.63     2.30
  SINCE OCT 1     10.67                     10.18   0.49    12.67
  SINCE JAN 1      8.74                      7.61   1.13     8.39

SNOWFALL (IN)
  YESTERDAY       MM
  MONTH TO DATE   MM
  SINCE SEP 1     MM
  SINCE JUL 1     MM
  SNOW DEPTH      MM

DEGREE DAYS
 HEATING
  YESTERDAY        9                        11     -2       23
  MONTH TO DATE  110                       154    -44      159
  SINCE SEP 1    110                       154    -44      159
  SINCE JUL 1    169                       219    -50      168

 COOLING
  YESTERDAY        0                         0      0        0
  MONTH TO DATE   11                        10      1       40
  SINCE SEP 1     11                        10      1       40
  SINCE JAN 1    277                       262     15      362
..................................................................


WIND (MPH)
  HIGHEST WIND SPEED    25   HIGHEST WIND DIRECTION     S (200)
  HIGHEST GUST SPEED    30   HIGHEST GUST DIRECTION     S (200)
  AVERAGE WIND SPEED    13.6


SKY COVER
  POSSIBLE SUNSHINE  MM
  AVERAGE SKY COVER 0.1


WEATHER CONDITIONS
 THE FOLLOWING WEATHER WAS RECORDED YESTERDAY.
  NO SIGNIFICANT WEATHER WAS OBSERVED.


RELATIVE HUMIDITY (PERCENT)
 HIGHEST    60           300 AM
 LOWEST     32           400 AM
 AVERAGE    46

..........................................................


THE IDAHO FALLS ID CLIMATE NORMALS FOR TODAY
                         NORMAL    RECORD    YEAR
 MAXIMUM TEMPERATURE (F)   70        88      2014
                                             1987
 MINIMUM TEMPERATURE (F)   37        18      2000


SUNRISE AND SUNSET
SEPTEMBER 24 2018.....SUNRISE   718 AM MDT   SUNSET   722 PM MDT
SEPTEMBER 25 2018.....SUNRISE   719 AM MDT   SUNSET   720 PM MDT


-  INDICATES NEGATIVE NUMBERS.
R  INDICATES RECORD WAS SET OR TIED.
MM INDICATES DATA IS MISSING.
T  INDICATES TRACE AMOUNT.




$$
