000
CDUS45 KPIH 160742
CLIIDA


CLIMATE REPORT
NATIONAL WEATHER SERVICE POCATELLO ID
1231 AM MST MON DEC 16 2019


...................................

...THE IDAHO FALLS ID CLIMATE SUMMARY FOR DECEMBER 15 2019...

CLIMATE NORMAL PERIOD 1981 TO 2010
CLIMATE RECORD PERIOD 1948 TO 2019


WEATHER ITEM   OBSERVED TIME   RECORD YEAR NORMAL DEPARTURE LAST
                VALUE   (LST)  VALUE       VALUE  FROM      YEAR
                                                  NORMAL
..................................................................
TEMPERATURE (F)
 YESTERDAY
  MAXIMUM         26   1239 AM  46    1979  29     -3       37
  MINIMUM         13    552 AM -14    1972  12      1       10
  AVERAGE         20                        20      0       24

PRECIPITATION (IN)
  YESTERDAY        0.00          0.20 1977   0.03  -0.03     0.00
  MONTH TO DATE    0.47                      0.45   0.02     0.17
  SINCE OCT 1      0.97                      2.15  -1.18     1.51
  SINCE JAN 1     11.28                      9.97   1.31    10.25

SNOWFALL (IN)
  YESTERDAY       MM
  MONTH TO DATE   MM
  SINCE DEC 1     MM
  SINCE JUL 1     MM
  SNOW DEPTH      MM

DEGREE DAYS
 HEATING
  YESTERDAY       45                        45      0       41
  MONTH TO DATE  585                       643    -58      697
  SINCE DEC 1    585                       643    -58      697
  SINCE JUL 1   2721                      2546    175     2566

 COOLING
  YESTERDAY        0                         0      0        0
  MONTH TO DATE    0                         0      0        0
  SINCE DEC 1      0                         0      0        0
  SINCE JAN 1    261                       264     -3      277
..................................................................


WIND (MPH)
  HIGHEST WIND SPEED    16   HIGHEST WIND DIRECTION     S (200)
  HIGHEST GUST SPEED    18   HIGHEST GUST DIRECTION     S (200)
  AVERAGE WIND SPEED     7.8


SKY COVER
  POSSIBLE SUNSHINE  MM
  AVERAGE SKY COVER 0.9


WEATHER CONDITIONS
 THE FOLLOWING WEATHER WAS RECORDED YESTERDAY.
  NO SIGNIFICANT WEATHER WAS OBSERVED.


RELATIVE HUMIDITY (PERCENT)
 HIGHEST    92           500 AM
 LOWEST     68           400 PM
 AVERAGE    80

..........................................................


THE IDAHO FALLS ID CLIMATE NORMALS FOR TODAY
                         NORMAL    RECORD    YEAR
 MAXIMUM TEMPERATURE (F)   29        50      1957
 MINIMUM TEMPERATURE (F)   12       -14      1964


SUNRISE AND SUNSET
DECEMBER 16 2019......SUNRISE   755 AM MST   SUNSET   453 PM MST
DECEMBER 17 2019......SUNRISE   756 AM MST   SUNSET   453 PM MST


-  INDICATES NEGATIVE NUMBERS.
R  INDICATES RECORD WAS SET OR TIED.
MM INDICATES DATA IS MISSING.
T  INDICATES TRACE AMOUNT.




$$
