000
CDUS45 KPIH 180739
CLIIDA


CLIMATE REPORT
NATIONAL WEATHER SERVICE POCATELLO ID
137 AM MDT FRI OCT 18 2019


...................................

...THE IDAHO FALLS ID CLIMATE SUMMARY FOR OCTOBER 17 2019...

CLIMATE NORMAL PERIOD 1981 TO 2010
CLIMATE RECORD PERIOD 1948 TO 2019


WEATHER ITEM   OBSERVED TIME   RECORD YEAR NORMAL DEPARTURE LAST
                VALUE   (LST)  VALUE       VALUE  FROM      YEAR
                                                  NORMAL
..................................................................
TEMPERATURE (F)
 YESTERDAY
  MAXIMUM         64    153 PM  77    1958  59      5       64
  MINIMUM         30    653 AM  15    1999  31     -1       27
  AVERAGE         47                        45      2       46

PRECIPITATION (IN)
  YESTERDAY        0.00          0.43 2007   0.03  -0.03     0.00
  MONTH TO DATE    0.09                      0.47  -0.38     0.70
  SINCE OCT 1      0.09                      0.47  -0.38     0.70
  SINCE JAN 1     10.40                      8.29   2.11     9.44

SNOWFALL (IN)
  YESTERDAY       MM
  MONTH TO DATE   MM
  SINCE SEP 1     MM
  SINCE JUL 1     MM
  SNOW DEPTH      MM

DEGREE DAYS
 HEATING
  YESTERDAY       18                        20     -2       19
  MONTH TO DATE  413                       293    120      343
  SINCE SEP 1    661                       536    125      543
  SINCE JUL 1    706                       601    105      602

 COOLING
  YESTERDAY        0                         0      0        0
  MONTH TO DATE    0                         0      0        0
  SINCE SEP 1     24                        12     12       11
  SINCE JAN 1    261                       264     -3      277
..................................................................


WIND (MPH)
  HIGHEST WIND SPEED    25   HIGHEST WIND DIRECTION     W (250)
  HIGHEST GUST SPEED    35   HIGHEST GUST DIRECTION     W (250)
  AVERAGE WIND SPEED    12.0


SKY COVER
  POSSIBLE SUNSHINE  MM
  AVERAGE SKY COVER 0.3


WEATHER CONDITIONS
 THE FOLLOWING WEATHER WAS RECORDED YESTERDAY.
  NO SIGNIFICANT WEATHER WAS OBSERVED.


RELATIVE HUMIDITY (PERCENT)
 HIGHEST    72           700 AM
 LOWEST     27          1100 AM
 AVERAGE    50

..........................................................


THE IDAHO FALLS ID CLIMATE NORMALS FOR TODAY
                         NORMAL    RECORD    YEAR
 MAXIMUM TEMPERATURE (F)   59        78      2003
                                             1955
 MINIMUM TEMPERATURE (F)   30        18      1966


SUNRISE AND SUNSET
OCTOBER 18 2019.......SUNRISE   746 AM MDT   SUNSET   640 PM MDT
OCTOBER 19 2019.......SUNRISE   747 AM MDT   SUNSET   639 PM MDT


-  INDICATES NEGATIVE NUMBERS.
R  INDICATES RECORD WAS SET OR TIED.
MM INDICATES DATA IS MISSING.
T  INDICATES TRACE AMOUNT.




$$
