000
CDUS45 KPIH 260737
CLIIDA


CLIMATE REPORT
NATIONAL WEATHER SERVICE POCATELLO ID
136 AM MDT MON OCT 26 2020


...................................

...THE IDAHO FALLS ID CLIMATE SUMMARY FOR OCTOBER 25 2020...

CLIMATE NORMAL PERIOD 1981 TO 2010
CLIMATE RECORD PERIOD 1948 TO 2020


WEATHER ITEM   OBSERVED TIME   RECORD YEAR NORMAL DEPARTURE LAST
                VALUE   (LST)  VALUE       VALUE  FROM      YEAR
                                                  NORMAL
..................................................................
TEMPERATURE (F)
 YESTERDAY
  MAXIMUM         30    406 PM  76    2014  55    -25       58
  MINIMUM          8R  1157 PM  17    2003  29    -21       22
  AVERAGE         19                        42    -23       40

PRECIPITATION (IN)
  YESTERDAY        0.00          0.28 2012   0.03  -0.03     0.00
  MONTH TO DATE    0.20                      0.68  -0.48     0.36
  SINCE OCT 1      0.20                      0.68  -0.48     0.36
  SINCE JAN 1      9.95                      8.50   1.45    10.67

SNOWFALL (IN)
  YESTERDAY       MM
  MONTH TO DATE   MM
  SINCE SEP 1     MM
  SINCE JUL 1     MM
  SNOW DEPTH      MM

DEGREE DAYS
 HEATING
  YESTERDAY       46                        23     23       25
  MONTH TO DATE  407                       468    -61      614
  SINCE SEP 1    615                       711    -96      862
  SINCE JUL 1    659                       776   -117      907

 COOLING
  YESTERDAY        0                         0      0        0
  MONTH TO DATE    0                         0      0        0
  SINCE SEP 1     11                        12     -1       24
  SINCE JAN 1    280                       264     16      261
..................................................................


WIND (MPH)
  HIGHEST WIND SPEED    29   HIGHEST WIND DIRECTION     N (360)
  HIGHEST GUST SPEED    35   HIGHEST GUST DIRECTION     N (10)
  AVERAGE WIND SPEED    18.5


SKY COVER
  POSSIBLE SUNSHINE  MM
  AVERAGE SKY COVER 0.5


WEATHER CONDITIONS
 THE FOLLOWING WEATHER WAS RECORDED YESTERDAY.
  HAZE


RELATIVE HUMIDITY (PERCENT)
 HIGHEST    61           100 AM
 LOWEST     39           400 PM
 AVERAGE    50

..........................................................


THE IDAHO FALLS ID CLIMATE NORMALS FOR TODAY
                         NORMAL    RECORD    YEAR
 MAXIMUM TEMPERATURE (F)   55        71      1999
 MINIMUM TEMPERATURE (F)   29        17      2011


SUNRISE AND SUNSET
OCTOBER 26 2020.......SUNRISE   757 AM MDT   SUNSET   627 PM MDT
OCTOBER 27 2020.......SUNRISE   758 AM MDT   SUNSET   625 PM MDT


-  INDICATES NEGATIVE NUMBERS.
R  INDICATES RECORD WAS SET OR TIED.
MM INDICATES DATA IS MISSING.
T  INDICATES TRACE AMOUNT.




$$
