000
CDUS45 KPIH 230729
CLIIDA


CLIMATE REPORT
NATIONAL WEATHER SERVICE POCATELLO ID
1229 AM MST FRI FEB 23 2018


...................................

...THE IDAHO FALLS ID CLIMATE SUMMARY FOR FEBRUARY 22 2018...

CLIMATE NORMAL PERIOD 1981 TO 2010
CLIMATE RECORD PERIOD 1948 TO 2018


WEATHER ITEM   OBSERVED TIME   RECORD YEAR NORMAL DEPARTURE LAST
                VALUE   (LST)  VALUE       VALUE  FROM      YEAR
                                                  NORMAL
..................................................................
TEMPERATURE (F)
 YESTERDAY
  MAXIMUM         32    317 PM  56    1991  36     -4       37
  MINIMUM          9    607 AM -14    1975  17     -8       29
  AVERAGE         21                        27     -6       33

PRECIPITATION (IN)
  YESTERDAY        0.00          0.31 1955   0.03  -0.03     0.00
  MONTH TO DATE    0.04                      0.50  -0.46     1.14
  SINCE OCT 1      2.45                      3.76  -1.31     6.31
  SINCE JAN 1      0.52                      1.19  -0.67     2.03

SNOWFALL (IN)
  YESTERDAY       MM
  MONTH TO DATE   MM
  SINCE DEC 1     MM
  SINCE JUL 1     MM
  SNOW DEPTH      MM

DEGREE DAYS
 HEATING
  YESTERDAY       44                        38      6       32
  MONTH TO DATE  733                       918   -185      747
  SINCE DEC 1   3198                      3678   -480     3906
  SINCE JUL 1   5022                      5581   -559     5524

 COOLING
  YESTERDAY        0                         0      0        0
  MONTH TO DATE    0                         0      0        0
  SINCE DEC 1      0                         0      0        0
  SINCE JAN 1      0                         0      0        0
..................................................................


WIND (MPH)
  HIGHEST WIND SPEED    15   HIGHEST WIND DIRECTION     S (190)
  HIGHEST GUST SPEED    19   HIGHEST GUST DIRECTION     S (190)
  AVERAGE WIND SPEED     6.5


SKY COVER
  POSSIBLE SUNSHINE  MM
  AVERAGE SKY COVER 0.5


WEATHER CONDITIONS
 THE FOLLOWING WEATHER WAS RECORDED YESTERDAY.
  NO SIGNIFICANT WEATHER WAS OBSERVED.


RELATIVE HUMIDITY (PERCENT)
 HIGHEST    88          1100 PM
 LOWEST     39           100 PM
 AVERAGE    64

..........................................................


THE IDAHO FALLS ID CLIMATE NORMALS FOR TODAY
                         NORMAL    RECORD    YEAR
 MAXIMUM TEMPERATURE (F)   37        52      1954
 MINIMUM TEMPERATURE (F)   17       -18      1955


SUNRISE AND SUNSET
FEBRUARY 23 2018......SUNRISE   714 AM MST   SUNSET   609 PM MST
FEBRUARY 24 2018......SUNRISE   713 AM MST   SUNSET   611 PM MST


-  INDICATES NEGATIVE NUMBERS.
R  INDICATES RECORD WAS SET OR TIED.
MM INDICATES DATA IS MISSING.
T  INDICATES TRACE AMOUNT.




$$
