056
CDUS43 KUNR 140831
CLIIEN

CLIMATE REPORT
NATIONAL WEATHER SERVICE RAPID CITY SD
231 AM MDT MON JUN 14 2021

...................................

...THE PINE RIDGE SD CLIMATE SUMMARY FOR JUNE 13 2021...

CLIMATE NORMAL PERIOD 1991 TO 2020
CLIMATE RECORD PERIOD 9999 TO 9999


WEATHER ITEM   OBSERVED TIME   NORMAL DEPARTURE LAST
                VALUE   (LST)  VALUE  FROM      YEAR
                                      NORMAL
.......................................................
TEMPERATURE (F)
 YESTERDAY
  MAXIMUM         97    419 PM  80     17       93
  MINIMUM         66    521 AM  52     14       67
  AVERAGE         82            66     16       80

PRECIPITATION (IN)
  YESTERDAY        T             0.10  -0.10     0.00
  MONTH TO DATE    0.08          1.34  -1.26     0.54
  SINCE JUN 1      0.08          1.34  -1.26     0.54
  SINCE JAN 1      6.70          7.68  -0.98     5.32

DEGREE DAYS
 HEATING
  YESTERDAY        0             3     -3        0
  MONTH TO DATE    3            50    -47       20
  SINCE JUN 1      3            50    -47       20
  SINCE JUL 1   6836          6986   -150     6986

 COOLING
  YESTERDAY       17             4     13       15
  MONTH TO DATE  112            35     77       87
  SINCE JUN 1    112            35     77       87
  SINCE JAN 1    120            57     63      109
.......................................................


WIND (MPH)
  HIGHEST WIND SPEED    29   HIGHEST WIND DIRECTION    SE (140)
  HIGHEST GUST SPEED    45   HIGHEST GUST DIRECTION    SE (150)
  AVERAGE WIND SPEED    11.0


SKY COVER
  AVERAGE SKY COVER 0.1


RELATIVE HUMIDITY (PERCENT)
 HIGHEST    55           800 PM
 LOWEST     31           400 PM
 AVERAGE    43

..........................................................



SUNRISE AND SUNSET
JUNE 14 2021..........SUNRISE   510 AM MDT   SUNSET   831 PM MDT
JUNE 15 2021..........SUNRISE   510 AM MDT   SUNSET   831 PM MDT


-  INDICATES NEGATIVE NUMBERS.
R  INDICATES RECORD WAS SET OR TIED.
MM INDICATES DATA IS MISSING.
T  INDICATES TRACE AMOUNT.




$$
