000
CDUS43 KUNR 200834
CLIIEN


CLIMATE REPORT
NATIONAL WEATHER SERVICE RAPID CITY SD
232 AM MDT WED JUN 20 2018


...................................

...THE PINE RIDGE SD CLIMATE SUMMARY FOR JUNE 19 2018...

CLIMATE NORMAL PERIOD 1981 TO 2010
CLIMATE RECORD PERIOD 9999 TO 9999


WEATHER ITEM   OBSERVED TIME   NORMAL DEPARTURE LAST
                VALUE   (LST)  VALUE  FROM      YEAR
                                      NORMAL
......................................................
TEMPERATURE (F)
 YESTERDAY
  MAXIMUM         68    139 PM  81    -13       83
  MINIMUM         54    931 PM  53      1       47
  AVERAGE         61            67     -6       65

PRECIPITATION (IN)
  YESTERDAY       MM             0.12  MM        0.00
  MONTH TO DATE    0.38          2.31  -1.93     1.08
  SINCE JUN 1      0.38          2.31  -1.93     1.08
  SINCE JAN 1      6.82          8.55  -1.73    10.54

DEGREE DAYS
 HEATING
  YESTERDAY        4             2      2        0
  MONTH TO DATE   31            71    -40        6
  SINCE JUN 1     31            71    -40        6
  SINCE JUL 1   7072          7198   -126     6690

 COOLING
  YESTERDAY        0             4     -4        0
  MONTH TO DATE  130            51     79       65
  SINCE JUN 1    130            51     79       65
  SINCE JAN 1    181            68    113       81
......................................................


WIND (MPH)
  HIGHEST WIND SPEED    17   HIGHEST WIND DIRECTION     E (90)
  HIGHEST GUST SPEED    20   HIGHEST GUST DIRECTION     E (90)
  AVERAGE WIND SPEED     6.4


SKY COVER
  AVERAGE SKY COVER 1.0


WEATHER CONDITIONS
 THE FOLLOWING WEATHER WAS RECORDED YESTERDAY.
  THUNDERSTORM
  HEAVY RAIN
  RAIN
  LIGHT RAIN
  FOG


RELATIVE HUMIDITY (PERCENT)
 HIGHEST   100          1200 AM
 LOWEST     78           300 PM
 AVERAGE    89

..........................................................




SUNRISE AND SUNSET
JUNE 20 2018..........SUNRISE   511 AM MDT   SUNSET   833 PM MDT
JUNE 21 2018..........SUNRISE   511 AM MDT   SUNSET   833 PM MDT


-  INDICATES NEGATIVE NUMBERS.
R  INDICATES RECORD WAS SET OR TIED.
MM INDICATES DATA IS MISSING.
T  INDICATES TRACE AMOUNT.




$$
