359
CDUS43 KUNR 250831
CLIIEN


CLIMATE REPORT
NATIONAL WEATHER SERVICE RAPID CITY SD
231 AM MDT TUE SEP 25 2018


...................................

...THE PINE RIDGE SD CLIMATE SUMMARY FOR SEPTEMBER 24 2018...

CLIMATE NORMAL PERIOD 1981 TO 2010
CLIMATE RECORD PERIOD 9999 TO 9999


WEATHER ITEM   OBSERVED TIME   NORMAL DEPARTURE LAST
                VALUE   (LST)  VALUE  FROM      YEAR
                                      NORMAL
......................................................
TEMPERATURE (F)
 YESTERDAY
  MAXIMUM         69    212 PM  74     -5       52
  MINIMUM         48    613 AM  41      7       45
  AVERAGE         59            57      2       49

PRECIPITATION (IN)
  YESTERDAY        0.18          0.04   0.14     0.08
  MONTH TO DATE    0.35          1.34  -0.99     0.70
  SINCE SEP 1      0.35          1.34  -0.99     0.70
  SINCE JAN 1     13.81         15.13  -1.32    13.87

DEGREE DAYS
 HEATING
  YESTERDAY        6             9     -3       16
  MONTH TO DATE   37           125    -88      105
  SINCE SEP 1     37           125    -88      105
  SINCE JUL 1     77           162    -85      117

 COOLING
  YESTERDAY        0             1     -1        0
  MONTH TO DATE  108            63     45       98
  SINCE SEP 1    108            63     45       98
  SINCE JAN 1    827           711    116      771
......................................................


WIND (MPH)
  HIGHEST WIND SPEED    17   HIGHEST WIND DIRECTION     N (10)
  HIGHEST GUST SPEED    23   HIGHEST GUST DIRECTION     N (360)
  AVERAGE WIND SPEED     7.1


SKY COVER
  AVERAGE SKY COVER 0.6


WEATHER CONDITIONS
 THE FOLLOWING WEATHER WAS RECORDED YESTERDAY.
  HEAVY RAIN
  RAIN
  LIGHT RAIN
  FOG


RELATIVE HUMIDITY (PERCENT)
 HIGHEST   100           800 AM
 LOWEST     45           200 PM
 AVERAGE    73

..........................................................




SUNRISE AND SUNSET
SEPTEMBER 25 2018.....SUNRISE   641 AM MDT   SUNSET   642 PM MDT
SEPTEMBER 26 2018.....SUNRISE   642 AM MDT   SUNSET   640 PM MDT


-  INDICATES NEGATIVE NUMBERS.
R  INDICATES RECORD WAS SET OR TIED.
MM INDICATES DATA IS MISSING.
T  INDICATES TRACE AMOUNT.




$$
