000
CDUS43 KUNR 110831
CLIIEN


CLIMATE REPORT
NATIONAL WEATHER SERVICE RAPID CITY SD
231 AM MDT TUE AUG 11 2020


...................................

...THE PINE RIDGE SD CLIMATE SUMMARY FOR AUGUST 10 2020...

CLIMATE NORMAL PERIOD 1981 TO 2010
CLIMATE RECORD PERIOD 9999 TO 9999


WEATHER ITEM   OBSERVED TIME   NORMAL DEPARTURE LAST
                VALUE   (LST)  VALUE  FROM      YEAR
                                      NORMAL
......................................................
TEMPERATURE (F)
 YESTERDAY
  MAXIMUM         87    415 PM  89     -2       92
  MINIMUM         61    510 AM  58      3       62
  AVERAGE         74            74      0       77

PRECIPITATION (IN)
  YESTERDAY        0.00          0.07  -0.07    MM
  MONTH TO DATE    0.20          0.68  -0.48      T
  SINCE JUN 1      2.04          6.38  -4.34     1.91
  SINCE JAN 1      6.82         12.62  -5.80    11.81

DEGREE DAYS
 HEATING
  YESTERDAY        0             0      0        0
  MONTH TO DATE    0             0      0        0
  SINCE JUN 1     33            99    -66       86
  SINCE JUL 1      0            12    -12        2

 COOLING
  YESTERDAY        9             9      0       12
  MONTH TO DATE   98            96      2      106
  SINCE JUN 1    678           487    191      475
  SINCE JAN 1    700           504    196      478
......................................................


WIND (MPH)
  HIGHEST WIND SPEED    23   HIGHEST WIND DIRECTION     S (170)
  HIGHEST GUST SPEED    39   HIGHEST GUST DIRECTION     S (180)
  AVERAGE WIND SPEED     9.4


SKY COVER
  AVERAGE SKY COVER 0.3


WEATHER CONDITIONS
 THE FOLLOWING WEATHER WAS RECORDED YESTERDAY.
  NO SIGNIFICANT WEATHER WAS OBSERVED.


RELATIVE HUMIDITY (PERCENT)
 HIGHEST    65           200 AM
 LOWEST     28          1200 PM
 AVERAGE    47

..........................................................




SUNRISE AND SUNSET
AUGUST 11 2020........SUNRISE   552 AM MDT   SUNSET   757 PM MDT
AUGUST 12 2020........SUNRISE   553 AM MDT   SUNSET   756 PM MDT


-  INDICATES NEGATIVE NUMBERS.
R  INDICATES RECORD WAS SET OR TIED.
MM INDICATES DATA IS MISSING.
T  INDICATES TRACE AMOUNT.




$$
