000
CDUS43 KUNR 150833
CLIIEN


CLIMATE REPORT
NATIONAL WEATHER SERVICE RAPID CITY SD
233 AM MDT TUE OCT 15 2019


...................................

...THE PINE RIDGE SD CLIMATE SUMMARY FOR OCTOBER 14 2019...

CLIMATE NORMAL PERIOD 1981 TO 2010
CLIMATE RECORD PERIOD 9999 TO 9999


WEATHER ITEM   OBSERVED TIME   NORMAL DEPARTURE LAST
                VALUE   (LST)  VALUE  FROM      YEAR
                                      NORMAL
......................................................
TEMPERATURE (F)
 YESTERDAY
  MAXIMUM         73    211 PM  64      9       30
  MINIMUM         35    317 AM  33      2       17
  AVERAGE         54            49      5       24

PRECIPITATION (IN)
  YESTERDAY        0.00          0.04  -0.04      T
  MONTH TO DATE    0.35          0.58  -0.23     0.55
  SINCE SEP 1      2.23          2.19   0.04     1.45
  SINCE JAN 1     14.04         15.98  -1.94    14.91

DEGREE DAYS
 HEATING
  YESTERDAY       11            16     -5       41
  MONTH TO DATE  300           193    107      324
  SINCE SEP 1    407           378     29      466
  SINCE JUL 1    424           415      9      506

 COOLING
  YESTERDAY        0             0      0        0
  MONTH TO DATE    0             0      0        2
  SINCE SEP 1     89            66     23      110
  SINCE JAN 1    685           714    -29      829
......................................................


WIND (MPH)
  HIGHEST WIND SPEED    24   HIGHEST WIND DIRECTION     N (10)
  HIGHEST GUST SPEED    35   HIGHEST GUST DIRECTION     N (20)
  AVERAGE WIND SPEED     8.7


SKY COVER
  AVERAGE SKY COVER 0.0


WEATHER CONDITIONS
 THE FOLLOWING WEATHER WAS RECORDED YESTERDAY.
  NO SIGNIFICANT WEATHER WAS OBSERVED.


RELATIVE HUMIDITY (PERCENT)
 HIGHEST    64           200 AM
 LOWEST     14          1200 PM
 AVERAGE    39

..........................................................




SUNRISE AND SUNSET
OCTOBER 15 2019.......SUNRISE   703 AM MDT   SUNSET   608 PM MDT
OCTOBER 16 2019.......SUNRISE   705 AM MDT   SUNSET   606 PM MDT


-  INDICATES NEGATIVE NUMBERS.
R  INDICATES RECORD WAS SET OR TIED.
MM INDICATES DATA IS MISSING.
T  INDICATES TRACE AMOUNT.




$$
