000
CDUS45 KVEF 190027
CLIIGM


CLIMATE REPORT
NATIONAL WEATHER SERVICE LAS VEGAS, NV
526 PM PDT FRI OCT 18 2019


...................................

...THE KINGMAN AZ CLIMATE SUMMARY FOR OCTOBER 18 2019...
VALID TODAY AS OF 0500 PM LOCAL TIME.

CLIMATE NORMAL PERIOD 1981 TO 2010
CLIMATE RECORD PERIOD 1901 TO 2019


WEATHER ITEM   OBSERVED TIME   RECORD YEAR NORMAL DEPARTURE LAST
                VALUE   (LST)  VALUE       VALUE  FROM      YEAR
                                                  NORMAL
..................................................................
TEMPERATURE (F)
 TODAY
  MAXIMUM         74    233 PM  97    1915  76     -2       72
  MINIMUM         50    613 AM  35    1971  48      2       41
  AVERAGE         62                        62      0       57

PRECIPITATION (IN)
  TODAY            0.00          2.25 1936   0.03  -0.03     0.00
  MONTH TO DATE    0.00                      0.36  -0.36     1.68
  SINCE OCT 1      0.00                      0.36  -0.36     1.68
  SINCE JAN 1      7.83                      6.65   1.18     6.06

DEGREE DAYS
 HEATING
  TODAY            3                         4     -1        8
  MONTH TO DATE   50                        45      5       87
  SINCE SEP 1     58                        51      7       87
  SINCE JUL 1     58                        51      7       87

 COOLING
  TODAY            0                         1     -1        0
  MONTH TO DATE   22                        56    -34       22
  SINCE SEP 1    343                       381    -38      457
  SINCE JAN 1   2098                      2082     16     2470
..................................................................


WIND (MPH)
  RESULTANT WIND SPEED   5   RESULTANT WIND DIRECTION   N (350)
  HIGHEST WIND SPEED    23   HIGHEST WIND DIRECTION     N (350)
  HIGHEST GUST SPEED    28   HIGHEST GUST DIRECTION     N (360)
  AVERAGE WIND SPEED     8.3


SKY COVER
  POSSIBLE SUNSHINE  MM
  AVERAGE SKY COVER 0.0


WEATHER CONDITIONS
 THE FOLLOWING WEATHER WAS RECORDED TODAY.
  NO SIGNIFICANT WEATHER WAS OBSERVED.


RELATIVE HUMIDITY (PERCENT)
 HIGHEST    41           700 AM
 LOWEST     12           400 PM
 AVERAGE    27

..........................................................


THE KINGMAN AZ CLIMATE NORMALS FOR TOMORROW
                         NORMAL    RECORD    YEAR
 MAXIMUM TEMPERATURE (F)   76        98      1915
 MINIMUM TEMPERATURE (F)   47        27      1908


SUNRISE AND SUNSET
OCTOBER 18 2019.......SUNRISE   644 AM MST   SUNSET   557 PM MST
OCTOBER 19 2019.......SUNRISE   645 AM MST   SUNSET   556 PM MST


-  INDICATES NEGATIVE NUMBERS.
R  INDICATES RECORD WAS SET OR TIED.
MM INDICATES DATA IS MISSING.
T  INDICATES TRACE AMOUNT.




$$
