000
CDUS45 KVEF 280028
CLIIGM

CLIMATE REPORT
NATIONAL WEATHER SERVICE LAS VEGAS, NV
528 PM PDT WED MAY 27 2020

...................................

...THE KINGMAN AZ CLIMATE SUMMARY FOR MAY 27 2020...
VALID TODAY AS OF 0500 PM LOCAL TIME.

CLIMATE NORMAL PERIOD: 1981 TO 2010
CLIMATE RECORD PERIOD: 1901 TO 2020


WEATHER ITEM   OBSERVED TIME   RECORD YEAR NORMAL DEPARTURE LAST
                VALUE   (LST)  VALUE       VALUE  FROM      YEAR
                                                  NORMAL
...................................................................
TEMPERATURE (F)
 TODAY
  MAXIMUM        102   3:26 PM 105    2003  88     14       66
  MINIMUM         62   3:37 AM  36    1911  56      6       47
                                      1942
  AVERAGE         82                        72     10       57

PRECIPITATION (IN)
  TODAY            0.00          0.28 1907   0.00   0.00      T
  MONTH TO DATE    0.15                      0.12   0.03     0.85
  SINCE OCT 1      8.05                      5.55   2.50     7.83
  SINCE JAN 1      4.08                      3.45   0.63     5.79

DEGREE DAYS
 HEATING
  TODAY            0                         1     -1        8
  MONTH TO DATE   11                        52    -41       93
  SINCE MAR 1    654                       685    -31      625
  SINCE JUL 1   2988                      3098   -110     3105

 COOLING
  TODAY           17                         8      9        0
  MONTH TO DATE  169                       135     34       39
  SINCE MAR 1    218                       166     52       74
  SINCE JAN 1    218                       166     52       74
...................................................................


WIND (MPH)
  RESULTANT WIND SPEED   4   RESULTANT WIND DIRECTION  SW (240)
  HIGHEST WIND SPEED    21   HIGHEST WIND DIRECTION     W (250)
  HIGHEST GUST SPEED    28   HIGHEST GUST DIRECTION     W (280)
  AVERAGE WIND SPEED     5.3


SKY COVER
  AVERAGE SKY COVER 0.0


WEATHER CONDITIONS
THE FOLLOWING WEATHER WAS RECORDED TODAY.
  NO SIGNIFICANT WEATHER WAS OBSERVED.


RELATIVE HUMIDITY (PERCENT)
 HIGHEST    24           5:00 AM
 LOWEST      7           3:00 PM
 AVERAGE    16

..........................................................


THE KINGMAN AZ CLIMATE NORMALS FOR TOMORROW
                         NORMAL    RECORD    YEAR
 MAXIMUM TEMPERATURE (F)   89       104      2003
 MINIMUM TEMPERATURE (F)   56        35      1918


SUNRISE AND SUNSET
MAY 27 2020...........SUNRISE   5:24 AM MST   SUNSET   7:42 PM MST
MAY 28 2020...........SUNRISE   5:24 AM MST   SUNSET   7:43 PM MST


-  INDICATES NEGATIVE NUMBERS.
R  INDICATES RECORD WAS SET OR TIED.
MM INDICATES DATA IS MISSING.
T  INDICATES TRACE AMOUNT.




$$
