000
CDUS45 KVEF 120827
CLIIGM


CLIMATE REPORT
NATIONAL WEATHER SERVICE LAS VEGAS, NV
1226 AM PST WED DEC 12 2018


...................................

...THE KINGMAN AZ CLIMATE SUMMARY FOR DECEMBER 11 2018...

CLIMATE NORMAL PERIOD 1981 TO 2010
CLIMATE RECORD PERIOD 1901 TO 2018


WEATHER ITEM   OBSERVED TIME   RECORD YEAR NORMAL DEPARTURE LAST
                VALUE   (LST)  VALUE       VALUE  FROM      YEAR
                                                  NORMAL
..................................................................
TEMPERATURE (F)
 YESTERDAY
  MAXIMUM         62    322 PM  77    1950  54      8       62
  MINIMUM         33    703 AM  10    1949  32      1       25
  AVERAGE         48                        43      5       44

PRECIPITATION (IN)
  YESTERDAY        0.00          1.00 1932   0.03  -0.03     0.00
  MONTH TO DATE    0.09                      0.26  -0.17     0.00
  SINCE OCT 1      2.04                      1.62   0.42      T
  SINCE JAN 1      6.42                      7.91  -1.49     7.97

DEGREE DAYS
 HEATING
  YESTERDAY       17                        22     -5       21
  MONTH TO DATE  230                       230      0      192
  SINCE DEC 1    230                       230      0      192
  SINCE JUL 1    757                       796    -39      483

 COOLING
  YESTERDAY        0                         0      0        0
  MONTH TO DATE    0                         0      0        0
  SINCE DEC 1      0                         0      0        0
  SINCE JAN 1   2476                      2093    383     2183
..................................................................


WIND (MPH)
  RESULTANT WIND SPEED   4   RESULTANT WIND DIRECTION   E (80)
  HIGHEST WIND SPEED    17   HIGHEST WIND DIRECTION     N (20)
  HIGHEST GUST SPEED    22   HIGHEST GUST DIRECTION     N (20)
  AVERAGE WIND SPEED     5.8


SKY COVER
  POSSIBLE SUNSHINE  MM
  AVERAGE SKY COVER 0.0


WEATHER CONDITIONS
 THE FOLLOWING WEATHER WAS RECORDED YESTERDAY.
  NO SIGNIFICANT WEATHER WAS OBSERVED.


RELATIVE HUMIDITY (PERCENT)
 HIGHEST    82           500 AM
 LOWEST     27           400 PM
 AVERAGE    55

..........................................................


THE KINGMAN AZ CLIMATE NORMALS FOR TODAY
                         NORMAL    RECORD    YEAR
 MAXIMUM TEMPERATURE (F)   54        72      1950
                                             1921
 MINIMUM TEMPERATURE (F)   32        16      1972


SUNRISE AND SUNSET
DECEMBER 12 2018......SUNRISE   735 AM MST   SUNSET   524 PM MST
DECEMBER 13 2018......SUNRISE   736 AM MST   SUNSET   524 PM MST


-  INDICATES NEGATIVE NUMBERS.
R  INDICATES RECORD WAS SET OR TIED.
MM INDICATES DATA IS MISSING.
T  INDICATES TRACE AMOUNT.




$$
