000
CDUS45 KVEF 190845
CLIIGM


CLIMATE REPORT
NATIONAL WEATHER SERVICE LAS VEGAS, NV
145 AM PDT WED SEP 19 2018


...................................

...THE KINGMAN AZ CLIMATE SUMMARY FOR SEPTEMBER 18 2018...

CLIMATE NORMAL PERIOD 1981 TO 2010
CLIMATE RECORD PERIOD 1901 TO 2018


WEATHER ITEM   OBSERVED TIME   RECORD YEAR NORMAL DEPARTURE LAST
                VALUE   (LST)  VALUE       VALUE  FROM      YEAR
                                                  NORMAL
..................................................................
TEMPERATURE (F)
 YESTERDAY
  MAXIMUM         95    329 PM 105    1922  89      6       86
  MINIMUM         70    702 AM  42    1908  61      9       58
  AVERAGE         83                        75      8       72

PRECIPITATION (IN)
  YESTERDAY        0.00          1.60 1963   0.03  -0.03     0.00
  MONTH TO DATE    0.03                      0.78  -0.75     1.65
  SINCE OCT 1      4.38                      8.15  -3.77    11.53
  SINCE JAN 1      4.38                      6.05  -1.67     7.97

DEGREE DAYS
 HEATING
  YESTERDAY        0                         0      0        0
  MONTH TO DATE    0                         0      0        0
  SINCE SEP 1      0                         0      0        0
  SINCE JUL 1      0                         0      0        0

 COOLING
  YESTERDAY       18                        10      8        7
  MONTH TO DATE  278                       233     45      239
  SINCE SEP 1    278                       233     45      239
  SINCE JAN 1   2291                      1934    357     2109
..................................................................


WIND (MPH)
  RESULTANT WIND SPEED  12   RESULTANT WIND DIRECTION   S (200)
  HIGHEST WIND SPEED    29   HIGHEST WIND DIRECTION    SW (220)
  HIGHEST GUST SPEED    35   HIGHEST GUST DIRECTION    SW (210)
  AVERAGE WIND SPEED    13.1


SKY COVER
  POSSIBLE SUNSHINE  MM
  AVERAGE SKY COVER 0.0


WEATHER CONDITIONS
 THE FOLLOWING WEATHER WAS RECORDED YESTERDAY.
  NO SIGNIFICANT WEATHER WAS OBSERVED.


RELATIVE HUMIDITY (PERCENT)
 HIGHEST    38           600 AM
 LOWEST     15           400 PM
 AVERAGE    27

..........................................................


THE KINGMAN AZ CLIMATE NORMALS FOR TODAY
                         NORMAL    RECORD    YEAR
 MAXIMUM TEMPERATURE (F)   89       104      1922
 MINIMUM TEMPERATURE (F)   60        40      1955


SUNRISE AND SUNSET
SEPTEMBER 19 2018.....SUNRISE   622 AM MST   SUNSET   637 PM MST
SEPTEMBER 20 2018.....SUNRISE   622 AM MST   SUNSET   635 PM MST


-  INDICATES NEGATIVE NUMBERS.
R  INDICATES RECORD WAS SET OR TIED.
MM INDICATES DATA IS MISSING.
T  INDICATES TRACE AMOUNT.




$$
