000
CDUS45 KVEF 180027
CLIIGM


CLIMATE REPORT
NATIONAL WEATHER SERVICE LAS VEGAS, NV
526 PM PDT SUN JUN 17 2018


...................................

...THE KINGMAN AZ CLIMATE SUMMARY FOR JUNE 17 2018...
VALID TODAY AS OF 0500 PM LOCAL TIME.

CLIMATE NORMAL PERIOD 1981 TO 2010
CLIMATE RECORD PERIOD 1901 TO 2018


WEATHER ITEM   OBSERVED TIME   RECORD YEAR NORMAL DEPARTURE LAST
                VALUE   (LST)  VALUE       VALUE  FROM      YEAR
                                                  NORMAL
..................................................................
TEMPERATURE (F)
 TODAY
  MAXIMUM         90    241 PM 108    1917  94     -4      104
  MINIMUM         65    607 AM  43    1923  63      2       62
  AVERAGE         78                        78      0       83

PRECIPITATION (IN)
  TODAY            0.00          0.00 2010   0.01  -0.01     0.00
                                      2009
                                      2008
  MONTH TO DATE    T                         0.02  -0.02     0.00
  SINCE OCT 1      1.31                      5.58  -4.27     6.45
  SINCE JAN 1      1.31                      3.48  -2.17     2.89

DEGREE DAYS
 HEATING
  TODAY            0                         0      0        0
  MONTH TO DATE    0                         0      0        0
  SINCE JUN 1      0                         0      0        0
  SINCE JUL 1   2272                      3100   -828     2491

 COOLING
  TODAY           13                        13      0       18
  MONTH TO DATE  269                       188     81      210
  SINCE JUN 1    269                       188     81      210
  SINCE JAN 1    544                       386    158      370
..................................................................


WIND (MPH)
  RESULTANT WIND SPEED  11   RESULTANT WIND DIRECTION   S (170)
  HIGHEST WIND SPEED    38   HIGHEST WIND DIRECTION    SW (210)
  HIGHEST GUST SPEED    46   HIGHEST GUST DIRECTION    SW (210)
  AVERAGE WIND SPEED    13.2


SKY COVER
  POSSIBLE SUNSHINE  MM
  AVERAGE SKY COVER 0.0


WEATHER CONDITIONS
 THE FOLLOWING WEATHER WAS RECORDED TODAY.
  NO SIGNIFICANT WEATHER WAS OBSERVED.


RELATIVE HUMIDITY (PERCENT)
 HIGHEST    66           100 AM
 LOWEST     15           200 PM
 AVERAGE    41

..........................................................


THE KINGMAN AZ CLIMATE NORMALS FOR TOMORROW
                         NORMAL    RECORD    YEAR
 MAXIMUM TEMPERATURE (F)   94       109      2017
 MINIMUM TEMPERATURE (F)   63        44      1979


SUNRISE AND SUNSET
JUNE 17 2018..........SUNRISE   521 AM MST   SUNSET   753 PM MST
JUNE 18 2018..........SUNRISE   521 AM MST   SUNSET   753 PM MST


-  INDICATES NEGATIVE NUMBERS.
R  INDICATES RECORD WAS SET OR TIED.
MM INDICATES DATA IS MISSING.
T  INDICATES TRACE AMOUNT.




$$
