000
CDUS45 KVEF 200046
CLIIGM

CLIMATE REPORT
NATIONAL WEATHER SERVICE LAS VEGAS, NV
546 PM PDT MON OCT 19 2020

...................................

...THE KINGMAN AZ CLIMATE SUMMARY FOR OCTOBER 19 2020...
VALID TODAY AS OF 0500 PM LOCAL TIME.

CLIMATE NORMAL PERIOD: 1981 TO 2010
CLIMATE RECORD PERIOD: 1901 TO 2020


WEATHER ITEM   OBSERVED TIME   RECORD YEAR NORMAL DEPARTURE LAST
                VALUE   (LST)  VALUE       VALUE  FROM      YEAR
                                                  NORMAL
...................................................................
TEMPERATURE (F)
 TODAY
  MAXIMUM         90   3:22 PM  98    1915  76     14       77
  MINIMUM         50   6:01 AM  27    1908  47      3       38
  AVERAGE         70                        62      8       58

PRECIPITATION (IN)
  TODAY            0.00          0.72 1971   0.02  -0.02     0.00
  MONTH TO DATE    0.00                      0.38  -0.38     0.00
  SINCE OCT 1      0.00                      0.38  -0.38     0.00
  SINCE JAN 1      4.33                      6.67  -2.34     7.83

DEGREE DAYS
 HEATING
  TODAY            0                         5     -5        7
  MONTH TO DATE    0                        50    -50       58
  SINCE SEP 1      3                        56    -53       66
  SINCE JUL 1      3                        56    -53       66

 COOLING
  TODAY            5                         1      4        0
  MONTH TO DATE  152                        57     95       22
  SINCE SEP 1    584                       382    202      343
  SINCE JAN 1   2662                      2083    579     2098
...................................................................


WIND (MPH)
  RESULTANT WIND SPEED   2   RESULTANT WIND DIRECTION  SW (220)
  HIGHEST WIND SPEED    17   HIGHEST WIND DIRECTION     W (260)
  HIGHEST GUST SPEED    21   HIGHEST GUST DIRECTION     W (250)
  AVERAGE WIND SPEED     3.8


SKY COVER
  AVERAGE SKY COVER 0.0


WEATHER CONDITIONS
THE FOLLOWING WEATHER WAS RECORDED TODAY.
  NO SIGNIFICANT WEATHER WAS OBSERVED.


RELATIVE HUMIDITY (PERCENT)
 HIGHEST    30           7:00 AM
 LOWEST      9           3:00 PM
 AVERAGE    20

..........................................................


THE KINGMAN AZ CLIMATE NORMALS FOR TOMORROW
                         NORMAL    RECORD    YEAR
 MAXIMUM TEMPERATURE (F)   75        93      1921
 MINIMUM TEMPERATURE (F)   47        29      1949


SUNRISE AND SUNSET
OCTOBER 19 2020.......SUNRISE   6:46 AM MST   SUNSET   5:55 PM MST
OCTOBER 20 2020.......SUNRISE   6:47 AM MST   SUNSET   5:54 PM MST


-  INDICATES NEGATIVE NUMBERS.
R  INDICATES RECORD WAS SET OR TIED.
MM INDICATES DATA IS MISSING.
T  INDICATES TRACE AMOUNT.




$$
