577
CDUS41 KPHI 160603
CLIILG


CLIMATE REPORT
NATIONAL WEATHER SERVICE MOUNT HOLLY NJ
203 AM EDT WED OCT 16 2019


...................................

...THE WILMINGTON DE CLIMATE SUMMARY FOR OCTOBER 15 2019...

CLIMATE NORMAL PERIOD 1981 TO 2010
CLIMATE RECORD PERIOD 1894 TO 2019


WEATHER ITEM   OBSERVED TIME   RECORD YEAR NORMAL DEPARTURE LAST
                VALUE   (LST)  VALUE       VALUE  FROM      YEAR
                                                  NORMAL
..................................................................
TEMPERATURE (F)
 YESTERDAY
  MAXIMUM         69    212 PM  87    1975  66      3       68
  MINIMUM         43    630 AM  31    1937  46     -3       55
  AVERAGE         56                        56      0       62

PRECIPITATION (IN)
  YESTERDAY        0.00          1.05 1900   0.11  -0.11     0.17
  MONTH TO DATE    0.22                      1.78  -1.56     1.41
  SINCE SEP 1      0.70                      6.10  -5.40     7.63
  SINCE JAN 1     36.82                     34.86   1.96    44.41

SNOWFALL (IN)
  YESTERDAY        0.0           0.0  1894   0.0    0.0      0.0
  MONTH TO DATE    0.0                       0.0    0.0      0.0
  SINCE SEP 1      0.0                       0.0    0.0      0.0
  SINCE JUL 1      0.0                       0.0    0.0      0.0
  SNOW DEPTH       0

DEGREE DAYS
 HEATING
  YESTERDAY        9                         9      0        3
  MONTH TO DATE   49                       105    -56       36
  SINCE SEP 1     55                       155   -100       47
  SINCE JUL 1     55                       157   -102       47

 COOLING
  YESTERDAY        0                         0      0        0
  MONTH TO DATE   46                        15     31       82
  SINCE SEP 1    275                       149    126      318
  SINCE JAN 1   1505                      1142    363     1496
..................................................................


WIND (MPH)
  HIGHEST WIND SPEED    10   HIGHEST WIND DIRECTION     S (170)
  HIGHEST GUST SPEED    13   HIGHEST GUST DIRECTION    SE (150)
  AVERAGE WIND SPEED     5.8


SKY COVER
  POSSIBLE SUNSHINE  MM
  AVERAGE SKY COVER 0.0


WEATHER CONDITIONS
 THE FOLLOWING WEATHER WAS RECORDED YESTERDAY.
  NO SIGNIFICANT WEATHER WAS OBSERVED.


RELATIVE HUMIDITY (PERCENT)
 HIGHEST    93           100 AM
 LOWEST     37           200 PM
 AVERAGE    65

..........................................................


THE WILMINGTON DE CLIMATE NORMALS FOR TODAY
                         NORMAL    RECORD    YEAR
 MAXIMUM TEMPERATURE (F)   66        87      1897
 MINIMUM TEMPERATURE (F)   46        29      1944


SUNRISE AND SUNSET
OCTOBER 16 2019.......SUNRISE   713 AM EDT   SUNSET   622 PM EDT
OCTOBER 17 2019.......SUNRISE   714 AM EDT   SUNSET   621 PM EDT


-  INDICATES NEGATIVE NUMBERS.
R  INDICATES RECORD WAS SET OR TIED.
MM INDICATES DATA IS MISSING.
T  INDICATES TRACE AMOUNT.




$$
