000
CDUS41 KPHI 172135
CLIILG


CLIMATE REPORT
NATIONAL WEATHER SERVICE MOUNT HOLLY NJ
434 PM EST SAT FEB 17 2018


...................................

...THE WILMINGTON DE CLIMATE SUMMARY FOR FEBRUARY 17 2018...
VALID TODAY AS OF 0400 PM LOCAL TIME.

CLIMATE NORMAL PERIOD 1981 TO 2010
CLIMATE RECORD PERIOD 1894 TO 2018


WEATHER ITEM   OBSERVED TIME   RECORD YEAR NORMAL DEPARTURE LAST
                VALUE   (LST)  VALUE       VALUE  FROM      YEAR
                                                  NORMAL
..................................................................
TEMPERATURE (F)
 TODAY
  MAXIMUM         40   1224 PM  70    1976  44     -4       46
  MINIMUM         28    712 AM  -1    1979  27      1       24
  AVERAGE         34                        35     -1       35

PRECIPITATION (IN)
  TODAY            0.00          1.23 1942   0.09  -0.09     0.00
  MONTH TO DATE    4.35                      1.61   2.74     0.86
  SINCE DEC 1      8.02                      8.10  -0.08     6.12
  SINCE JAN 1      6.79                      4.62   2.17     3.53

SNOWFALL (IN)
  TODAY            0.0           5.0  1945   0.4   -0.4      0.0
  MONTH TO DATE    T                         5.5   -5.5      1.1
  SINCE DEC 1     11.3                      14.8   -3.5      5.6
  SINCE JUL 1     11.3                      15.2   -3.9      5.6
  SNOW DEPTH       0

DEGREE DAYS
 HEATING
  TODAY           31                        30      1       30
  MONTH TO DATE  479                       527    -48      449
  SINCE DEC 1   2440                      2416     24     2121
  SINCE JUL 1   3168                      3314   -146     2845

 COOLING
  TODAY            0                         0      0        0
  MONTH TO DATE    0                         0      0        0
  SINCE DEC 1      0                         0      0        0
  SINCE JAN 1      0                         0      0        0
..................................................................


WIND (MPH)
  HIGHEST WIND SPEED    17   HIGHEST WIND DIRECTION     S (170)
  HIGHEST GUST SPEED    22   HIGHEST GUST DIRECTION     S (160)
  AVERAGE WIND SPEED     9.1


SKY COVER
  POSSIBLE SUNSHINE  MM
  AVERAGE SKY COVER 0.1


WEATHER CONDITIONS
 THE FOLLOWING WEATHER WAS RECORDED TODAY.
  NO SIGNIFICANT WEATHER WAS OBSERVED.


RELATIVE HUMIDITY (PERCENT)
 HIGHEST    70           400 PM
 LOWEST     48          1100 AM
 AVERAGE    59

..........................................................


THE WILMINGTON DE CLIMATE NORMALS FOR TOMORROW
                         NORMAL    RECORD    YEAR
 MAXIMUM TEMPERATURE (F)   44        72      2008
 MINIMUM TEMPERATURE (F)   27        -6      1979


SUNRISE AND SUNSET
FEBRUARY 17 2018......SUNRISE   652 AM EST   SUNSET   541 PM EST
FEBRUARY 18 2018......SUNRISE   651 AM EST   SUNSET   542 PM EST


-  INDICATES NEGATIVE NUMBERS.
R  INDICATES RECORD WAS SET OR TIED.
MM INDICATES DATA IS MISSING.
T  INDICATES TRACE AMOUNT.




$$
