000
CDUS41 KPHI 210604
CLIILG


CLIMATE REPORT
NATIONAL WEATHER SERVICE MOUNT HOLLY NJ
204 AM EDT FRI SEP 21 2018


...................................

...THE WILMINGTON DE CLIMATE SUMMARY FOR SEPTEMBER 20 2018...

CLIMATE NORMAL PERIOD 1981 TO 2010
CLIMATE RECORD PERIOD 1894 TO 2018


WEATHER ITEM   OBSERVED TIME   RECORD YEAR NORMAL DEPARTURE LAST
                VALUE   (LST)  VALUE       VALUE  FROM      YEAR
                                                  NORMAL
..................................................................
TEMPERATURE (F)
 YESTERDAY
  MAXIMUM         76    158 PM  93    1983  76      0       89
  MINIMUM         67   1159 PM  40    1920  57     10       67
  AVERAGE         72                        66      6       78

PRECIPITATION (IN)
  YESTERDAY        T             2.49 1938   0.16  -0.16     0.00
  MONTH TO DATE    4.45                      2.75   1.70     1.12
  SINCE SEP 1      4.45                      2.75   1.70     1.12
  SINCE JAN 1     41.23                     31.51   9.72    33.26

SNOWFALL (IN)
  YESTERDAY        0.0           0.0  1894   0.0    0.0      0.0
  MONTH TO DATE    0.0                       0.0    0.0      0.0
  SINCE SEP 1      0.0                       0.0    0.0      0.0
  SINCE JUL 1      0.0                       0.0    0.0      0.0
  SNOW DEPTH       0

DEGREE DAYS
 HEATING
  YESTERDAY        0                         2     -2        0
  MONTH TO DATE    7                        17    -10       14
  SINCE SEP 1      7                        17    -10       14
  SINCE JUL 1      7                        19    -12       14

 COOLING
  YESTERDAY        7                         3      4       13
  MONTH TO DATE  206                       111     95       98
  SINCE SEP 1    206                       111     95       98
  SINCE JAN 1   1384                      1104    280     1144
..................................................................


WIND (MPH)
  HIGHEST WIND SPEED    15   HIGHEST WIND DIRECTION     S (180)
  HIGHEST GUST SPEED    18   HIGHEST GUST DIRECTION     S (160)
  AVERAGE WIND SPEED     7.6


SKY COVER
  POSSIBLE SUNSHINE  MM
  AVERAGE SKY COVER 0.9


WEATHER CONDITIONS
 THE FOLLOWING WEATHER WAS RECORDED YESTERDAY.
  LIGHT RAIN


RELATIVE HUMIDITY (PERCENT)
 HIGHEST    90          1200 AM
 LOWEST     69           100 PM
 AVERAGE    80

..........................................................


THE WILMINGTON DE CLIMATE NORMALS FOR TODAY
                         NORMAL    RECORD    YEAR
 MAXIMUM TEMPERATURE (F)   76        97      1895
 MINIMUM TEMPERATURE (F)   56        37      1956


SUNRISE AND SUNSET
SEPTEMBER 21 2018.....SUNRISE   649 AM EDT   SUNSET   701 PM EDT
SEPTEMBER 22 2018.....SUNRISE   650 AM EDT   SUNSET   659 PM EDT


-  INDICATES NEGATIVE NUMBERS.
R  INDICATES RECORD WAS SET OR TIED.
MM INDICATES DATA IS MISSING.
T  INDICATES TRACE AMOUNT.




$$
