000
CDUS41 KPHI 200555
CLIILG

CLIMATE REPORT
NATIONAL WEATHER SERVICE MOUNT HOLLY NJ
155 AM EDT TUE OCT 20 2020

...................................

...THE WILMINGTON DE CLIMATE SUMMARY FOR OCTOBER 19 2020...

CLIMATE NORMAL PERIOD: 1981 TO 2010
CLIMATE RECORD PERIOD: 1894 TO 2020


WEATHER ITEM   OBSERVED TIME   RECORD YEAR NORMAL DEPARTURE LAST
                VALUE   (LST)  VALUE       VALUE  FROM      YEAR
                                                  NORMAL
...................................................................
TEMPERATURE (F)
 YESTERDAY
  MAXIMUM         69   1:13 PM  87    2016  65      4       64
  MINIMUM         49   3:39 AM  28    1976  45      4       36
  AVERAGE         59                        55      4       50

PRECIPITATION (IN)
  YESTERDAY        0.00          3.69 1966   0.10  -0.10     0.00
  MONTH TO DATE    1.98                      2.19  -0.21     2.13
  SINCE SEP 1      5.39                      6.51  -1.12     2.61
  SINCE JAN 1     39.94                     35.27   4.67    38.73

SNOWFALL (IN)
  YESTERDAY        0.0           T    1972   0.0    0.0      0.0
  MONTH TO DATE    0.0                       0.0    0.0      0.0
  SINCE SEP 1      0.0                       0.0    0.0      0.0
  SINCE JUL 1      0.0                       0.0    0.0      0.0
  SNOW DEPTH       0

DEGREE DAYS
 HEATING
  YESTERDAY        6                        10     -4       15
  MONTH TO DATE  124                       144    -20       90
  SINCE SEP 1    177                       194    -17       96
  SINCE JUL 1    177                       196    -19       96

 COOLING
  YESTERDAY        0                         0      0        0
  MONTH TO DATE    0                        15    -15       46
  SINCE SEP 1    141                       149     -8      275
  SINCE JAN 1   1293                      1142    151     1505
...................................................................


WIND (MPH)
  HIGHEST WIND SPEED    18   HIGHEST WIND DIRECTION     S (160)
  HIGHEST GUST SPEED    21   HIGHEST GUST DIRECTION     S (170)
  AVERAGE WIND SPEED     6.9


SKY COVER
  POSSIBLE SUNSHINE  MM
  AVERAGE SKY COVER 0.4


WEATHER CONDITIONS
THE FOLLOWING WEATHER WAS RECORDED YESTERDAY.
  NO SIGNIFICANT WEATHER WAS OBSERVED.


RELATIVE HUMIDITY (PERCENT)
 HIGHEST    97          10:00 PM
 LOWEST     61           1:00 PM
 AVERAGE    79

..........................................................


THE WILMINGTON DE CLIMATE NORMALS FOR TODAY
                         NORMAL    RECORD    YEAR
 MAXIMUM TEMPERATURE (F)   65        82      1969
 MINIMUM TEMPERATURE (F)   45        27      1940
                                             1974


SUNRISE AND SUNSET
OCTOBER 20 2020.......SUNRISE   7:18 AM EDT   SUNSET   6:15 PM EDT
OCTOBER 21 2020.......SUNRISE   7:19 AM EDT   SUNSET   6:14 PM EDT


-  INDICATES NEGATIVE NUMBERS.
R  INDICATES RECORD WAS SET OR TIED.
MM INDICATES DATA IS MISSING.
T  INDICATES TRACE AMOUNT.




$$
