000
CDUS41 KPHI 160553
CLIILG


CLIMATE REPORT
NATIONAL WEATHER SERVICE MOUNT HOLLY NJ
1252 AM EST SUN DEC 16 2018


...................................

...THE WILMINGTON DE CLIMATE SUMMARY FOR DECEMBER 15 2018...

CLIMATE NORMAL PERIOD 1981 TO 2010
CLIMATE RECORD PERIOD 1894 TO 2018


WEATHER ITEM   OBSERVED TIME   RECORD YEAR NORMAL DEPARTURE LAST
                VALUE   (LST)  VALUE       VALUE  FROM      YEAR
                                                  NORMAL
..................................................................
TEMPERATURE (F)
 YESTERDAY
  MAXIMUM         54    214 PM  68    2015  45      9       28
  MINIMUM         47   1046 PM   9    1962  29     18       17
                                      1943
                                      1917
  AVERAGE         51                        37     14       23

PRECIPITATION (IN)
  YESTERDAY        0.61          1.19 1948   0.12   0.49     0.14
  MONTH TO DATE    1.49                      1.84  -0.35     0.73
  SINCE DEC 1      1.49                      1.84  -0.35     0.73
  SINCE JAN 1     56.01                     41.44  14.57    39.40

SNOWFALL (IN)
  YESTERDAY        0.0           5.0  1916   0.1   -0.1      2.1
  MONTH TO DATE    0.0                       1.5   -1.5      7.0
  SINCE DEC 1      0.0                       1.5   -1.5      7.0
  SINCE JUL 1      3.0                       1.9    1.1      7.0
  SNOW DEPTH       0

DEGREE DAYS
 HEATING
  YESTERDAY       14                        28    -14       42
  MONTH TO DATE  411                       392     19      410
  SINCE DEC 1    411                       392     19      410
  SINCE JUL 1   1351                      1290     61     1138

 COOLING
  YESTERDAY        0                         0      0        0
  MONTH TO DATE    0                         0      0        0
  SINCE DEC 1      0                         0      0        0
  SINCE JAN 1   1496                      1145    351     1304
..................................................................


WIND (MPH)
  HIGHEST WIND SPEED    23   HIGHEST WIND DIRECTION    NE (50)
  HIGHEST GUST SPEED    29   HIGHEST GUST DIRECTION    NE (50)
  AVERAGE WIND SPEED    12.7


SKY COVER
  POSSIBLE SUNSHINE  MM
  AVERAGE SKY COVER 1.0


WEATHER CONDITIONS
 THE FOLLOWING WEATHER WAS RECORDED YESTERDAY.
  RAIN
  LIGHT RAIN
  FOG


RELATIVE HUMIDITY (PERCENT)
 HIGHEST   100          1200 AM
 LOWEST     86           700 PM
 AVERAGE    93

..........................................................


THE WILMINGTON DE CLIMATE NORMALS FOR TODAY
                         NORMAL    RECORD    YEAR
 MAXIMUM TEMPERATURE (F)   44        69      1971
 MINIMUM TEMPERATURE (F)   28         5      1910


SUNRISE AND SUNSET
DECEMBER 16 2018......SUNRISE   717 AM EST   SUNSET   439 PM EST
DECEMBER 17 2018......SUNRISE   717 AM EST   SUNSET   440 PM EST


-  INDICATES NEGATIVE NUMBERS.
R  INDICATES RECORD WAS SET OR TIED.
MM INDICATES DATA IS MISSING.
T  INDICATES TRACE AMOUNT.




$$
