000
CDUS41 KPHI 060558
CLIILG

CLIMATE REPORT
NATIONAL WEATHER SERVICE MOUNT HOLLY NJ
158 AM EDT SAT JUN 06 2020

...................................

...THE WILMINGTON DE CLIMATE SUMMARY FOR JUNE 5 2020...

CLIMATE NORMAL PERIOD: 1981 TO 2010
CLIMATE RECORD PERIOD: 1894 TO 2020


WEATHER ITEM   OBSERVED TIME   RECORD YEAR NORMAL DEPARTURE LAST
                VALUE   (LST)  VALUE       VALUE  FROM      YEAR
                                                  NORMAL
...................................................................
TEMPERATURE (F)
 YESTERDAY
  MAXIMUM         86   3:26 PM  99    1925  79      7       83
  MINIMUM         68   4:29 AM  46    1945  59      9       63
                                      1990
                                      1997
  AVERAGE         77                        69      8       73

PRECIPITATION (IN)
  YESTERDAY        0.50          2.36 1975   0.13   0.37     0.15
  MONTH TO DATE    1.20                      0.64   0.56     0.33
  SINCE JUN 1      1.20                      0.64   0.56     0.33
  SINCE JAN 1     18.18                     17.70   0.48    19.60

SNOWFALL (IN)
  YESTERDAY        0.0           0.0  1894   0.0    0.0      0.0
  MONTH TO DATE    0.0                       0.0    0.0      0.0
  SINCE JUN 1      0.0                       0.0    0.0      0.0
  SINCE JUL 1      0.9                      20.2  -19.3     20.5
  SNOW DEPTH       0

DEGREE DAYS
 HEATING
  YESTERDAY        0                         1     -1        0
  MONTH TO DATE    6                         7     -1        5
  SINCE JUN 1      6                         7     -1        5
  SINCE JUL 1   4228                      4811   -583     4530

 COOLING
  YESTERDAY       12                         5      7        8
  MONTH TO DATE   34                        24     10       22
  SINCE JUN 1     34                        24     10       22
  SINCE JAN 1     86                       103    -17      154
...................................................................


WIND (MPH)
  HIGHEST WIND SPEED    16   HIGHEST WIND DIRECTION    SW (210)
  HIGHEST GUST SPEED    20   HIGHEST GUST DIRECTION    SW (230)
  AVERAGE WIND SPEED     5.7


SKY COVER
  POSSIBLE SUNSHINE  MM
  AVERAGE SKY COVER 0.6


WEATHER CONDITIONS
THE FOLLOWING WEATHER WAS RECORDED YESTERDAY.
  THUNDERSTORM
  HEAVY RAIN
  RAIN
  LIGHT RAIN
  FOG


RELATIVE HUMIDITY (PERCENT)
 HIGHEST    96           4:00 AM
 LOWEST     55           3:00 PM
 AVERAGE    76

..........................................................


THE WILMINGTON DE CLIMATE NORMALS FOR TODAY
                         NORMAL    RECORD    YEAR
 MAXIMUM TEMPERATURE (F)   79       100      1899
 MINIMUM TEMPERATURE (F)   60        42      1945


SUNRISE AND SUNSET
JUNE  6 2020..........SUNRISE   5:35 AM EDT   SUNSET   8:28 PM EDT
JUNE  7 2020..........SUNRISE   5:35 AM EDT   SUNSET   8:28 PM EDT


-  INDICATES NEGATIVE NUMBERS.
R  INDICATES RECORD WAS SET OR TIED.
MM INDICATES DATA IS MISSING.
T  INDICATES TRACE AMOUNT.




$$
