000
CDUS42 KILM 222042
CLIILM

CLIMATE REPORT
NATIONAL WEATHER SERVICE WILMINGTON NC
442 PM EDT THU OCT 22 2020

...................................

...THE WILMINGTON NORTH CAROLINA CLIMATE SUMMARY FOR OCTOBER 22 2020...
VALID TODAY AS OF 0400 PM LOCAL TIME.

CLIMATE NORMAL PERIOD 1981 TO 2010
CLIMATE RECORD PERIOD 1871 TO 2020


WEATHER ITEM   OBSERVED TIME   RECORD YEAR NORMAL DEPARTURE LAST
                VALUE   (LST)  VALUE       VALUE  FROM      YEAR
                                                  NORMAL
...................................................................
TEMPERATURE (F)
 TODAY
  MAXIMUM         82    234 PM  86    1919  74      8       85
  MINIMUM         67    654 AM  32    1974  52     15       63
  AVERAGE         75                        63     12       74

PRECIPITATION (IN)
  TODAY            0.00          3.12 1878   0.11  -0.11      T
  MONTH TO DATE    2.80                      3.07  -0.27     3.17
  SINCE SEP 1     12.82                     10.91   1.91    15.17
  SINCE JAN 1     62.02                     49.88  12.14    40.12

DEGREE DAYS
 HEATING
  TODAY            0                         4     -4        0
  MONTH TO DATE   10                        49    -39       18
  SINCE SEP 1     17                        54    -37       18
  SINCE JUL 1     17                        54    -37       18

 COOLING
  TODAY           10                         2      8        9
  MONTH TO DATE  130                        81     49      165
  SINCE SEP 1    464                       375     89      582
  SINCE JAN 1   2254                      1998    256     2556
...................................................................


WIND (MPH)
  RESULTANT WIND SPEED   5   RESULTANT WIND DIRECTION  NE (60)
  HIGHEST WIND SPEED    14   HIGHEST WIND DIRECTION    NE (50)
  HIGHEST GUST SPEED    18   HIGHEST GUST DIRECTION    NE (50)
  AVERAGE WIND SPEED     5.9


SKY COVER
  AVERAGE SKY COVER 0.3


WEATHER CONDITIONS
THE FOLLOWING WEATHER WAS RECORDED TODAY.
  NO SIGNIFICANT WEATHER WAS OBSERVED.


RELATIVE HUMIDITY (PERCENT)
 HIGHEST    93           400 AM
 LOWEST     56           100 PM
 AVERAGE    75

..........................................................


THE WILMINGTON NORTH CAROLINA CLIMATE NORMALS FOR TOMORROW
                         NORMAL    RECORD    YEAR
 MAXIMUM TEMPERATURE (F)   74        86      2007
 MINIMUM TEMPERATURE (F)   52        37      1974
                                             1998


SUNRISE AND SUNSET
OCTOBER 22 2020.......SUNRISE   723 AM EDT   SUNSET   628 PM EDT
OCTOBER 23 2020.......SUNRISE   724 AM EDT   SUNSET   627 PM EDT


-  INDICATES NEGATIVE NUMBERS.
R  INDICATES RECORD WAS SET OR TIED.
MM INDICATES DATA IS MISSING.
T  INDICATES TRACE AMOUNT.




$$
