000
CDUS42 KILM 200840
CLIILM


CLIMATE REPORT
NATIONAL WEATHER SERVICE WILMINGTON NC
440 AM EDT THU SEP 20 2018


...................................

...THE WILMINGTON NORTH CAROLINA CLIMATE SUMMARY FOR SEPTEMBER 19 2018...

CLIMATE NORMAL PERIOD 1981 TO 2010
CLIMATE RECORD PERIOD 1871 TO 2018


WEATHER ITEM   OBSERVED TIME   RECORD YEAR NORMAL DEPARTURE LAST
                VALUE   (LST)  VALUE       VALUE  FROM      YEAR
                                                  NORMAL
..................................................................
TEMPERATURE (F)
 YESTERDAY
  MAXIMUM         90    352 PM  95    1970  83      7       87
                                      1925
  MINIMUM         71    629 AM  50    1889  65      6       68
  AVERAGE         81                        74      7       78

PRECIPITATION (IN)
  YESTERDAY        0.00          6.57 1955   0.25  -0.25     0.00
  MONTH TO DATE   23.83                      5.16  18.67     3.77
  SINCE SEP 1     23.83                      5.16  18.67     3.77
  SINCE JAN 1     86.40                     44.13  42.27    51.15

DEGREE DAYS
 HEATING
  YESTERDAY        0                         0      0        0
  MONTH TO DATE    0                         0      0        0
  SINCE SEP 1      0                         0      0        0
  SINCE JUL 1      0                         0      0        0

 COOLING
  YESTERDAY       16                         9      7       13
  MONTH TO DATE  290                       214     76      205
  SINCE SEP 1    290                       214     76      205
  SINCE JAN 1   2155                      1837    318     2019
..................................................................


WIND (MPH)
  RESULTANT WIND SPEED   2   RESULTANT WIND DIRECTION  NW (330)
  HIGHEST WIND SPEED    14   HIGHEST WIND DIRECTION    NE (30)
  HIGHEST GUST SPEED    17   HIGHEST GUST DIRECTION     W (290)
  AVERAGE WIND SPEED     3.6


SKY COVER
  POSSIBLE SUNSHINE  MM
  AVERAGE SKY COVER 0.1


WEATHER CONDITIONS
 THE FOLLOWING WEATHER WAS RECORDED YESTERDAY.
  FOG


RELATIVE HUMIDITY (PERCENT)
 HIGHEST    93          1200 AM
 LOWEST     44           200 PM
 AVERAGE    69

..........................................................


THE WILMINGTON NORTH CAROLINA CLIMATE NORMALS FOR TODAY
                         NORMAL    RECORD    YEAR
 MAXIMUM TEMPERATURE (F)   83        95      1942
                                             1893
 MINIMUM TEMPERATURE (F)   64        51      1981
                                             1929
                                             1889


SUNRISE AND SUNSET
SEPTEMBER 20 2018.....SUNRISE   658 AM EDT   SUNSET   711 PM EDT
SEPTEMBER 21 2018.....SUNRISE   659 AM EDT   SUNSET   710 PM EDT


-  INDICATES NEGATIVE NUMBERS.
R  INDICATES RECORD WAS SET OR TIED.
MM INDICATES DATA IS MISSING.
T  INDICATES TRACE AMOUNT.




$$
