000
CDUS42 KILM 202040
CLIILM


CLIMATE REPORT
NATIONAL WEATHER SERVICE WILMINGTON NC
440 PM EDT FRI JUL 20 2018


...................................

...THE WILMINGTON NORTH CAROLINA CLIMATE SUMMARY FOR JULY 20 2018...
VALID TODAY AS OF 0400 PM LOCAL TIME.

CLIMATE NORMAL PERIOD 1981 TO 2010
CLIMATE RECORD PERIOD 1871 TO 2018


WEATHER ITEM   OBSERVED TIME   RECORD YEAR NORMAL DEPARTURE LAST
                VALUE   (LST)  VALUE       VALUE  FROM      YEAR
                                                  NORMAL
..................................................................
TEMPERATURE (F)
 TODAY
  MAXIMUM         76    254 PM  99    2011  90    -14       91
                                      1977
                                      1942
  MINIMUM         73    559 AM  63    1910  73      0       70
                                      1909
                                      1879
  AVERAGE         75                        81     -6       81

PRECIPITATION (IN)
  TODAY            1.39          2.35 1915   0.27   1.12     0.00
  MONTH TO DATE    6.18                      4.64   1.54     5.20
  SINCE JUN 1     14.59                      9.82   4.77    15.31
  SINCE JAN 1     46.22                     28.72  17.50    35.81

DEGREE DAYS
 HEATING
  TODAY            0                         0      0        0
  MONTH TO DATE    0                         0      0        0
  SINCE JUN 1      0                         2     -2        2
  SINCE JUL 1      0                         0      0        0

 COOLING
  TODAY           10                        16     -6       16
  MONTH TO DATE  296                       320    -24      360
  SINCE JUN 1    779                       705     74      748
  SINCE JAN 1   1177                       986    191     1185
..................................................................


WIND (MPH)
  RESULTANT WIND SPEED   6   RESULTANT WIND DIRECTION  NE (60)
  HIGHEST WIND SPEED    12   HIGHEST WIND DIRECTION    NE (60)
  HIGHEST GUST SPEED    14   HIGHEST GUST DIRECTION     E (80)
  AVERAGE WIND SPEED     6.6


SKY COVER
  POSSIBLE SUNSHINE  MM
  AVERAGE SKY COVER 0.6


WEATHER CONDITIONS
 THE FOLLOWING WEATHER WAS RECORDED TODAY.
  HEAVY RAIN
  RAIN
  LIGHT RAIN
  FOG
  FOG W/VISIBILITY <= 1/4 MILE


RELATIVE HUMIDITY (PERCENT)
 HIGHEST    94          1100 AM
 LOWEST     82           100 AM
 AVERAGE    88

..........................................................


THE WILMINGTON NORTH CAROLINA CLIMATE NORMALS FOR TOMORROW
                         NORMAL    RECORD    YEAR
 MAXIMUM TEMPERATURE (F)   90       100      2011
                                             1952
 MINIMUM TEMPERATURE (F)   73        63      1929
                                             1909


SUNRISE AND SUNSET
JULY 20 2018..........SUNRISE   614 AM EDT   SUNSET   822 PM EDT
JULY 21 2018..........SUNRISE   615 AM EDT   SUNSET   821 PM EDT


-  INDICATES NEGATIVE NUMBERS.
R  INDICATES RECORD WAS SET OR TIED.
MM INDICATES DATA IS MISSING.
T  INDICATES TRACE AMOUNT.




$$
