000
CDUS42 KILM 212040
CLIILM


CLIMATE REPORT
NATIONAL WEATHER SERVICE WILMINGTON NC
440 PM EDT SAT JUL 21 2018


...................................

...THE WILMINGTON NORTH CAROLINA CLIMATE SUMMARY FOR JULY 21 2018...
VALID TODAY AS OF 0400 PM LOCAL TIME.

CLIMATE NORMAL PERIOD 1981 TO 2010
CLIMATE RECORD PERIOD 1871 TO 2018


WEATHER ITEM   OBSERVED TIME   RECORD YEAR NORMAL DEPARTURE LAST
                VALUE   (LST)  VALUE       VALUE  FROM      YEAR
                                                  NORMAL
..................................................................
TEMPERATURE (F)
 TODAY
  MAXIMUM         88    245 PM 100    2011  90     -2       94
                                      1952
  MINIMUM         72    906 AM  63    1929  73     -1       76
                                      1909
  AVERAGE         80                        81     -1       85

PRECIPITATION (IN)
  TODAY            T             3.84 1939   0.25  -0.25     0.00
  MONTH TO DATE    8.07                      4.89   3.18     5.20
  SINCE JUN 1     16.48                     10.07   6.41    15.31
  SINCE JAN 1     48.11                     28.97  19.14    35.81

DEGREE DAYS
 HEATING
  TODAY            0                         0      0        0
  MONTH TO DATE    0                         0      0        0
  SINCE JUN 1      0                         2     -2        2
  SINCE JUL 1      0                         0      0        0

 COOLING
  TODAY           15                        16     -1       20
  MONTH TO DATE  311                       336    -25      380
  SINCE JUN 1    794                       721     73      768
  SINCE JAN 1   1192                      1002    190     1205
..................................................................


WIND (MPH)
  RESULTANT WIND SPEED   8   RESULTANT WIND DIRECTION   W (280)
  HIGHEST WIND SPEED    16   HIGHEST WIND DIRECTION     W (280)
  HIGHEST GUST SPEED    20   HIGHEST GUST DIRECTION    NW (300)
  AVERAGE WIND SPEED     9.9


SKY COVER
  POSSIBLE SUNSHINE  MM
  AVERAGE SKY COVER 0.8


WEATHER CONDITIONS
 THE FOLLOWING WEATHER WAS RECORDED TODAY.
  LIGHT RAIN
  FOG


RELATIVE HUMIDITY (PERCENT)
 HIGHEST    94           100 AM
 LOWEST     61           200 PM
 AVERAGE    78

..........................................................


THE WILMINGTON NORTH CAROLINA CLIMATE NORMALS FOR TOMORROW
                         NORMAL    RECORD    YEAR
 MAXIMUM TEMPERATURE (F)   90       101      1952
 MINIMUM TEMPERATURE (F)   73        60      1965


SUNRISE AND SUNSET
JULY 21 2018..........SUNRISE   615 AM EDT   SUNSET   821 PM EDT
JULY 22 2018..........SUNRISE   616 AM EDT   SUNSET   820 PM EDT


-  INDICATES NEGATIVE NUMBERS.
R  INDICATES RECORD WAS SET OR TIED.
MM INDICATES DATA IS MISSING.
T  INDICATES TRACE AMOUNT.




$$
