415
CDUS42 KILM 220841
CLIILM


CLIMATE REPORT
NATIONAL WEATHER SERVICE WILMINGTON NC
441 AM EDT TUE OCT 22 2019


...................................

...THE WILMINGTON NORTH CAROLINA CLIMATE SUMMARY FOR OCTOBER 21 2019...

CLIMATE NORMAL PERIOD 1981 TO 2010
CLIMATE RECORD PERIOD 1871 TO 2019


WEATHER ITEM   OBSERVED TIME   RECORD YEAR NORMAL DEPARTURE LAST
                VALUE   (LST)  VALUE       VALUE  FROM      YEAR
                                                  NORMAL
..................................................................
TEMPERATURE (F)
 YESTERDAY
  MAXIMUM         74    149 PM  85    2005  74      0       66
                                      1993
  MINIMUM         61    551 AM  34    1974  53      8       42
  AVERAGE         68                        64      4       54

PRECIPITATION (IN)
  YESTERDAY        0.00          4.10 1929   0.12  -0.12     0.00
  MONTH TO DATE    3.17                      2.96   0.21     0.76
  SINCE SEP 1     15.17                     10.80   4.37    24.89
  SINCE JAN 1     40.12                     49.77  -9.65    87.46

DEGREE DAYS
 HEATING
  YESTERDAY        0                         4     -4       11
  MONTH TO DATE   18                        45    -27       18
  SINCE SEP 1     18                        50    -32       18
  SINCE JUL 1     18                        50    -32       18

 COOLING
  YESTERDAY        3                         2      1        0
  MONTH TO DATE  156                        79     77      191
  SINCE SEP 1    573                       373    200      623
  SINCE JAN 1   2547                      1996    551     2488
..................................................................


WIND (MPH)
  RESULTANT WIND SPEED   4   RESULTANT WIND DIRECTION  NE (40)
  HIGHEST WIND SPEED    14   HIGHEST WIND DIRECTION    NW (330)
  HIGHEST GUST SPEED    18   HIGHEST GUST DIRECTION    NW (330)
  AVERAGE WIND SPEED     6.1


SKY COVER
  POSSIBLE SUNSHINE  MM
  AVERAGE SKY COVER 0.7


WEATHER CONDITIONS
 THE FOLLOWING WEATHER WAS RECORDED YESTERDAY.
  NO SIGNIFICANT WEATHER WAS OBSERVED.


RELATIVE HUMIDITY (PERCENT)
 HIGHEST    90           400 AM
 LOWEST     64           200 PM
 AVERAGE    77

..........................................................


THE WILMINGTON NORTH CAROLINA CLIMATE NORMALS FOR TODAY
                         NORMAL    RECORD    YEAR
 MAXIMUM TEMPERATURE (F)   74        86      1919
 MINIMUM TEMPERATURE (F)   52        32      1974


SUNRISE AND SUNSET
OCTOBER 22 2019.......SUNRISE   723 AM EDT   SUNSET   629 PM EDT
OCTOBER 23 2019.......SUNRISE   723 AM EDT   SUNSET   628 PM EDT


-  INDICATES NEGATIVE NUMBERS.
R  INDICATES RECORD WAS SET OR TIED.
MM INDICATES DATA IS MISSING.
T  INDICATES TRACE AMOUNT.




$$
