000
CDUS42 KILM 200941
CLIILM


CLIMATE REPORT
NATIONAL WEATHER SERVICE WILMINGTON NC
441 AM EST TUE NOV 20 2018


...................................

...THE WILMINGTON NORTH CAROLINA CLIMATE SUMMARY FOR NOVEMBER 19 2018...

CLIMATE NORMAL PERIOD 1981 TO 2010
CLIMATE RECORD PERIOD 1871 TO 2018


WEATHER ITEM   OBSERVED TIME   RECORD YEAR NORMAL DEPARTURE LAST
                VALUE   (LST)  VALUE       VALUE  FROM      YEAR
                                                  NORMAL
..................................................................
TEMPERATURE (F)
 YESTERDAY
  MAXIMUM         64    318 PM  83    1985  67     -3       69
                                      1958
  MINIMUM         48   1155 PM  23    2014  45      3       43
  AVERAGE         56                        56      0       56

PRECIPITATION (IN)
  YESTERDAY        0.43          1.80 2015   0.11   0.32     0.07
  MONTH TO DATE    4.43                      2.02   2.41     0.85
  SINCE SEP 1     31.06                     13.75  17.31    11.18
  SINCE JAN 1     93.63                     52.72  40.91    58.56

SNOWFALL (IN)
  YESTERDAY        0.0          MM      MM   0.0    0.0      0.0
  MONTH TO DATE    0.0                       0.0    0.0      0.0
  SINCE SEP 1      0.0                       0.0    0.0      0.0
  SINCE JUL 1      0.0                       0.0    0.0      0.0
  SNOW DEPTH       0

DEGREE DAYS
 HEATING
  YESTERDAY        9                        10     -1        9
  MONTH TO DATE  119                       147    -28      143
  SINCE SEP 1    215                       244    -29      205
  SINCE JUL 1    215                       244    -29      205

 COOLING
  YESTERDAY        0                         1     -1        0
  MONTH TO DATE   28                        19      9       27
  SINCE SEP 1    651                       410    241      541
  SINCE JAN 1   2516                      2033    483     2355
..................................................................


WIND (MPH)
  RESULTANT WIND SPEED   3   RESULTANT WIND DIRECTION   N (10)
  HIGHEST WIND SPEED    13   HIGHEST WIND DIRECTION    NE (40)
  HIGHEST GUST SPEED    15   HIGHEST GUST DIRECTION     N (350)
  AVERAGE WIND SPEED     4.2


SKY COVER
  POSSIBLE SUNSHINE  MM
  AVERAGE SKY COVER 0.8


WEATHER CONDITIONS
 THE FOLLOWING WEATHER WAS RECORDED YESTERDAY.
  HEAVY RAIN
  RAIN
  LIGHT RAIN
  FOG
  FOG W/VISIBILITY <= 1/4 MILE


RELATIVE HUMIDITY (PERCENT)
 HIGHEST    93          1200 AM
 LOWEST     78           300 PM
 AVERAGE    86

..........................................................


THE WILMINGTON NORTH CAROLINA CLIMATE NORMALS FOR TODAY
                         NORMAL    RECORD    YEAR
 MAXIMUM TEMPERATURE (F)   67        83      1985
 MINIMUM TEMPERATURE (F)   44        22      1951


SUNRISE AND SUNSET
NOVEMBER 20 2018......SUNRISE   649 AM EST   SUNSET   505 PM EST
NOVEMBER 21 2018......SUNRISE   650 AM EST   SUNSET   504 PM EST


-  INDICATES NEGATIVE NUMBERS.
R  INDICATES RECORD WAS SET OR TIED.
MM INDICATES DATA IS MISSING.
T  INDICATES TRACE AMOUNT.




$$
