000
CDUS42 KILM 280852
CLIILM

CLIMATE REPORT
NATIONAL WEATHER SERVICE WILMINGTON NC
452 AM EDT THU MAY 28 2020

...................................

...THE WILMINGTON NORTH CAROLINA CLIMATE SUMMARY FOR MAY 27 2020...

CLIMATE NORMAL PERIOD 1981 TO 2010
CLIMATE RECORD PERIOD 1871 TO 2020


WEATHER ITEM   OBSERVED TIME   RECORD YEAR NORMAL DEPARTURE LAST
                VALUE   (LST)  VALUE       VALUE  FROM      YEAR
                                                  NORMAL
...................................................................
TEMPERATURE (F)
 YESTERDAY
  MAXIMUM         77    406 PM  98    2019  83     -6       98
  MINIMUM         69    351 AM  46    1925  63      6       74
  AVERAGE         73                        73      0       86

PRECIPITATION (IN)
  YESTERDAY        0.31          3.02 1960   0.17   0.14     0.00
  MONTH TO DATE    4.13                      3.81   0.32     0.29
  SINCE MAR 1     14.47                     10.84   3.63     7.22
  SINCE JAN 1     23.69                     18.22   5.47    10.94

DEGREE DAYS
 HEATING
  YESTERDAY        0                         0      0        0
  MONTH TO DATE   47                        25     22        3
  SINCE MAR 1    355                       478   -123      425
  SINCE JUL 1   1853                      2407   -554     2106

 COOLING
  YESTERDAY        8                         8      0       21
  MONTH TO DATE  122                       157    -35      277
  SINCE MAR 1    254                       240     14      394
  SINCE JAN 1    292                       245     47      408
...................................................................


WIND (MPH)
  RESULTANT WIND SPEED   9   RESULTANT WIND DIRECTION   E (110)
  HIGHEST WIND SPEED    21   HIGHEST WIND DIRECTION    SE (120)
  HIGHEST GUST SPEED    28   HIGHEST GUST DIRECTION    SE (130)
  AVERAGE WIND SPEED    11.6


SKY COVER
  AVERAGE SKY COVER 0.9


WEATHER CONDITIONS
THE FOLLOWING WEATHER WAS RECORDED YESTERDAY.
  HEAVY RAIN
  RAIN
  LIGHT RAIN
  FOG


RELATIVE HUMIDITY (PERCENT)
 HIGHEST   100           200 AM
 LOWEST     82           300 PM
 AVERAGE    91

..........................................................


THE WILMINGTON NORTH CAROLINA CLIMATE NORMALS FOR TODAY
                         NORMAL    RECORD    YEAR
 MAXIMUM TEMPERATURE (F)   83        97      1967
 MINIMUM TEMPERATURE (F)   64        44      1961


SUNRISE AND SUNSET
MAY 28 2020...........SUNRISE   602 AM EDT   SUNSET   816 PM EDT
MAY 29 2020...........SUNRISE   602 AM EDT   SUNSET   817 PM EDT


-  INDICATES NEGATIVE NUMBERS.
R  INDICATES RECORD WAS SET OR TIED.
MM INDICATES DATA IS MISSING.
T  INDICATES TRACE AMOUNT.




$$
