000
CDUS42 KILM 242043
CLIILM


CLIMATE REPORT
NATIONAL WEATHER SERVICE WILMINGTON NC
442 PM EDT TUE APR 24 2018


...................................

...THE WILMINGTON NORTH CAROLINA CLIMATE SUMMARY FOR APRIL 24 2018...
VALID TODAY AS OF 0400 PM LOCAL TIME.

CLIMATE NORMAL PERIOD 1981 TO 2010
CLIMATE RECORD PERIOD 1871 TO 2018


WEATHER ITEM   OBSERVED TIME   RECORD YEAR NORMAL DEPARTURE LAST
                VALUE   (LST)  VALUE       VALUE  FROM      YEAR
                                                  NORMAL
..................................................................
TEMPERATURE (F)
 TODAY
  MAXIMUM         66    234 PM  93    1980  76    -10       68
                                      1925
  MINIMUM         61    200 AM  37    1982  54      7       61
  AVERAGE         64                        65     -1       65

PRECIPITATION (IN)
  TODAY            2.64          3.67 2017   0.10   2.54     3.67
  MONTH TO DATE    5.35                      2.26   3.09     7.00
  SINCE MAR 1      8.60                      6.47   2.13     9.71
  SINCE JAN 1     17.25                     13.85   3.40    15.26

SNOWFALL (IN)
  TODAY            0.0          MM      MM   0.0    0.0      0.0
  MONTH TO DATE    0.0                       0.0    0.0      0.0
  SINCE MAR 1      0.0                       0.2   -0.2      1.1
  SINCE JUL 1      3.8                       1.7    2.1      1.1
  SNOW DEPTH       0

DEGREE DAYS
 HEATING
  TODAY            1                         3     -2        0
  MONTH TO DATE  155                       116     39       44
  SINCE MAR 1    582                       439    143      417
  SINCE JUL 1   2384                      2368     16     1932

 COOLING
  TODAY            0                         3     -3        0
  MONTH TO DATE   26                        47    -21       81
  SINCE MAR 1     34                        63    -29      105
  SINCE JAN 1     72                        68      4      111
..................................................................


WIND (MPH)
  RESULTANT WIND SPEED  13   RESULTANT WIND DIRECTION   E (110)
  HIGHEST WIND SPEED    25   HIGHEST WIND DIRECTION     E (110)
  HIGHEST GUST SPEED    36   HIGHEST GUST DIRECTION    SE (130)
  AVERAGE WIND SPEED    13.2


SKY COVER
  POSSIBLE SUNSHINE  MM
  AVERAGE SKY COVER 0.9


WEATHER CONDITIONS
 THE FOLLOWING WEATHER WAS RECORDED TODAY.
  HEAVY RAIN
  RAIN
  LIGHT RAIN
  FOG


RELATIVE HUMIDITY (PERCENT)
 HIGHEST    93           300 AM
 LOWEST     84           100 AM
 AVERAGE    89

..........................................................


THE WILMINGTON NORTH CAROLINA CLIMATE NORMALS FOR TOMORROW
                         NORMAL    RECORD    YEAR
 MAXIMUM TEMPERATURE (F)   76        91      1948
 MINIMUM TEMPERATURE (F)   54        39      1875


SUNRISE AND SUNSET
APRIL 24 2018.........SUNRISE   630 AM EDT   SUNSET   750 PM EDT
APRIL 25 2018.........SUNRISE   629 AM EDT   SUNSET   751 PM EDT


-  INDICATES NEGATIVE NUMBERS.
R  INDICATES RECORD WAS SET OR TIED.
MM INDICATES DATA IS MISSING.
T  INDICATES TRACE AMOUNT.




$$
