000
CDUS42 KILM 162148
CLIILM


CLIMATE REPORT
NATIONAL WEATHER SERVICE WILMINGTON NC
447 PM EST SAT FEB 16 2019


...................................

...THE WILMINGTON NORTH CAROLINA CLIMATE SUMMARY FOR FEBRUARY 16 2019...
VALID TODAY AS OF 0400 PM LOCAL TIME.

CLIMATE NORMAL PERIOD 1981 TO 2010
CLIMATE RECORD PERIOD 1871 TO 2019


WEATHER ITEM   OBSERVED TIME   RECORD YEAR NORMAL DEPARTURE LAST
                VALUE   (LST)  VALUE       VALUE  FROM      YEAR
                                                  NORMAL
..................................................................
TEMPERATURE (F)
 TODAY
  MAXIMUM         63    254 PM  80    2018  60      3       80
                                      1989
                                      1976
  MINIMUM         50    359 PM  17    1905  38     12       62
  AVERAGE         57                        49      8       71

PRECIPITATION (IN)
  TODAY            0.14          2.70 1998   0.14   0.00     0.00
  MONTH TO DATE    0.61                      2.03  -1.42     1.68
  SINCE DEC 1     10.41                      9.41   1.00    12.36
  SINCE JAN 1      3.33                      5.79  -2.46     8.50

SNOWFALL (IN)
  TODAY            0.0           0.5  1996   0.0    0.0      0.0
  MONTH TO DATE    0.0                       0.2   -0.2      0.0
  SINCE DEC 1      0.0                       1.4   -1.4      3.8
  SINCE JUL 1      0.0                       1.4   -1.4      3.8
  SNOW DEPTH       0

DEGREE DAYS
 HEATING
  TODAY            8                        16     -8        0
  MONTH TO DATE  167                       274   -107      195
  SINCE DEC 1   1164                      1380   -216     1419
  SINCE JUL 1   1550                      1749   -199     1757

 COOLING
  TODAY            0                         0      0        6
  MONTH TO DATE    9                         0      9       14
  SINCE DEC 1     15                         7      8       15
  SINCE JAN 1     14                         2     12       15
..................................................................


WIND (MPH)
  RESULTANT WIND SPEED   8   RESULTANT WIND DIRECTION  SW (220)
  HIGHEST WIND SPEED    25   HIGHEST WIND DIRECTION     N (360)
  HIGHEST GUST SPEED    32   HIGHEST GUST DIRECTION     N (350)
  AVERAGE WIND SPEED     8.3


SKY COVER
  POSSIBLE SUNSHINE  MM
  AVERAGE SKY COVER 0.9


WEATHER CONDITIONS
 THE FOLLOWING WEATHER WAS RECORDED TODAY.
  LIGHT RAIN
  FOG


RELATIVE HUMIDITY (PERCENT)
 HIGHEST    93           500 AM
 LOWEST     80           100 AM
 AVERAGE    87

..........................................................


THE WILMINGTON NORTH CAROLINA CLIMATE NORMALS FOR TOMORROW
                         NORMAL    RECORD    YEAR
 MAXIMUM TEMPERATURE (F)   60        81      1976
                                             1927
 MINIMUM TEMPERATURE (F)   38        14      1958


SUNRISE AND SUNSET
FEBRUARY 16 2019......SUNRISE   656 AM EST   SUNSET   556 PM EST
FEBRUARY 17 2019......SUNRISE   655 AM EST   SUNSET   557 PM EST


-  INDICATES NEGATIVE NUMBERS.
R  INDICATES RECORD WAS SET OR TIED.
MM INDICATES DATA IS MISSING.
T  INDICATES TRACE AMOUNT.




$$
