000
CDUS43 KILX 040648
CLIILX


CLIMATE REPORT
NATIONAL WEATHER SERVICE LINCOLN IL
145 AM CDT THU JUN 4 2020


...................................

...THE LINCOLN IL CLIMATE SUMMARY FOR JUNE 3 2020...

CLIMATE NORMAL PERIOD 1981 TO 2010
CLIMATE RECORD PERIOD 1905 TO 2020


WEATHER ITEM   OBSERVED TIME   RECORD YEAR NORMAL DEPARTURE LAST
                VALUE   (LST)  VALUE       VALUE  FROM      YEAR
                                                  NORMAL
..................................................................
TEMPERATURE (F)
 YESTERDAY
  MAXIMUM         90        MM 101    1934  80     10       80
  MINIMUM         70        MM  38    1910  58     12       51
  AVERAGE         80                        69     11       66

PRECIPITATION (IN)
  YESTERDAY        0.02          3.08 2008   0.14  -0.12     0.00
  MONTH TO DATE    0.02                      0.42  -0.40     0.00
  SINCE JUN 1      0.02                      0.42  -0.40     0.00
  SINCE JAN 1     21.68                     14.54   7.14    23.40

SNOWFALL (IN)
  YESTERDAY        0.0           0.0    MM   0.0    0.0      0.0
  MONTH TO DATE    0.0                       0.0    0.0      0.0
  SINCE JUN 1      0.0                       0.0    0.0      0.0
  SINCE JUL 1     21.6                      20.5    1.1     33.9
  SNOW DEPTH       0

DEGREE DAYS
 HEATING
  YESTERDAY        0                         1     -1        0
  MONTH TO DATE    0                         5     -5        0
  SINCE JUN 1      0                         5     -5        0
  SINCE JUL 1   5468                      5696   -228     5975

 COOLING
  YESTERDAY       15                         5     10        1
  MONTH TO DATE   33                        15     18       10
  SINCE JUN 1     33                        15     18       10
  SINCE JAN 1    112                       106      6      109
..................................................................


WIND (MPH)
  HIGHEST WIND SPEED    MM   HIGHEST WIND DIRECTION    MM
  HIGHEST GUST SPEED    MM   HIGHEST GUST DIRECTION    MM
  AVERAGE WIND SPEED    MM


SKY COVER
  POSSIBLE SUNSHINE  MM


WEATHER CONDITIONS
 THE FOLLOWING WEATHER WAS RECORDED YESTERDAY.
  THUNDERSTORM
  LIGHT RAIN


..........................................................


THE LINCOLN IL CLIMATE NORMALS FOR TODAY
                         NORMAL    RECORD    YEAR
 MAXIMUM TEMPERATURE (F)   80        97      1934
 MINIMUM TEMPERATURE (F)   58        36      1929


SUNRISE AND SUNSET
JUNE  4 2020..........SUNRISE   529 AM CDT   SUNSET   823 PM CDT
JUNE  5 2020..........SUNRISE   529 AM CDT   SUNSET   824 PM CDT


-  INDICATES NEGATIVE NUMBERS.
R  INDICATES RECORD WAS SET OR TIED.
MM INDICATES DATA IS MISSING.
T  INDICATES TRACE AMOUNT.




$$
