000
CDUS43 KILX 242145
CLIILX


CLIMATE REPORT
NATIONAL WEATHER SERVICE LINCOLN IL
444 PM CDT SUN JUN 24 2018


...................................

...THE LINCOLN IL CLIMATE SUMMARY FOR JUNE 24 2018...
VALID TODAY AS OF 0400 PM LOCAL TIME.

CLIMATE NORMAL PERIOD 1981 TO 2010
CLIMATE RECORD PERIOD 1905 TO 2018


WEATHER ITEM   OBSERVED TIME   RECORD YEAR NORMAL DEPARTURE LAST
                VALUE   (LST)  VALUE       VALUE  FROM      YEAR
                                                  NORMAL
..................................................................
TEMPERATURE (F)
 TODAY
  MAXIMUM         80        MM  99    1953  85     -5       76
  MINIMUM         57        MM  46    1926  64     -7       59
  AVERAGE         69                        74     -5       68

PRECIPITATION (IN)
  TODAY            0.00          0.92 1919   0.14  -0.14     0.00
  MONTH TO DATE    4.05                      3.37   0.68     0.92
  SINCE JUN 1      4.05                      3.37   0.68     0.92
  SINCE JAN 1     19.34                     17.49   1.85    17.05

SNOWFALL (IN)
  TODAY            0.0           0.0    MM   0.0    0.0      0.0
  MONTH TO DATE    0.0                       0.0    0.0      0.0
  SINCE JUN 1      0.0                       0.0    0.0      0.0
  SINCE JUL 1     17.3                      20.5   -3.2     10.9
  SNOW DEPTH       0

DEGREE DAYS
 HEATING
  TODAY            0                         0      0        0
  MONTH TO DATE    0                        15    -15        0
  SINCE JUN 1      0                        15    -15        0
  SINCE JUL 1   5849                      5706    143     4713

 COOLING
  TODAY            4                        10     -6        3
  MONTH TO DATE  206                       173     33      227
  SINCE JUN 1    206                       173     33      227
  SINCE JAN 1    419                       264    155      317
..................................................................







THE LINCOLN IL CLIMATE NORMALS FOR TOMORROW
                         NORMAL    RECORD    YEAR
 MAXIMUM TEMPERATURE (F)   85       101      1954
 MINIMUM TEMPERATURE (F)   64        45      1986


SUNRISE AND SUNSET
JUNE 24 2018..........SUNRISE   529 AM CDT   SUNSET   831 PM CDT
JUNE 25 2018..........SUNRISE   529 AM CDT   SUNSET   831 PM CDT


-  INDICATES NEGATIVE NUMBERS.
R  INDICATES RECORD WAS SET OR TIED.
MM INDICATES DATA IS MISSING.
T  INDICATES TRACE AMOUNT.




$$
