521
CDUS43 KILX 202137
CLIILX


CLIMATE REPORT
NATIONAL WEATHER SERVICE LINCOLN IL
436 PM CDT SUN OCT 20 2019


...................................

...THE LINCOLN IL CLIMATE SUMMARY FOR OCTOBER 20 2019...
VALID TODAY AS OF 0400 PM LOCAL TIME.

CLIMATE NORMAL PERIOD 1981 TO 2010
CLIMATE RECORD PERIOD 1905 TO 2019


WEATHER ITEM   OBSERVED TIME   RECORD YEAR NORMAL DEPARTURE LAST
                VALUE   (LST)  VALUE       VALUE  FROM      YEAR
                                                  NORMAL
..................................................................
TEMPERATURE (F)
 TODAY
  MAXIMUM         68        MM  87    1953  64      4       59
  MINIMUM         52        MM  17    1930  41     11       30
  AVERAGE         60                        52      8       45

PRECIPITATION (IN)
  TODAY            0.00          1.38 1995   0.11  -0.11     0.00
  MONTH TO DATE    0.69                      1.96  -1.27     4.93
  SINCE SEP 1      5.15                      5.17  -0.02     7.22
  SINCE JAN 1     38.42                     32.59   5.83    33.43

SNOWFALL (IN)
  TODAY            0.0           2.0  1916   0.0    0.0      0.0
  MONTH TO DATE    0.0                       0.0    0.0       T
  SINCE SEP 1      0.0                       0.0    0.0       T
  SINCE JUL 1      0.0                       0.0    0.0       T
  SNOW DEPTH       0

DEGREE DAYS
 HEATING
  TODAY            5                        13     -8       20
  MONTH TO DATE  189                       199    -10      218
  SINCE SEP 1    194                       285    -91      262
  SINCE JUL 1    195                       294    -99      269

 COOLING
  TODAY            0                         0      0        0
  MONTH TO DATE   27                        11     16       53
  SINCE SEP 1    224                       125     99      247
  SINCE JAN 1   1113                      1014     99     1228
..................................................................







THE LINCOLN IL CLIMATE NORMALS FOR TOMORROW
                         NORMAL    RECORD    YEAR
 MAXIMUM TEMPERATURE (F)   64        87      1979
 MINIMUM TEMPERATURE (F)   41        16      1930


SUNRISE AND SUNSET
OCTOBER 20 2019.......SUNRISE   713 AM CDT   SUNSET   611 PM CDT
OCTOBER 21 2019.......SUNRISE   714 AM CDT   SUNSET   609 PM CDT


-  INDICATES NEGATIVE NUMBERS.
R  INDICATES RECORD WAS SET OR TIED.
MM INDICATES DATA IS MISSING.
T  INDICATES TRACE AMOUNT.




$$
