000
CDUS43 KILX 222229
CLIILX


CLIMATE REPORT
NATIONAL WEATHER SERVICE LINCOLN IL
429 PM CST THU FEB 22 2018


...................................

...THE LINCOLN IL CLIMATE SUMMARY FOR FEBRUARY 22 2018...
VALID TODAY AS OF 0400 PM LOCAL TIME.

CLIMATE NORMAL PERIOD 1981 TO 2010
CLIMATE RECORD PERIOD 1905 TO 2018


WEATHER ITEM   OBSERVED TIME   RECORD YEAR NORMAL DEPARTURE LAST
                VALUE   (LST)  VALUE       VALUE  FROM      YEAR
                                                  NORMAL
..................................................................
TEMPERATURE (F)
 TODAY
  MAXIMUM         43        MM  71    1922  41      2       67
  MINIMUM         31        MM  -2    1978  24      7       42
  AVERAGE         37                        33      4       55

PRECIPITATION (IN)
  TODAY            T             1.06 1974   0.07  -0.07     0.00
  MONTH TO DATE    3.98                      1.38   2.60     0.45
  SINCE DEC 1      5.17                      5.95  -0.78     3.57
  SINCE JAN 1      4.71                      3.31   1.40     2.21

SNOWFALL (IN)
  TODAY            0.0           4.0  1919   0.2   -0.2      0.0
  MONTH TO DATE    2.8                       4.8   -2.0      3.4
  SINCE DEC 1      9.9                      16.9   -7.0      7.2
  SINCE JUL 1      9.9                      17.5   -7.6      7.2
  SNOW DEPTH       0

DEGREE DAYS
 HEATING
  TODAY           28                        32     -4       10
  MONTH TO DATE  821                       782     39      561
  SINCE DEC 1   3222                      3093    129     2699
  SINCE JUL 1   4275                      4236     39     3476

 COOLING
  TODAY            0                         0      0        0
  MONTH TO DATE    0                         0      0        0
  SINCE DEC 1      0                         0      0        0
  SINCE JAN 1      0                         0      0        0
..................................................................







THE LINCOLN IL CLIMATE NORMALS FOR TOMORROW
                         NORMAL    RECORD    YEAR
 MAXIMUM TEMPERATURE (F)   42        68      1983
 MINIMUM TEMPERATURE (F)   25        -7      2015


SUNRISE AND SUNSET
FEBRUARY 22 2018......SUNRISE   641 AM CST   SUNSET   541 PM CST
FEBRUARY 23 2018......SUNRISE   640 AM CST   SUNSET   542 PM CST


-  INDICATES NEGATIVE NUMBERS.
R  INDICATES RECORD WAS SET OR TIED.
MM INDICATES DATA IS MISSING.
T  INDICATES TRACE AMOUNT.




$$
