000
CDUS43 KILX 220649
CLIILX

CLIMATE REPORT
NATIONAL WEATHER SERVICE LINCOLN IL
149 AM CDT THU OCT 22 2020

...................................

...THE LINCOLN IL CLIMATE SUMMARY FOR OCTOBER 21 2020...

CLIMATE NORMAL PERIOD 1981 TO 2010
CLIMATE RECORD PERIOD 1905 TO 2020


WEATHER ITEM   OBSERVED TIME   RECORD YEAR NORMAL DEPARTURE LAST
                VALUE   (LST)  VALUE       VALUE  FROM      YEAR
                                                  NORMAL
...................................................................
TEMPERATURE (F)
 YESTERDAY
  MAXIMUM         54   1159 PM  87    1979  64    -10       67
  MINIMUM         45    610 AM  16    1930  41      4       51
  AVERAGE         50                        52     -2       59

PRECIPITATION (IN)
  YESTERDAY        0.04          0.98 1943   0.10  -0.06     0.30
  MONTH TO DATE    0.48                      2.06  -1.58     0.99
  SINCE SEP 1      2.33                      5.27  -2.94     5.45
  SINCE JAN 1     31.61                     32.69  -1.08    38.72

SNOWFALL (IN)
  YESTERDAY        0.0           0.0    MM   0.0    0.0      0.0
  MONTH TO DATE    0.0                       0.0    0.0      0.0
  SINCE SEP 1      0.0                       0.0    0.0      0.0
  SINCE JUL 1      0.0                       0.0    0.0      0.0
  SNOW DEPTH       0

DEGREE DAYS
 HEATING
  YESTERDAY       15                        13      2        6
  MONTH TO DATE  230                       212     18      197
  SINCE SEP 1    296                       298     -2      202
  SINCE JUL 1    299                       307     -8      203

 COOLING
  YESTERDAY        0                         0      0        0
  MONTH TO DATE   10                        11     -1       27
  SINCE SEP 1     82                       125    -43      224
  SINCE JAN 1   1017                      1014      3     1113
...................................................................


WIND (MPH)
  HIGHEST WIND SPEED    MM   HIGHEST WIND DIRECTION    MM
  HIGHEST GUST SPEED    MM   HIGHEST GUST DIRECTION    MM
  AVERAGE WIND SPEED    MM


SKY COVER
  POSSIBLE SUNSHINE  MM


WEATHER CONDITIONS
THE FOLLOWING WEATHER WAS RECORDED YESTERDAY.
  THUNDERSTORM
  LIGHT RAIN
  FOG
  FOG W/VISIBILITY <= 1/4 MILE

..........................................................


THE LINCOLN IL CLIMATE NORMALS FOR TODAY
                         NORMAL    RECORD    YEAR
 MAXIMUM TEMPERATURE (F)   63        86      1953
 MINIMUM TEMPERATURE (F)   40        21      1930


SUNRISE AND SUNSET
OCTOBER 22 2020.......SUNRISE   716 AM CDT   SUNSET   607 PM CDT
OCTOBER 23 2020.......SUNRISE   717 AM CDT   SUNSET   605 PM CDT


-  INDICATES NEGATIVE NUMBERS.
R  INDICATES RECORD WAS SET OR TIED.
MM INDICATES DATA IS MISSING.
T  INDICATES TRACE AMOUNT.




$$
