000
CDUS43 KILX 112235
CLIILX


CLIMATE REPORT
NATIONAL WEATHER SERVICE LINCOLN IL
434 PM CST TUE DEC 11 2018


...................................

...THE LINCOLN IL CLIMATE SUMMARY FOR DECEMBER 11 2018...
VALID TODAY AS OF 0400 PM LOCAL TIME.

CLIMATE NORMAL PERIOD 1981 TO 2010
CLIMATE RECORD PERIOD 1905 TO 2018


WEATHER ITEM   OBSERVED TIME   RECORD YEAR NORMAL DEPARTURE LAST
                VALUE   (LST)  VALUE       VALUE  FROM      YEAR
                                                  NORMAL
..................................................................
TEMPERATURE (F)
 TODAY
  MAXIMUM         MM        MM  66    1949  38     MM       51
  MINIMUM         MM        MM -18    1917  23     MM       20
  AVERAGE         MM                        30     MM       36

PRECIPITATION (IN)
  TODAY           MM             1.55 1949   0.10  MM        0.00
  MONTH TO DATE    1.73                      1.05   0.68     0.06
  SINCE DEC 1      1.73                      1.05   0.68     0.06
  SINCE JAN 1     38.83                     38.01   0.82    33.06

SNOWFALL (IN)
  TODAY           MM             3.0  1932   0.2   MM        0.0
  MONTH TO DATE    1.2                       1.6   -0.4       T
  SINCE DEC 1      1.2                       1.6   -0.4       T
  SINCE JUL 1      8.3                       2.2    6.1       T
  SNOW DEPTH      MM

DEGREE DAYS
 HEATING
  TODAY           MM                        34     MM       29
  MONTH TO DATE  351                       357     -6      323
  SINCE DEC 1    351                       357     -6      323
  SINCE JUL 1   1706                      1500    206     1376

 COOLING
  TODAY           MM                         0     MM        0
  MONTH TO DATE    0                         0      0        0
  SINCE DEC 1      0                         0      0        0
  SINCE JAN 1   1228                      1017    211      984
..................................................................







THE LINCOLN IL CLIMATE NORMALS FOR TOMORROW
                         NORMAL    RECORD    YEAR
 MAXIMUM TEMPERATURE (F)   38        67      2015
 MINIMUM TEMPERATURE (F)   23       -12      1962


SUNRISE AND SUNSET
DECEMBER 11 2018......SUNRISE   709 AM CST   SUNSET   432 PM CST
DECEMBER 12 2018......SUNRISE   710 AM CST   SUNSET   432 PM CST


-  INDICATES NEGATIVE NUMBERS.
R  INDICATES RECORD WAS SET OR TIED.
MM INDICATES DATA IS MISSING.
T  INDICATES TRACE AMOUNT.




$$
