811
CDUS43 KILX 210639
CLIILX


CLIMATE REPORT
NATIONAL WEATHER SERVICE LINCOLN IL
139 AM CDT FRI SEP 21 2018


...................................

...THE LINCOLN IL CLIMATE SUMMARY FOR SEPTEMBER 20 2018...

CLIMATE NORMAL PERIOD 1981 TO 2010
CLIMATE RECORD PERIOD 1905 TO 2018


WEATHER ITEM   OBSERVED TIME   RECORD YEAR NORMAL DEPARTURE LAST
                VALUE   (LST)  VALUE       VALUE  FROM      YEAR
                                                  NORMAL
..................................................................
TEMPERATURE (F)
 YESTERDAY
  MAXIMUM         94R       MM  94    1940  77     17       92
  MINIMUM         68        MM  31    1918  52     16       62
  AVERAGE         81                        64     17       77

PRECIPITATION (IN)
  YESTERDAY        0.00          3.55 1986   0.10  -0.10     0.00
  MONTH TO DATE    2.16                      2.18  -0.02     0.71
  SINCE SEP 1      2.16                      2.18  -0.02     0.71
  SINCE JAN 1     28.37                     29.60  -1.23    25.83

SNOWFALL (IN)
  YESTERDAY        0.0           T    1913   0.0    0.0      0.0
  MONTH TO DATE    0.0                       0.0    0.0      0.0
  SINCE SEP 1      0.0                       0.0    0.0      0.0
  SINCE JUL 1      0.0                       0.0    0.0       T
  SNOW DEPTH      MM

DEGREE DAYS
 HEATING
  YESTERDAY        0                         3     -3        0
  MONTH TO DATE    2                        33    -31       52
  SINCE SEP 1      2                        33    -31       52
  SINCE JUL 1      9                        42    -33       58

 COOLING
  YESTERDAY       16                         3     13       12
  MONTH TO DATE  180                        95     85       64
  SINCE SEP 1    180                        95     85       64
  SINCE JAN 1   1161                       984    177      863
..................................................................


WIND (MPH)
  HIGHEST WIND SPEED    MM   HIGHEST WIND DIRECTION    MM
  HIGHEST GUST SPEED    MM   HIGHEST GUST DIRECTION    MM
  AVERAGE WIND SPEED    MM


SKY COVER
  POSSIBLE SUNSHINE  MM


WEATHER CONDITIONS
 THE FOLLOWING WEATHER WAS RECORDED YESTERDAY.
  NO SIGNIFICANT WEATHER WAS OBSERVED.


..........................................................


THE LINCOLN IL CLIMATE NORMALS FOR TODAY
                         NORMAL    RECORD    YEAR
 MAXIMUM TEMPERATURE (F)   76        94      2017
                                             1940
 MINIMUM TEMPERATURE (F)   51        34      1918


SUNRISE AND SUNSET
SEPTEMBER 21 2018.....SUNRISE   644 AM CDT   SUNSET   656 PM CDT
SEPTEMBER 22 2018.....SUNRISE   645 AM CDT   SUNSET   654 PM CDT


-  INDICATES NEGATIVE NUMBERS.
R  INDICATES RECORD WAS SET OR TIED.
MM INDICATES DATA IS MISSING.
T  INDICATES TRACE AMOUNT.




$$
