000
CDUS43 KLBF 150711
CLIIML

CLIMATE REPORT
NATIONAL WEATHER SERVICE NORTH PLATTE NE
211 AM CDT TUE JUN 15 2021

...................................

...THE IMPERIAL CLIMATE SUMMARY FOR JUNE 14 2021...

CLIMATE NORMAL PERIOD 1991 TO 2020
CLIMATE RECORD PERIOD 1893 TO 2021


WEATHER ITEM   OBSERVED TIME   RECORD YEAR NORMAL DEPARTURE LAST
                VALUE   (LST)  VALUE       VALUE  FROM      YEAR
                                                  NORMAL
...................................................................
TEMPERATURE (F)
 YESTERDAY
  MAXIMUM         99    310 PM 108    2006  85     14       99
  MINIMUM         68    330 AM  38    1969  57     11       69
  AVERAGE         84                        71     13       84

PRECIPITATION (IN)
  YESTERDAY        0.00          2.00 1894   0.10  -0.10      T
  MONTH TO DATE    0.00                      1.53  -1.53     0.84
  SINCE JUN 1      0.00                      1.53  -1.53     0.84
  SINCE JAN 1      8.71                      7.64   1.07     4.61

SNOWFALL (IN)
  YESTERDAY       MM
  SNOW DEPTH      MM

DEGREE DAYS
 HEATING
  YESTERDAY        0                         1     -1        0
  MONTH TO DATE    7                        20    -13       12
  SINCE JUN 1      7                        20    -13       12

 COOLING
  YESTERDAY       19                         7     12       19
  MONTH TO DATE  135                        71     64      154
  SINCE JUN 1    135                        71     64      154
  SINCE JAN 1    166                       118     48      180
...................................................................


WIND (MPH)
  HIGHEST WIND SPEED    24   HIGHEST WIND DIRECTION    NE (30)
  HIGHEST GUST SPEED    40   HIGHEST GUST DIRECTION    NE (60)
  AVERAGE WIND SPEED    11.8


WEATHER CONDITIONS
THE FOLLOWING WEATHER WAS RECORDED YESTERDAY.
  NO SIGNIFICANT WEATHER WAS OBSERVED.


RELATIVE HUMIDITY (PERCENT)
 HIGHEST    76          1200 AM
 LOWEST     22          1100 AM
 AVERAGE    49

..........................................................


THE IMPERIAL CLIMATE NORMALS FOR TODAY
                         NORMAL    RECORD    YEAR
 MAXIMUM TEMPERATURE (F)   85       105      1946
                                             1952
 MINIMUM TEMPERATURE (F)   57        42      1989


SUNRISE AND SUNSET
JUNE 15 2021..........SUNRISE   515 AM MDT   SUNSET   819 PM MDT
JUNE 16 2021..........SUNRISE   515 AM MDT   SUNSET   819 PM MDT


-  INDICATES NEGATIVE NUMBERS.
R  INDICATES RECORD WAS SET OR TIED.
MM INDICATES DATA IS MISSING.
T  INDICATES TRACE AMOUNT.




$$
