000
CDUS43 KIND 230604
CLIIND


CLIMATE REPORT
NATIONAL WEATHER SERVICE INDIANAPOLIS IN
104 AM EST WED JAN 23 2019


...................................

...THE INDIANAPOLIS IN CLIMATE SUMMARY FOR JANUARY 22 2019...

CLIMATE NORMAL PERIOD 1981 TO 2010
CLIMATE RECORD PERIOD 1871 TO 2019


WEATHER ITEM   OBSERVED TIME   RECORD YEAR NORMAL DEPARTURE LAST
                VALUE   (LST)  VALUE       VALUE  FROM      YEAR
                                                  NORMAL
..................................................................
TEMPERATURE (F)
 YESTERDAY
  MAXIMUM         43    940 PM  64    1964  36      7       54
                                      1887
  MINIMUM         14    345 AM -17    1936  20     -6       37
  AVERAGE         29                        28      1       46

PRECIPITATION (IN)
  YESTERDAY        0.03          1.87 1999   0.07  -0.04     0.47
  MONTH TO DATE    1.46                      1.94  -0.48     1.63
  SINCE DEC 1      5.25                      5.11   0.14     2.75
  SINCE JAN 1      1.46                      1.94  -0.48     1.63

SNOWFALL (IN)
  YESTERDAY        0.0           6.8  1915   0.3   -0.3       T
  MONTH TO DATE    9.9                       6.0    3.9      3.6
  SINCE DEC 1     10.4                      12.9   -2.5      7.5
  SINCE JUL 1     10.8                      14.0   -3.2      7.5
  SNOW DEPTH       1

DEGREE DAYS
 HEATING
  YESTERDAY       36                        37     -1       19
  MONTH TO DATE  735                       814    -79      965
  SINCE DEC 1   1614                      1848   -234     2034
  SINCE JUL 1   2815                      2890    -75     2938

 COOLING
  YESTERDAY        0                         0      0        0
  MONTH TO DATE    0                         0      0        0
  SINCE DEC 1      0                         0      0        0
  SINCE JAN 1      0                         0      0        0
..................................................................


WIND (MPH)
  HIGHEST WIND SPEED    20   HIGHEST WIND DIRECTION    SE (140)
  HIGHEST GUST SPEED    26   HIGHEST GUST DIRECTION     S (160)
  AVERAGE WIND SPEED    13.6


SKY COVER
  AVERAGE SKY COVER 0.8


WEATHER CONDITIONS
 THE FOLLOWING WEATHER WAS RECORDED YESTERDAY.
  LIGHT RAIN


RELATIVE HUMIDITY (PERCENT)
 HIGHEST    67           700 AM
 LOWEST     52           200 PM
 AVERAGE    60

..........................................................


THE INDIANAPOLIS IN CLIMATE NORMALS FOR TODAY
                         NORMAL    RECORD    YEAR
 MAXIMUM TEMPERATURE (F)   36        67      1909
 MINIMUM TEMPERATURE (F)   20       -18      1936


SUNRISE AND SUNSET
JANUARY 23 2019.......SUNRISE   800 AM EST   SUNSET   554 PM EST
JANUARY 24 2019.......SUNRISE   800 AM EST   SUNSET   555 PM EST


-  INDICATES NEGATIVE NUMBERS.
R  INDICATES RECORD WAS SET OR TIED.
MM INDICATES DATA IS MISSING.
T  INDICATES TRACE AMOUNT.




$$
