979
CDUS43 KIND 172332
CLIIND


CLIMATE REPORT
NATIONAL WEATHER SERVICE INDIANAPOLIS IN
732 PM EDT THU OCT 17 2019


...................................

...THE INDIANAPOLIS IN CLIMATE SUMMARY FOR OCTOBER 17 2019...
VALID AS OF 0700 PM LOCAL TIME.

CLIMATE NORMAL PERIOD 1981 TO 2010
CLIMATE RECORD PERIOD 1871 TO 2019


WEATHER ITEM   OBSERVED TIME   RECORD YEAR NORMAL DEPARTURE LAST
                VALUE   (LST)  VALUE       VALUE  FROM      YEAR
                                                  NORMAL
..................................................................
TEMPERATURE (F)
 TODAY
  MAXIMUM         58    423 PM  86    1950  65     -7       56
  MINIMUM         38    511 AM  26    1948  44     -6       38
  AVERAGE         48                        55     -7       47

PRECIPITATION (IN)
  TODAY            0.00          1.45 1967   0.10  -0.10     0.00
  MONTH TO DATE    0.61                      1.75  -1.14     1.48
  SINCE SEP 1      1.08                      4.87  -3.79     6.94
  SINCE JAN 1     37.63                     34.20   3.43    35.76

SNOWFALL (IN)
  TODAY            0.0           0.0    MM   0.1   -0.1      0.0
  MONTH TO DATE    0.0                       0.2   -0.2       T
  SINCE SEP 1      0.0                       0.2   -0.2       T
  SINCE JUL 1      0.0                       0.2   -0.2       T
  SNOW DEPTH      MM

..................................................................


WIND (MPH)
  HIGHEST WIND SPEED    15   HIGHEST WIND DIRECTION     N (340)
  HIGHEST GUST SPEED    23   HIGHEST GUST DIRECTION    NW (300)
  AVERAGE WIND SPEED     7.9


SKY COVER
  AVERAGE SKY COVER 0.4


WEATHER CONDITIONS
 THE FOLLOWING WEATHER WAS RECORDED TODAY.
  NO SIGNIFICANT WEATHER WAS OBSERVED.


RELATIVE HUMIDITY (PERCENT)
 HIGHEST    92           500 AM
 LOWEST     43           300 PM

..........................................................


THE INDIANAPOLIS IN CLIMATE NORMALS FOR TOMORROW
                         NORMAL    RECORD    YEAR
 MAXIMUM TEMPERATURE (F)   65        84      1953
                                             1938
 MINIMUM TEMPERATURE (F)   44        22      1948


SUNRISE AND SUNSET
OCTOBER 17 2019.......SUNRISE   757 AM EDT   SUNSET   703 PM EDT
OCTOBER 18 2019.......SUNRISE   758 AM EDT   SUNSET   702 PM EDT


-  INDICATES NEGATIVE NUMBERS.
R  INDICATES RECORD WAS SET OR TIED.
MM INDICATES DATA IS MISSING.
T  INDICATES TRACE AMOUNT.




$$
