000
CDUS43 KIND 250631
CLIIND

CLIMATE REPORT
NATIONAL WEATHER SERVICE INDIANAPOLIS IN
131 AM EST TUE FEB 25 2020

...................................

...THE INDIANAPOLIS IN CLIMATE SUMMARY FOR FEBRUARY 24 2020...

CLIMATE NORMAL PERIOD 1981 TO 2010
CLIMATE RECORD PERIOD 1871 TO 2020


WEATHER ITEM   OBSERVED TIME   RECORD YEAR NORMAL DEPARTURE LAST
                VALUE   (LST)  VALUE       VALUE  FROM      YEAR
                                                  NORMAL
...................................................................
TEMPERATURE (F)
 YESTERDAY
  MAXIMUM         45   1226 PM  74    2017  43      2       58
  MINIMUM         36    222 AM  -6    2015  26     10       25
  AVERAGE         41                        35      6       42

PRECIPITATION (IN)
  YESTERDAY        0.41          1.70 2016   0.08   0.33     0.20
                                      2018
  MONTH TO DATE    3.25                      1.96   1.29     4.66
  SINCE DEC 1     11.62                      7.79   3.83    11.27
  SINCE JAN 1      8.57                      4.62   3.95     7.48

SNOWFALL (IN)
  YESTERDAY        0.0           6.4  1974   0.2   -0.2       T
  MONTH TO DATE    2.5                       5.8   -3.3      4.1
  SINCE DEC 1     10.4                      21.3  -10.9     16.3
  SINCE JUL 1     13.2                      22.4   -9.2     16.7
  SNOW DEPTH       0

DEGREE DAYS
 HEATING
  YESTERDAY       24                        30     -6       23
  MONTH TO DATE  740                       805    -65      738
  SINCE DEC 1   2520                      2984   -464     2776
  SINCE JUL 1   3628                      4026   -398     3977

 COOLING
  YESTERDAY        0                         0      0        0
  MONTH TO DATE    0                         0      0        0
  SINCE DEC 1      0                         0      0        0
  SINCE JAN 1      0                         0      0        0
...................................................................


WIND (MPH)
  HIGHEST WIND SPEED    16   HIGHEST WIND DIRECTION    SE (150)
  HIGHEST GUST SPEED    22   HIGHEST GUST DIRECTION    SE (150)
  AVERAGE WIND SPEED     8.7


SKY COVER
  AVERAGE SKY COVER 0.9


WEATHER CONDITIONS
THE FOLLOWING WEATHER WAS RECORDED YESTERDAY.
  RAIN
  LIGHT RAIN
  FOG


RELATIVE HUMIDITY (PERCENT)
 HIGHEST   100           900 AM
 LOWEST     72           100 AM
 AVERAGE    86

..........................................................


THE INDIANAPOLIS IN CLIMATE NORMALS FOR TODAY
                         NORMAL    RECORD    YEAR
 MAXIMUM TEMPERATURE (F)   44        76      2000
 MINIMUM TEMPERATURE (F)   27        -7      1900


SUNRISE AND SUNSET
FEBRUARY 25 2020......SUNRISE   725 AM EST   SUNSET   632 PM EST
FEBRUARY 26 2020......SUNRISE   723 AM EST   SUNSET   633 PM EST


-  INDICATES NEGATIVE NUMBERS.
R  INDICATES RECORD WAS SET OR TIED.
MM INDICATES DATA IS MISSING.
T  INDICATES TRACE AMOUNT.




$$
