000
CDUS43 KIND 210543
CLIIND

CLIMATE REPORT
NATIONAL WEATHER SERVICE INDIANAPOLIS IN
143 AM EDT WED OCT 21 2020

...................................

...THE INDIANAPOLIS IN CLIMATE SUMMARY FOR OCTOBER 20 2020...

CLIMATE NORMAL PERIOD 1981 TO 2010
CLIMATE RECORD PERIOD 1871 TO 2020


WEATHER ITEM   OBSERVED TIME   RECORD YEAR NORMAL DEPARTURE LAST
                VALUE   (LST)  VALUE       VALUE  FROM      YEAR
                                                  NORMAL
...................................................................
TEMPERATURE (F)
 YESTERDAY
  MAXIMUM         56   1159 PM  86    1953  64     -8       73
  MINIMUM         44    551 AM  23    1972  44      0       49
  AVERAGE         50                        54     -4       61

PRECIPITATION (IN)
  YESTERDAY        0.85          1.33 1983   0.10   0.75      T
  MONTH TO DATE    2.40                      2.05   0.35     0.61
  SINCE SEP 1      2.52                      5.17  -2.65     1.08
  SINCE JAN 1     36.69                     34.50   2.19    37.63

SNOWFALL (IN)
  YESTERDAY        0.0           1.6  1989   0.0    0.0      0.0
  MONTH TO DATE    0.0                       0.2   -0.2      0.0
  SINCE SEP 1      0.0                       0.2   -0.2      0.0
  SINCE JUL 1      0.0                       0.2   -0.2      0.0
  SNOW DEPTH       0

DEGREE DAYS
 HEATING
  YESTERDAY       15                        12      3        4
  MONTH TO DATE  175                       179     -4      148
  SINCE SEP 1    218                       250    -32      148
  SINCE JUL 1    218                       254    -36      148

 COOLING
  YESTERDAY        0                         0      0        0
  MONTH TO DATE   17                        13      4       37
  SINCE SEP 1    151                       141     10      305
  SINCE JAN 1   1215                      1062    153     1344
...................................................................


WIND (MPH)
  HIGHEST WIND SPEED    16   HIGHEST WIND DIRECTION    SE (120)
  HIGHEST GUST SPEED    21   HIGHEST GUST DIRECTION    NE (30)
  AVERAGE WIND SPEED     9.2


SKY COVER
  AVERAGE SKY COVER 1.0


WEATHER CONDITIONS
THE FOLLOWING WEATHER WAS RECORDED YESTERDAY.
  THUNDERSTORM
  HEAVY RAIN
  RAIN
  LIGHT RAIN
  FOG


RELATIVE HUMIDITY (PERCENT)
 HIGHEST   100           800 PM
 LOWEST     83           100 PM
 AVERAGE    92

..........................................................


THE INDIANAPOLIS IN CLIMATE NORMALS FOR TODAY
                         NORMAL    RECORD    YEAR
 MAXIMUM TEMPERATURE (F)   64        86      1953
 MINIMUM TEMPERATURE (F)   43        23      1952


SUNRISE AND SUNSET
OCTOBER 21 2020.......SUNRISE   802 AM EDT   SUNSET   657 PM EDT
OCTOBER 22 2020.......SUNRISE   803 AM EDT   SUNSET   655 PM EDT


-  INDICATES NEGATIVE NUMBERS.
R  INDICATES RECORD WAS SET OR TIED.
MM INDICATES DATA IS MISSING.
T  INDICATES TRACE AMOUNT.




$$
