000
CDUS43 KIND 210530
CLIIND


CLIMATE REPORT
NATIONAL WEATHER SERVICE INDIANAPOLIS IN
130 AM EDT SUN OCT 21 2018


...................................

...THE INDIANAPOLIS IN CLIMATE SUMMARY FOR OCTOBER 20 2018...

CLIMATE NORMAL PERIOD 1981 TO 2010
CLIMATE RECORD PERIOD 1871 TO 2018


WEATHER ITEM   OBSERVED TIME   RECORD YEAR NORMAL DEPARTURE LAST
                VALUE   (LST)  VALUE       VALUE  FROM      YEAR
                                                  NORMAL
..................................................................
TEMPERATURE (F)
 YESTERDAY
  MAXIMUM         61    235 PM  86    1953  64     -3       76
  MINIMUM         34   1159 PM  23    1972  44    -10       50
  AVERAGE         48                        54     -6       63

PRECIPITATION (IN)
  YESTERDAY        0.00          1.33 1983   0.10  -0.10     0.00
  MONTH TO DATE    1.51                      2.05  -0.54     2.10
  SINCE SEP 1      6.97                      5.17   1.80     2.76
  SINCE JAN 1     35.79                     34.50   1.29    41.52

SNOWFALL (IN)
  YESTERDAY        0.0           1.6  1989   0.0    0.0      0.0
  MONTH TO DATE    T                         0.2   -0.2      0.0
  SINCE SEP 1      T                         0.2   -0.2      0.0
  SINCE JUL 1      T                         0.2   -0.2      0.0
  SNOW DEPTH       0

DEGREE DAYS
 HEATING
  YESTERDAY       17                        12      5        2
  MONTH TO DATE  186                       179      7       55
  SINCE SEP 1    219                       250    -31       84
  SINCE JUL 1    219                       254    -35       84

 COOLING
  YESTERDAY        0                         0      0        0
  MONTH TO DATE   86                        13     73       45
  SINCE SEP 1    317                       141    176      222
  SINCE JAN 1   1625                      1062    563     1162
..................................................................


WIND (MPH)
  HIGHEST WIND SPEED    44   HIGHEST WIND DIRECTION    NW (330)
  HIGHEST GUST SPEED    61   HIGHEST GUST DIRECTION    NW (330)
  AVERAGE WIND SPEED    18.5


SKY COVER
  AVERAGE SKY COVER 0.5


WEATHER CONDITIONS
 THE FOLLOWING WEATHER WAS RECORDED YESTERDAY.
  NO SIGNIFICANT WEATHER WAS OBSERVED.


RELATIVE HUMIDITY (PERCENT)
 HIGHEST   100           600 AM
 LOWEST     27           300 PM
 AVERAGE    64

..........................................................


THE INDIANAPOLIS IN CLIMATE NORMALS FOR TODAY
                         NORMAL    RECORD    YEAR
 MAXIMUM TEMPERATURE (F)   64        86      1953
 MINIMUM TEMPERATURE (F)   43        23      1952


SUNRISE AND SUNSET
OCTOBER 21 2018.......SUNRISE   802 AM EDT   SUNSET   657 PM EDT
OCTOBER 22 2018.......SUNRISE   803 AM EDT   SUNSET   656 PM EDT


-  INDICATES NEGATIVE NUMBERS.
R  INDICATES RECORD WAS SET OR TIED.
MM INDICATES DATA IS MISSING.
T  INDICATES TRACE AMOUNT.




$$
