000
CDUS43 KIND 160535
CLIIND


CLIMATE REPORT
NATIONAL WEATHER SERVICE INDIANAPOLIS IN
135 AM EDT THU AUG 16 2018


...................................

...THE INDIANAPOLIS IN CLIMATE SUMMARY FOR AUGUST 15 2018...

CLIMATE NORMAL PERIOD 1981 TO 2010
CLIMATE RECORD PERIOD 1871 TO 2018


WEATHER ITEM   OBSERVED TIME   RECORD YEAR NORMAL DEPARTURE LAST
                VALUE   (LST)  VALUE       VALUE  FROM      YEAR
                                                  NORMAL
..................................................................
TEMPERATURE (F)
 YESTERDAY
  MAXIMUM         76   1048 AM  96    2010  84     -8       88
                                      1988
  MINIMUM         69   1159 PM  45    1979  65      4       66
  AVERAGE         73                        74     -1       77

PRECIPITATION (IN)
  YESTERDAY        0.48          2.26 1980   0.10   0.38     0.00
  MONTH TO DATE    2.46                      1.50   0.96     0.12
  SINCE JUN 1      9.45                     10.30  -0.85    12.83
  SINCE JAN 1     27.00                     27.70  -0.70    37.11

SNOWFALL (IN)
  YESTERDAY        0.0                       0.0    0.0      0.0
  MONTH TO DATE    0.0                       0.0    0.0      0.0
  SINCE JUN 1      0.0                       0.0    0.0      0.0
  SINCE JUL 1      0.0                       0.0    0.0      0.0
  SNOW DEPTH       0

DEGREE DAYS
 HEATING
  YESTERDAY        0                         0      0        0
  MONTH TO DATE    0                         0      0        0
  SINCE JUN 1      0                        17    -17        3
  SINCE JUL 1      0                         1     -1        0

 COOLING
  YESTERDAY        8                        10     -2       12
  MONTH TO DATE  177                       150     27      115
  SINCE JUN 1    881                       699    182      692
  SINCE JAN 1   1140                       783    357      798
..................................................................


WIND (MPH)
  HIGHEST WIND SPEED    17   HIGHEST WIND DIRECTION     S (160)
  HIGHEST GUST SPEED    21   HIGHEST GUST DIRECTION    SE (150)
  AVERAGE WIND SPEED    10.0


SKY COVER
  AVERAGE SKY COVER 1.0


WEATHER CONDITIONS
 THE FOLLOWING WEATHER WAS RECORDED YESTERDAY.
  HEAVY RAIN
  RAIN
  LIGHT RAIN
  FOG


RELATIVE HUMIDITY (PERCENT)
 HIGHEST   100           700 PM
 LOWEST     69          1100 AM
 AVERAGE    85

..........................................................


THE INDIANAPOLIS IN CLIMATE NORMALS FOR TODAY
                         NORMAL    RECORD    YEAR
 MAXIMUM TEMPERATURE (F)   84       102      1988
 MINIMUM TEMPERATURE (F)   65        50      1979


SUNRISE AND SUNSET
AUGUST 16 2018........SUNRISE   658 AM EDT   SUNSET   840 PM EDT
AUGUST 17 2018........SUNRISE   659 AM EDT   SUNSET   839 PM EDT


-  INDICATES NEGATIVE NUMBERS.
R  INDICATES RECORD WAS SET OR TIED.
MM INDICATES DATA IS MISSING.
T  INDICATES TRACE AMOUNT.




$$
