000
CDUS43 KDLH 302234
CLIINL


CLIMATE REPORT
NATIONAL WEATHER SERVICE DULUTH MN
530 PM CDT SAT MAY 30 2020

...................................

...THE INTERNATIONAL FALLS CLIMATE SUMMARY FOR MAY 30 2020...
VALID TODAY AS OF 0500 PM LOCAL TIME.

CLIMATE NORMAL PERIOD 1981 TO 2010
CLIMATE RECORD PERIOD 1895 TO 2020


WEATHER ITEM   OBSERVED TIME   RECORD YEAR NORMAL DEPARTURE LAST
                VALUE   (LST)  VALUE       VALUE  FROM      YEAR
                                                  NORMAL
..................................................................
TEMPERATURE (F)
 TODAY
  MAXIMUM         61    359 PM  92    1986  69     -8       74
  MINIMUM         36    205 AM  26    1924  43     -7       41
  AVERAGE         49                        56     -7       58

PRECIPITATION (IN)
  TODAY            0.01          1.34 2004   0.11  -0.10     0.00
  MONTH TO DATE    1.09                      2.75  -1.66     2.59
  SINCE MAR 1      2.73                      5.23  -2.50     4.98
  SINCE JAN 1      4.18                      6.42  -2.24     7.32

SNOWFALL (IN)
  TODAY            0.0           T    1953   0.0    0.0      0.0
  MONTH TO DATE    T                         0.2   -0.2      1.7
  SINCE JUL 1     66.5                      71.0   -4.5     73.1
  SNOW DEPTH       0

DEGREE DAYS
 HEATING
  TODAY           16                         9      7        7
  MONTH TO DATE  433                       410     23      519
  SINCE MAR 1   2525                      2465     60     2680
  SINCE JUL 1   9784                     10048   -264    10563

 COOLING
  TODAY            0                         1     -1        0
  MONTH TO DATE    7                         2      5        0
  SINCE MAR 1      7                         3      4        0
  SINCE JAN 1      7                         3      4        0
..................................................................


WIND (MPH)
  HIGHEST WIND SPEED    17   HIGHEST WIND DIRECTION     N (10)
  HIGHEST GUST SPEED    23   HIGHEST GUST DIRECTION     N (340)


SKY COVER
  AVERAGE SKY COVER 0.2


WEATHER CONDITIONS
 THE FOLLOWING WEATHER WAS RECORDED TODAY.
  LIGHT RAIN
  FOG
  HAZE


RELATIVE HUMIDITY (PERCENT)
 HIGHEST    92           200 AM
 LOWEST     29           400 PM
 AVERAGE    61

..........................................................


THE INTERNATIONAL FALLS CLIMATE NORMALS FOR TOMORROW
                         NORMAL    RECORD    YEAR
 MAXIMUM TEMPERATURE (F)   69        90      1988
 MINIMUM TEMPERATURE (F)   44        29      2012
                                             1910


SUNRISE AND SUNSET
MAY 30 2020...........SUNRISE   517 AM CDT   SUNSET   906 PM CDT
MAY 31 2020...........SUNRISE   516 AM CDT   SUNSET   907 PM CDT


-  INDICATES NEGATIVE NUMBERS.
R  INDICATES RECORD WAS SET OR TIED.
MM INDICATES DATA IS MISSING.
T  INDICATES TRACE AMOUNT.




$$
