000
CDUS43 KDLH 190649
CLIINL


CLIMATE REPORT
NATIONAL WEATHER SERVICE DULUTH MN
1248 AM CST SAT JAN 19 2019


...................................

...THE INTERNATIONAL FALLS MN CLIMATE SUMMARY FOR JANUARY 18 2019...

CLIMATE NORMAL PERIOD 1981 TO 2010
CLIMATE RECORD PERIOD 1895 TO 2019


WEATHER ITEM   OBSERVED TIME   RECORD YEAR NORMAL DEPARTURE LAST
                VALUE   (LST)  VALUE       VALUE  FROM      YEAR
                                                  NORMAL
..................................................................
TEMPERATURE (F)
 YESTERDAY
  MAXIMUM         -8    255 PM  39    1898  15    -23       32
  MINIMUM        -31   1159 PM -40    1950  -7    -24       22
  AVERAGE        -19                         4    -23       27

PRECIPITATION (IN)
  YESTERDAY        0.00          0.47 1996   0.02  -0.02     0.07
  MONTH TO DATE    0.33                      0.40  -0.07     0.51
  SINCE DEC 1      1.16                      1.21  -0.05     1.67
  SINCE JAN 1      0.33                      0.40  -0.07     0.51

SNOWFALL (IN)
  YESTERDAY        0.0           7.8  1996   0.5   -0.5      1.0
  MONTH TO DATE    1.9                       9.4   -7.5      6.7
  SINCE DEC 1     13.7                      24.4  -10.7     23.1
  SINCE JUL 1     25.2                      40.4  -15.2     37.1
  SNOW DEPTH      12

DEGREE DAYS
 HEATING
  YESTERDAY       84                        61     23       38
  MONTH TO DATE  969                      1094   -125     1178
  SINCE DEC 1   2496                      2808   -312     3005
  SINCE JUL 1   5135                      5269   -134     5399

 COOLING
  YESTERDAY        0                         0      0        0
  MONTH TO DATE    0                         0      0        0
  SINCE DEC 1      0                         0      0        0
  SINCE JAN 1      0                         0      0        0
..................................................................


WIND (MPH)
  HIGHEST WIND SPEED    13   HIGHEST WIND DIRECTION     N (340)
  HIGHEST GUST SPEED    15   HIGHEST GUST DIRECTION    NW (330)
  AVERAGE WIND SPEED     4.3


SKY COVER
  AVERAGE SKY COVER 0.1


WEATHER CONDITIONS
 THE FOLLOWING WEATHER WAS RECORDED YESTERDAY.
  NO SIGNIFICANT WEATHER WAS OBSERVED.


RELATIVE HUMIDITY (PERCENT)
 HIGHEST    83          1200 AM
 LOWEST     47           300 PM
 AVERAGE    65

..........................................................


THE INTERNATIONAL FALLS MN CLIMATE NORMALS FOR TODAY
                         NORMAL    RECORD    YEAR
 MAXIMUM TEMPERATURE (F)   15        43      2018
 MINIMUM TEMPERATURE (F)   -7       -40      1963


SUNRISE AND SUNSET
JANUARY 19 2019.......SUNRISE   757 AM CST   SUNSET   451 PM CST
JANUARY 20 2019.......SUNRISE   757 AM CST   SUNSET   453 PM CST


-  INDICATES NEGATIVE NUMBERS.
R  INDICATES RECORD WAS SET OR TIED.
MM INDICATES DATA IS MISSING.
T  INDICATES TRACE AMOUNT.




$$
