000
CDUS43 KDLH 221245
CLIINL

CLIMATE REPORT
NATIONAL WEATHER SERVICE DULUTH MN
745 AM CDT THU OCT 22 2020

...................................

...THE INTERNATIONAL FALLS CLIMATE SUMMARY FOR OCTOBER 21 2020...

CLIMATE NORMAL PERIOD: 1981 TO 2010
CLIMATE RECORD PERIOD: 1895 TO 2020


WEATHER ITEM   OBSERVED TIME   RECORD YEAR NORMAL DEPARTURE LAST
                VALUE   (LST)  VALUE       VALUE  FROM      YEAR
                                                  NORMAL
...................................................................
TEMPERATURE (F)
 YESTERDAY
  MAXIMUM         33   4:10 PM  79    1953  49    -16       51
  MINIMUM         24  11:59 PM  14    1917  30     -6       42
  AVERAGE         29                        39    -10       47

PRECIPITATION (IN)
  YESTERDAY        0.02          2.00 1906   0.06  -0.04     0.82
  MONTH TO DATE    2.37                      1.50   0.87     4.47
  SINCE SEP 1      4.18                      4.49  -0.31    11.11
  SINCE JAN 1     19.46                     21.45  -1.99    30.07

SNOWFALL (IN)
  YESTERDAY       MM             3.0  1995   0.1   MM        0.0
  MONTH TO DATE    1.6                       1.0    0.6      0.7
  SINCE SEP 1      1.6                       1.1    0.5      0.7
  SINCE JUL 1      1.6                       1.1    0.5      0.7
  SNOW DEPTH      MM

DEGREE DAYS
 HEATING
  YESTERDAY       36                        26     10       18
  MONTH TO DATE  500                       459     41      409
  SINCE SEP 1    867                       812     55      702
  SINCE JUL 1    956                       993    -37      844

 COOLING
  YESTERDAY        0                         0      0        0
  MONTH TO DATE    0                         0      0        0
  SINCE SEP 1      2                        11     -9       23
  SINCE JAN 1    249                       192     57      179
...................................................................


WIND (MPH)
  HIGHEST WIND SPEED    14   HIGHEST WIND DIRECTION     W (270)
  HIGHEST GUST SPEED    20   HIGHEST GUST DIRECTION     W (260)
  AVERAGE WIND SPEED     5.5


SKY COVER
  AVERAGE SKY COVER 1.0


WEATHER CONDITIONS
THE FOLLOWING WEATHER WAS RECORDED YESTERDAY.
  LIGHT SNOW
  FOG


RELATIVE HUMIDITY (PERCENT)
 HIGHEST    96           5:00 AM
 LOWEST     78           3:00 PM
 AVERAGE    87

..........................................................


THE INTERNATIONAL FALLS CLIMATE NORMALS FOR TODAY
                         NORMAL    RECORD    YEAR
 MAXIMUM TEMPERATURE (F)   48        79      1920
 MINIMUM TEMPERATURE (F)   29         9      1913


SUNRISE AND SUNSET
OCTOBER 22 2020.......SUNRISE   7:45 AM CDT   SUNSET   6:10 PM CDT
OCTOBER 23 2020.......SUNRISE   7:47 AM CDT   SUNSET   6:08 PM CDT


-  INDICATES NEGATIVE NUMBERS.
R  INDICATES RECORD WAS SET OR TIED.
MM INDICATES DATA IS MISSING.
T  INDICATES TRACE AMOUNT.




$$
