000
CDUS43 KDLH 210722
CLIINL


CLIMATE REPORT
NATIONAL WEATHER SERVICE DULUTH MN
222 AM CDT MON OCT 21 2019


...................................

...THE INTERNATIONAL FALLS MN CLIMATE SUMMARY FOR OCTOBER 20 2019...

CLIMATE NORMAL PERIOD 1981 TO 2010
CLIMATE RECORD PERIOD 1895 TO 2019


WEATHER ITEM   OBSERVED TIME   RECORD YEAR NORMAL DEPARTURE LAST
                VALUE   (LST)  VALUE       VALUE  FROM      YEAR
                                                  NORMAL
..................................................................
TEMPERATURE (F)
 YESTERDAY
  MAXIMUM         60    238 PM  80    1953  49     11       36
  MINIMUM         28    711 AM  12    1952  30     -2       22
  AVERAGE         44                        40      4       29

PRECIPITATION (IN)
  YESTERDAY        T             1.00 1909   0.06  -0.06      T
  MONTH TO DATE    3.65                      1.44   2.21     2.65
  SINCE SEP 1     10.29                      4.43   5.86     6.31
  SINCE JAN 1     29.25                     21.39   7.86    21.92

SNOWFALL (IN)
  YESTERDAY        0.0           3.1  1991   0.1   -0.1       T
  MONTH TO DATE    0.7                       0.9   -0.2      3.1
  SINCE SEP 1      0.7                       1.0   -0.3      3.1
  SINCE JUL 1      0.7                       1.0   -0.3      3.1
  SNOW DEPTH       0

DEGREE DAYS
 HEATING
  YESTERDAY       21                        25     -4       36
  MONTH TO DATE  391                       433    -42      562
  SINCE SEP 1    684                       786   -102      905
  SINCE JUL 1    826                       967   -141     1035

 COOLING
  YESTERDAY        0                         0      0        0
  MONTH TO DATE    0                         0      0        0
  SINCE SEP 1     23                        11     12       11
  SINCE JAN 1    179                       192    -13      242
..................................................................


WIND (MPH)
  HIGHEST WIND SPEED     8   HIGHEST WIND DIRECTION     S (200)
  HIGHEST GUST SPEED    14   HIGHEST GUST DIRECTION     S (160)
  AVERAGE WIND SPEED     1.8


SKY COVER
  AVERAGE SKY COVER 0.0


WEATHER CONDITIONS
 THE FOLLOWING WEATHER WAS RECORDED YESTERDAY.
  NO SIGNIFICANT WEATHER WAS OBSERVED.


RELATIVE HUMIDITY (PERCENT)
 HIGHEST   100           400 AM
 LOWEST     37           300 PM
 AVERAGE    69

..........................................................


THE INTERNATIONAL FALLS MN CLIMATE NORMALS FOR TODAY
                         NORMAL    RECORD    YEAR
 MAXIMUM TEMPERATURE (F)   49        79      1953
 MINIMUM TEMPERATURE (F)   30        14      1917


SUNRISE AND SUNSET
OCTOBER 21 2019.......SUNRISE   742 AM CDT   SUNSET   613 PM CDT
OCTOBER 22 2019.......SUNRISE   744 AM CDT   SUNSET   611 PM CDT


-  INDICATES NEGATIVE NUMBERS.
R  INDICATES RECORD WAS SET OR TIED.
MM INDICATES DATA IS MISSING.
T  INDICATES TRACE AMOUNT.




$$
