000
CDUS43 KDLH 190628
CLIINL


CLIMATE REPORT
NATIONAL WEATHER SERVICE DULUTH MN
128 AM CDT THU JUL 19 2018


...................................

...THE INTERNATIONAL FALLS MN CLIMATE SUMMARY FOR JULY 18 2018...

CLIMATE NORMAL PERIOD 1981 TO 2010
CLIMATE RECORD PERIOD 1895 TO 2018


WEATHER ITEM   OBSERVED TIME   RECORD YEAR NORMAL DEPARTURE LAST
                VALUE   (LST)  VALUE       VALUE  FROM      YEAR
                                                  NORMAL
..................................................................
TEMPERATURE (F)
 YESTERDAY
  MAXIMUM         82    516 PM  98    1916  78      4       78
  MINIMUM         45    324 AM  38    1912  53     -8       53
  AVERAGE         64                        66     -2       66

PRECIPITATION (IN)
  YESTERDAY        0.00          2.15 2013   0.11  -0.11      T
  MONTH TO DATE    2.22                      2.37  -0.15     2.10
  SINCE JUN 1      6.25                      6.29  -0.04     5.89
  SINCE JAN 1     12.35                     12.82  -0.47    12.51

SNOWFALL (IN)
  YESTERDAY        0.0           0.0  2002   0.0    0.0      0.0
                                      2001
  MONTH TO DATE    T                         0.0    0.0      0.0
  SINCE JUN 1      T                         0.0    0.0      0.0
  SINCE JUL 1      T                         0.0    0.0      0.0
  SNOW DEPTH       0

DEGREE DAYS
 HEATING
  YESTERDAY        1                         2     -1        0
  MONTH TO DATE   16                        43    -27       60
  SINCE JUN 1    111                       207    -96      184
  SINCE JUL 1     16                        43    -27       60

 COOLING
  YESTERDAY        0                         3     -3        1
  MONTH TO DATE   69                        45     24       23
  SINCE JUN 1    123                        83     40       35
  SINCE JAN 1    158                        92     66       35
..................................................................


WIND (MPH)
  HIGHEST WIND SPEED    10   HIGHEST WIND DIRECTION    SW (210)
  HIGHEST GUST SPEED    16   HIGHEST GUST DIRECTION     W (270)
  AVERAGE WIND SPEED     2.7


SKY COVER
  AVERAGE SKY COVER 0.0


WEATHER CONDITIONS
 THE FOLLOWING WEATHER WAS RECORDED YESTERDAY.
  FOG


RELATIVE HUMIDITY (PERCENT)
 HIGHEST   100          1200 AM
 LOWEST     42           100 PM
 AVERAGE    71

..........................................................


THE INTERNATIONAL FALLS MN CLIMATE NORMALS FOR TODAY
                         NORMAL    RECORD    YEAR
 MAXIMUM TEMPERATURE (F)   78       100      1923
 MINIMUM TEMPERATURE (F)   53        37      2009


SUNRISE AND SUNSET
JULY 19 2018..........SUNRISE   532 AM CDT   SUNSET   907 PM CDT
JULY 20 2018..........SUNRISE   533 AM CDT   SUNSET   906 PM CDT


-  INDICATES NEGATIVE NUMBERS.
R  INDICATES RECORD WAS SET OR TIED.
MM INDICATES DATA IS MISSING.
T  INDICATES TRACE AMOUNT.




$$
