000
CDUS43 KDLH 190640
CLIINL


CLIMATE REPORT
NATIONAL WEATHER SERVICE DULUTH MN
128 AM CDT FRI OCT 19 2018


...................................

...THE INTERNATIONAL FALLS MN CLIMATE SUMMARY FOR OCTOBER 18 2018...

CLIMATE NORMAL PERIOD 1981 TO 2010
CLIMATE RECORD PERIOD 1895 TO 2018


WEATHER ITEM   OBSERVED TIME   RECORD YEAR NORMAL DEPARTURE LAST
                VALUE   (LST)  VALUE       VALUE  FROM      YEAR
                                                  NORMAL
..................................................................
TEMPERATURE (F)
 YESTERDAY
  MAXIMUM         70    340 PM  81    1910  50     20       65
  MINIMUM         29   1212 AM  16    1992  31     -2       47
  AVERAGE         50                        40     10       56

PRECIPITATION (IN)
  YESTERDAY        0.00          2.16 1965   0.06  -0.06     0.00
  MONTH TO DATE    2.65                      1.31   1.34     0.82
  SINCE SEP 1      6.31                      4.30   2.01     3.89
  SINCE JAN 1     21.92                     21.26   0.66    20.63

SNOWFALL (IN)
  YESTERDAY        0.0           1.5  1996   0.1   -0.1      0.0
  MONTH TO DATE    3.1                       0.7    2.4      0.0
  SINCE SEP 1      3.1                       0.8    2.3      0.0
  SINCE JUL 1      3.1                       0.8    2.3      0.0
  SNOW DEPTH       0

DEGREE DAYS
 HEATING
  YESTERDAY       15                        25    -10        9
  MONTH TO DATE  507                       383    124      334
  SINCE SEP 1    850                       736    114      603
  SINCE JUL 1    980                       917     63      814

 COOLING
  YESTERDAY        0                         0      0        0
  MONTH TO DATE    0                         0      0        0
  SINCE SEP 1     11                        11      0        7
  SINCE JAN 1    242                       192     50       86
..................................................................


WIND (MPH)
  HIGHEST WIND SPEED    20   HIGHEST WIND DIRECTION    SW (240)
  HIGHEST GUST SPEED    26   HIGHEST GUST DIRECTION    SW (240)
  AVERAGE WIND SPEED    9.9


SKY COVER
  AVERAGE SKY COVER 0.0


WEATHER CONDITIONS
 THE FOLLOWING WEATHER WAS RECORDED YESTERDAY.
  NO SIGNIFICANT WEATHER WAS OBSERVED.


RELATIVE HUMIDITY (PERCENT)
 HIGHEST    76           700 AM
 LOWEST     30           100 PM
 AVERAGE    53

..........................................................


THE INTERNATIONAL FALLS MN CLIMATE NORMALS FOR TODAY
                         NORMAL    RECORD    YEAR
 MAXIMUM TEMPERATURE (F)   50        77      1953
 MINIMUM TEMPERATURE (F)   30        12      1972


SUNRISE AND SUNSET
OCTOBER 19 2018.......SUNRISE   740 AM CDT   SUNSET   616 PM CDT
OCTOBER 20 2018.......SUNRISE   741 AM CDT   SUNSET   615 PM CDT


-  INDICATES NEGATIVE NUMBERS.
R  INDICATES RECORD WAS SET OR TIED.
MM INDICATES DATA IS MISSING.
T  INDICATES TRACE AMOUNT.




$$
