733
CDUS45 KFGZ 240058
CLIINW


CLIMATE REPORT
NATIONAL WEATHER SERVICE FLAGSTAFF, AZ
558 PM MST WED OCT 23 2019


...................................

...THE WINSLOW AZ AIRPORT CLIMATE SUMMARY FOR OCTOBER 23 2019...
VALID TODAY AS OF 0500 PM LOCAL TIME.

CLIMATE NORMAL PERIOD 1981 TO 2010
CLIMATE RECORD PERIOD 1915 TO 2019


WEATHER ITEM   OBSERVED TIME   RECORD YEAR NORMAL DEPARTURE LAST
                VALUE   (LST)  VALUE       VALUE  FROM      YEAR
                                                  NORMAL
..................................................................
TEMPERATURE (F)
 TODAY
  MAXIMUM         73    252 PM  84    2003  71      2       60
  MINIMUM         31    636 AM  21    2008  36     -5       48
                                      1995
  AVERAGE         52                        54     -2       54

PRECIPITATION (IN)
  TODAY            0.00          0.46 2018   0.01  -0.01     0.46
  MONTH TO DATE    0.00                      0.40  -0.40     3.13
  SINCE OCT 1      0.00                      0.40  -0.40     3.13
  SINCE JAN 1      3.99                      5.81  -1.82     6.56

DEGREE DAYS
 HEATING
  TODAY           13                        11      2       11
  MONTH TO DATE  185                       170     15      198
  SINCE JUL 1    198                       201     -3      198

 COOLING
  TODAY            0                         0      0        0
  MONTH TO DATE    3                         6     -3        7
  SINCE JAN 1   1478                      1207    271     1663
..................................................................


WIND (MPH)
  HIGHEST WIND SPEED    15   HIGHEST WIND DIRECTION    NW (330)
  HIGHEST GUST SPEED    19   HIGHEST GUST DIRECTION    NW (330)
  AVERAGE WIND SPEED     4.5


SKY COVER
  POSSIBLE SUNSHINE  MM
  AVERAGE SKY COVER 0.0


WEATHER CONDITIONS
 THE FOLLOWING WEATHER WAS RECORDED TODAY.
  NO SIGNIFICANT WEATHER WAS OBSERVED.


RELATIVE HUMIDITY (PERCENT)
 HIGHEST    47           400 AM
 LOWEST     14           400 PM
 AVERAGE    31

..........................................................


THE WINSLOW AZ AIRPORT CLIMATE NORMALS FOR TOMORROW
                         NORMAL    RECORD    YEAR
 MAXIMUM TEMPERATURE (F)   70        84      2014
 MINIMUM TEMPERATURE (F)   36        16      1980


SUNRISE AND SUNSET
OCTOBER 23 2019.......SUNRISE   636 AM MST   SUNSET   538 PM MST
OCTOBER 24 2019.......SUNRISE   636 AM MST   SUNSET   537 PM MST


-  INDICATES NEGATIVE NUMBERS.
R  INDICATES RECORD WAS SET OR TIED.
MM INDICATES DATA IS MISSING.
T  INDICATES TRACE AMOUNT.




$$
