000
CDUS45 KFGZ 220740
CLIINW


CLIMATE REPORT
NATIONAL WEATHER SERVICE FLAGSTAFF, AZ
1240 AM MST SUN APR 22 2018


...................................

...THE WINSLOW AZ AIRPORT CLIMATE SUMMARY FOR APRIL 21 2018...

CLIMATE NORMAL PERIOD 1981 TO 2010
CLIMATE RECORD PERIOD 1915 TO 2018


WEATHER ITEM   OBSERVED TIME   RECORD YEAR NORMAL DEPARTURE LAST
                VALUE   (LST)  VALUE       VALUE  FROM      YEAR
                                                  NORMAL
..................................................................
TEMPERATURE (F)
 YESTERDAY
  MAXIMUM         74    341 PM  89    1989  73      1       76
                                      1965
                                      1930
  MINIMUM         30    543 AM  22    1977  38     -8       35
  AVERAGE         52                        56     -4       56

PRECIPITATION (IN)
  YESTERDAY        0.00          0.14 1985   0.01  -0.01     0.00
  MONTH TO DATE    0.08                      0.20  -0.12     0.11
  SINCE SEP 1      0.54                      4.20  -3.66     4.82
  SINCE JAN 1      0.31                      1.72  -1.41     1.74

DEGREE DAYS
 HEATING
  YESTERDAY       13                         9      4        9
  MONTH TO DATE  180                       256    -76      210
  SINCE JUL 1   3773                      4309   -536     3416

 COOLING
  YESTERDAY        0                         0      0        0
  MONTH TO DATE    7                         0      7        0
  SINCE JAN 1      7                         0      7        0
..................................................................


WIND (MPH)
  HIGHEST WIND SPEED    14   HIGHEST WIND DIRECTION    NW (310)
  HIGHEST GUST SPEED    20   HIGHEST GUST DIRECTION     N (340)
  AVERAGE WIND SPEED     5.8


SKY COVER
  POSSIBLE SUNSHINE  MM
  AVERAGE SKY COVER 0.0


WEATHER CONDITIONS
 THE FOLLOWING WEATHER WAS RECORDED YESTERDAY.
  NO SIGNIFICANT WEATHER WAS OBSERVED.


RELATIVE HUMIDITY (PERCENT)
 HIGHEST    92           500 AM
 LOWEST     17           400 PM
 AVERAGE    55

..........................................................


THE WINSLOW AZ AIRPORT CLIMATE NORMALS FOR TODAY
                         NORMAL    RECORD    YEAR
 MAXIMUM TEMPERATURE (F)   74        90      2012
 MINIMUM TEMPERATURE (F)   39        20      1963


SUNRISE AND SUNSET
APRIL 22 2018.........SUNRISE   542 AM MST   SUNSET   701 PM MST
APRIL 23 2018.........SUNRISE   541 AM MST   SUNSET   702 PM MST


-  INDICATES NEGATIVE NUMBERS.
R  INDICATES RECORD WAS SET OR TIED.
MM INDICATES DATA IS MISSING.
T  INDICATES TRACE AMOUNT.




$$
