000
CDUS45 KFGZ 250745
CLIINW


CLIMATE REPORT
NATIONAL WEATHER SERVICE FLAGSTAFF, AZ
1245 AM MST MON MAY 25 2020


...................................

...THE WINSLOW AZ AIRPORT CLIMATE SUMMARY FOR MAY 24 2020...

CLIMATE NORMAL PERIOD 1981 TO 2010
CLIMATE RECORD PERIOD 1915 TO 2020


WEATHER ITEM   OBSERVED TIME   RECORD YEAR NORMAL DEPARTURE LAST
                VALUE   (LST)  VALUE       VALUE  FROM      YEAR
                                                  NORMAL
..................................................................
TEMPERATURE (F)
 YESTERDAY
  MAXIMUM         79    402 PM  96    2000  84     -5       77
  MINIMUM         43    519 AM  32    2019  47     -4       32
                                      1930
  AVERAGE         61                        66     -5       55

PRECIPITATION (IN)
  YESTERDAY        0.00          0.72 1979   0.01  -0.01     0.00
  MONTH TO DATE    0.07                      0.26  -0.19     0.50
  SINCE OCT 1      6.49                      3.64   2.85     6.46
  SINCE JAN 1      3.52                      2.04   1.48     2.57

DEGREE DAYS
 HEATING
  YESTERDAY        4                         2      2       10
  MONTH TO DATE   25                        96    -71      157
  SINCE JUL 1   4176                      4475   -299     4392

 COOLING
  YESTERDAY        0                         3     -3        0
  MONTH TO DATE   50                        39     11        9
  SINCE JAN 1     69                        43     26       19
..................................................................


WIND (MPH)
  HIGHEST WIND SPEED    18   HIGHEST WIND DIRECTION     N (340)
  HIGHEST GUST SPEED    24   HIGHEST GUST DIRECTION     N (340)
  AVERAGE WIND SPEED     8.1


SKY COVER
  POSSIBLE SUNSHINE  MM
  AVERAGE SKY COVER 0.0


WEATHER CONDITIONS
 THE FOLLOWING WEATHER WAS RECORDED YESTERDAY.
  NO SIGNIFICANT WEATHER WAS OBSERVED.


RELATIVE HUMIDITY (PERCENT)
 HIGHEST    40           500 AM
 LOWEST      8           400 PM
 AVERAGE    24

..........................................................


THE WINSLOW AZ AIRPORT CLIMATE NORMALS FOR TODAY
                         NORMAL    RECORD    YEAR
 MAXIMUM TEMPERATURE (F)   85        95      1958
 MINIMUM TEMPERATURE (F)   48        29      1980


SUNRISE AND SUNSET
MAY 25 2020...........SUNRISE   513 AM MST   SUNSET   728 PM MST
MAY 26 2020...........SUNRISE   512 AM MST   SUNSET   728 PM MST


-  INDICATES NEGATIVE NUMBERS.
R  INDICATES RECORD WAS SET OR TIED.
MM INDICATES DATA IS MISSING.
T  INDICATES TRACE AMOUNT.




$$
