000
CDUS45 KFGZ 230057
CLIINW


CLIMATE REPORT
NATIONAL WEATHER SERVICE FLAGSTAFF, AZ
557 PM MST MON OCT 22 2018


...................................

...THE WINSLOW AZ AIRPORT CLIMATE SUMMARY FOR OCTOBER 22 2018...
VALID TODAY AS OF 0500 PM LOCAL TIME.

CLIMATE NORMAL PERIOD 1981 TO 2010
CLIMATE RECORD PERIOD 1915 TO 2018


WEATHER ITEM   OBSERVED TIME   RECORD YEAR NORMAL DEPARTURE LAST
                VALUE   (LST)  VALUE       VALUE  FROM      YEAR
                                                  NORMAL
..................................................................
TEMPERATURE (F)
 TODAY
  MAXIMUM         77    140 PM  86    2016  71      6       73
  MINIMUM         48    654 AM  18    1996  37     11       28
  AVERAGE         63                        54      9       51

PRECIPITATION (IN)
  TODAY            0.00          0.42 1978   0.02  -0.02     0.00
  MONTH TO DATE    2.67                      0.39   2.28     0.01
  SINCE OCT 1      2.67                      0.39   2.28     0.01
  SINCE JAN 1      6.10                      5.80   0.30     4.25

DEGREE DAYS
 HEATING
  TODAY            2                        11     -9       14
  MONTH TO DATE  187                       159     28      142
  SINCE JUL 1    187                       190     -3      193

 COOLING
  TODAY            0                         0      0        0
  MONTH TO DATE    7                         6      1       10
  SINCE JAN 1   1663                      1207    456     1443
..................................................................


WIND (MPH)
  HIGHEST WIND SPEED    26   HIGHEST WIND DIRECTION     S (200)
  HIGHEST GUST SPEED    33   HIGHEST GUST DIRECTION     S (200)
  AVERAGE WIND SPEED    10.4


SKY COVER
  POSSIBLE SUNSHINE  MM
  AVERAGE SKY COVER 0.2


WEATHER CONDITIONS
 THE FOLLOWING WEATHER WAS RECORDED TODAY.
  THUNDERSTORM


RELATIVE HUMIDITY (PERCENT)
 HIGHEST    80           400 AM
 LOWEST     29           300 PM
 AVERAGE    55

..........................................................


THE WINSLOW AZ AIRPORT CLIMATE NORMALS FOR TOMORROW
                         NORMAL    RECORD    YEAR
 MAXIMUM TEMPERATURE (F)   71        84      2003
 MINIMUM TEMPERATURE (F)   36        21      2008
                                             1995


SUNRISE AND SUNSET
OCTOBER 22 2018.......SUNRISE   635 AM MST   SUNSET   539 PM MST
OCTOBER 23 2018.......SUNRISE   636 AM MST   SUNSET   538 PM MST


-  INDICATES NEGATIVE NUMBERS.
R  INDICATES RECORD WAS SET OR TIED.
MM INDICATES DATA IS MISSING.
T  INDICATES TRACE AMOUNT.




$$
