000
CDUS45 KFGZ 300740
CLIINW


CLIMATE REPORT
NATIONAL WEATHER SERVICE FLAGSTAFF, AZ
1240 AM MST FRI OCT 30 2020


...................................

...THE WINSLOW AZ AIRPORT CLIMATE SUMMARY FOR OCTOBER 29 2020...

CLIMATE NORMAL PERIOD 1981 TO 2010
CLIMATE RECORD PERIOD 1915 TO 2020


WEATHER ITEM   OBSERVED TIME   RECORD YEAR NORMAL DEPARTURE LAST
                VALUE   (LST)  VALUE       VALUE  FROM      YEAR
                                                  NORMAL
..................................................................
TEMPERATURE (F)
 YESTERDAY
  MAXIMUM         66    436 PM  86    1950  68     -2       64
  MINIMUM         26    706 AM  18    1917  34     -8       26
  AVERAGE         46                        51     -5       45

PRECIPITATION (IN)
  YESTERDAY        0.00          0.87 1987   0.02  -0.02     0.00
  MONTH TO DATE    0.16                      0.50  -0.34      T
  SINCE OCT 1      0.16                      0.50  -0.34      T
  SINCE JAN 1      4.15                      5.91  -1.76     3.99

DEGREE DAYS
 HEATING
  YESTERDAY       19                        14      5       20
  MONTH TO DATE  165                       247    -82      287
  SINCE JUL 1    203                       278    -75      300

 COOLING
  YESTERDAY        0                         0      0        0
  MONTH TO DATE    3                         6     -3        3
  SINCE JAN 1   1616                      1207    409     1478
..................................................................


WIND (MPH)
  HIGHEST WIND SPEED     9   HIGHEST WIND DIRECTION     E (110)
  HIGHEST GUST SPEED    13   HIGHEST GUST DIRECTION     E (100)
  AVERAGE WIND SPEED     4.0


SKY COVER
  POSSIBLE SUNSHINE  MM
  AVERAGE SKY COVER 0.0


WEATHER CONDITIONS
 THE FOLLOWING WEATHER WAS RECORDED YESTERDAY.
  HAZE


RELATIVE HUMIDITY (PERCENT)
 HIGHEST    92           400 AM
 LOWEST     24           400 PM
 AVERAGE    58

..........................................................


THE WINSLOW AZ AIRPORT CLIMATE NORMALS FOR TODAY
                         NORMAL    RECORD    YEAR
 MAXIMUM TEMPERATURE (F)   68        82      2016
                                             2001
                                             1950
 MINIMUM TEMPERATURE (F)   34        15      2019


SUNRISE AND SUNSET
OCTOBER 30 2020.......SUNRISE   643 AM MST   SUNSET   530 PM MST
OCTOBER 31 2020.......SUNRISE   644 AM MST   SUNSET   529 PM MST


-  INDICATES NEGATIVE NUMBERS.
R  INDICATES RECORD WAS SET OR TIED.
MM INDICATES DATA IS MISSING.
T  INDICATES TRACE AMOUNT.




$$
