000
CDUS45 KFGZ 160749
CLIINW


CLIMATE REPORT
NATIONAL WEATHER SERVICE FLAGSTAFF, AZ
1248 AM MST SAT FEB 16 2019


...................................

...THE WINSLOW AZ AIRPORT CLIMATE SUMMARY FOR FEBRUARY 15 2019...

CLIMATE NORMAL PERIOD 1981 TO 2010
CLIMATE RECORD PERIOD 1915 TO 2019


WEATHER ITEM   OBSERVED TIME   RECORD YEAR NORMAL DEPARTURE LAST
                VALUE   (LST)  VALUE       VALUE  FROM      YEAR
                                                  NORMAL
..................................................................
TEMPERATURE (F)
 YESTERDAY
  MAXIMUM         64    322 PM  79    2014  56      8       59
  MINIMUM         40    724 AM   6    1964  25     15       41
  AVERAGE         52                        40     12       50

PRECIPITATION (IN)
  YESTERDAY        0.00          0.52 2008   0.01  -0.01      T
  MONTH TO DATE    0.16                      0.25  -0.09     0.01
  SINCE OCT 1      4.39                      2.37   2.02     0.06
  SINCE JAN 1      0.50                      0.77  -0.27     0.04

DEGREE DAYS
 HEATING
  YESTERDAY       13                        25    -12       15
  MONTH TO DATE  342                       393    -51      297
  SINCE JUL 1   3136                      3196    -60     2664

 COOLING
  YESTERDAY        0                         0      0        0
  MONTH TO DATE    0                         0      0        0
  SINCE JAN 1      0                         0      0        0
..................................................................


WIND (MPH)
  HIGHEST WIND SPEED    37   HIGHEST WIND DIRECTION    SW (230)
  HIGHEST GUST SPEED    46   HIGHEST GUST DIRECTION    SW (230)
  AVERAGE WIND SPEED    14.5


SKY COVER
  POSSIBLE SUNSHINE  MM
  AVERAGE SKY COVER 0.0


WEATHER CONDITIONS
 THE FOLLOWING WEATHER WAS RECORDED YESTERDAY.
  NO SIGNIFICANT WEATHER WAS OBSERVED.


RELATIVE HUMIDITY (PERCENT)
 HIGHEST    63          1200 AM
 LOWEST     19           100 PM
 AVERAGE    41

..........................................................


THE WINSLOW AZ AIRPORT CLIMATE NORMALS FOR TODAY
                         NORMAL    RECORD    YEAR
 MAXIMUM TEMPERATURE (F)   56        74      2014
 MINIMUM TEMPERATURE (F)   25        10      1921


SUNRISE AND SUNSET
FEBRUARY 16 2019......SUNRISE   708 AM MST   SUNSET   606 PM MST
FEBRUARY 17 2019......SUNRISE   707 AM MST   SUNSET   607 PM MST


-  INDICATES NEGATIVE NUMBERS.
R  INDICATES RECORD WAS SET OR TIED.
MM INDICATES DATA IS MISSING.
T  INDICATES TRACE AMOUNT.




$$
