000
CDUS45 KFGZ 180110
CLIINW


CLIMATE REPORT
NATIONAL WEATHER SERVICE FLAGSTAFF, AZ
610 PM MST TUE JUL 17 2018


...................................

...THE WINSLOW AZ AIRPORT CLIMATE SUMMARY FOR JULY 17 2018...
VALID TODAY AS OF 0500 PM LOCAL TIME.

CLIMATE NORMAL PERIOD 1981 TO 2010
CLIMATE RECORD PERIOD 1915 TO 2018


WEATHER ITEM   OBSERVED TIME   RECORD YEAR NORMAL DEPARTURE LAST
                VALUE   (LST)  VALUE       VALUE  FROM      YEAR
                                                  NORMAL
..................................................................
TEMPERATURE (F)
 TODAY
  MAXIMUM         94    346 PM 105    2009  95     -1       98
                                      2005
                                      1925
  MINIMUM         69    633 AM  54    1943  63      6       65
                                      1920
  AVERAGE         82                        79      3       82

PRECIPITATION (IN)
  TODAY            0.12          1.09 1957   0.04   0.08     0.10
  MONTH TO DATE    0.56                      0.47   0.09     0.17
  SINCE SEP 1      1.49                      5.24  -3.75     5.39
  SINCE JAN 1      1.26                      2.76  -1.50     2.31

DEGREE DAYS
 HEATING
  TODAY            0                         0      0        0
  MONTH TO DATE    0                         0      0        0
  SINCE JUL 1      0                         0      0        0

 COOLING
  TODAY           17                        14      3       17
  MONTH TO DATE  269                       223     46      274
  SINCE JAN 1    747                       531    216      680
..................................................................


WIND (MPH)
  HIGHEST WIND SPEED    31   HIGHEST WIND DIRECTION    SE (130)
  HIGHEST GUST SPEED    41   HIGHEST GUST DIRECTION    SE (120)
  AVERAGE WIND SPEED     7.7


SKY COVER
  POSSIBLE SUNSHINE  MM
  AVERAGE SKY COVER 0.3


WEATHER CONDITIONS
 THE FOLLOWING WEATHER WAS RECORDED TODAY.
  THUNDERSTORM
  HEAVY RAIN
  LIGHT RAIN


RELATIVE HUMIDITY (PERCENT)
 HIGHEST    73           400 AM
 LOWEST     29           200 PM
 AVERAGE    51

..........................................................


THE WINSLOW AZ AIRPORT CLIMATE NORMALS FOR TOMORROW
                         NORMAL    RECORD    YEAR
 MAXIMUM TEMPERATURE (F)   95       105      2005
 MINIMUM TEMPERATURE (F)   63        52      1940


SUNRISE AND SUNSET
JULY 17 2018..........SUNRISE   522 AM MST   SUNSET   736 PM MST
JULY 18 2018..........SUNRISE   522 AM MST   SUNSET   736 PM MST


-  INDICATES NEGATIVE NUMBERS.
R  INDICATES RECORD WAS SET OR TIED.
MM INDICATES DATA IS MISSING.
T  INDICATES TRACE AMOUNT.




$$
