000
CDUS43 KDVN 181022
CLIIOW


CLIMATE REPORT
NATIONAL WEATHER SERVICE QUAD CITIES IA IL
421 AM CST TUE FEB 18 2020


...................................

...THE IOWA CITY IA CLIMATE SUMMARY FOR FEBRUARY 17 2020...

CLIMATE NORMAL PERIOD 1981 TO 2010
CLIMATE RECORD PERIOD 9999 TO 9999


WEATHER ITEM   OBSERVED TIME   RECORD YEAR NORMAL DEPARTURE LAST
                VALUE   (LST)  VALUE       VALUE  FROM      YEAR
                                                  NORMAL
..................................................................
TEMPERATURE (F)
 YESTERDAY
  MAXIMUM         40    421 PM  MM      MM  35      5       27
  MINIMUM         33   1243 AM  MM      MM  19     14       23
  AVERAGE         37                        27     10       25

PRECIPITATION (IN)
  YESTERDAY        0.08         MM      MM   0.04   0.04     0.20
  MONTH TO DATE    0.24                      0.70  -0.46     1.27
  SINCE DEC 1      3.28                      3.14   0.14     5.16
  SINCE JAN 1      1.97                      1.62   0.35     2.78

DEGREE DAYS
 HEATING
  YESTERDAY       28                        38    -10       40
  MONTH TO DATE  618                       686    -68      746
  SINCE DEC 1   2766                      3246   -480     3220
  SINCE JUL 1   4152                      4553   -401     4712

 COOLING
  YESTERDAY        0                         0      0        0
  MONTH TO DATE    0                         0      0        0
  SINCE DEC 1      0                         0      0        0
  SINCE JAN 1      0                         0      0        0
..................................................................


WIND (MPH)
  HIGHEST WIND SPEED    22   HIGHEST WIND DIRECTION     W (290)
  HIGHEST GUST SPEED    30   HIGHEST GUST DIRECTION     W (290)
  AVERAGE WIND SPEED     6.5


SKY COVER
  POSSIBLE SUNSHINE  MM
  AVERAGE SKY COVER 1.0


WEATHER CONDITIONS
 THE FOLLOWING WEATHER WAS RECORDED YESTERDAY.
  LIGHT RAIN
  FOG
  FOG W/VISIBILITY <= 1/4 MILE


RELATIVE HUMIDITY (PERCENT)
 HIGHEST    92           600 PM
 LOWEST     75          1200 AM
 AVERAGE    84

..........................................................


THE IOWA CITY IA CLIMATE NORMALS FOR TODAY
                         NORMAL    RECORD    YEAR
 MAXIMUM TEMPERATURE (F)   35        MM        MM
 MINIMUM TEMPERATURE (F)   19        MM        MM


SUNRISE AND SUNSET
FEBRUARY 18 2020......SUNRISE   658 AM CST   SUNSET   543 PM CST
FEBRUARY 19 2020......SUNRISE   657 AM CST   SUNSET   544 PM CST


-  INDICATES NEGATIVE NUMBERS.
R  INDICATES RECORD WAS SET OR TIED.
MM INDICATES DATA IS MISSING.
T  INDICATES TRACE AMOUNT.




$$
