408
CDUS43 KDVN 142127
CLIIOW


CLIMATE REPORT
NATIONAL WEATHER SERVICE QUAD CITIES IA IL
422 PM CDT MON OCT 14 2019


...................................

...THE IOWA CITY IA CLIMATE SUMMARY FOR OCTOBER 14 2019...
VALID TODAY AS OF 0400 PM LOCAL TIME.

CLIMATE NORMAL PERIOD 1981 TO 2010
CLIMATE RECORD PERIOD 9999 TO 9999


WEATHER ITEM   OBSERVED TIME   RECORD YEAR NORMAL DEPARTURE LAST
                VALUE   (LST)  VALUE       VALUE  FROM      YEAR
                                                  NORMAL
..................................................................
TEMPERATURE (F)
 TODAY
  MAXIMUM         60    259 PM  MM      MM  64     -4       52
  MINIMUM         33    557 AM  MM      MM  42     -9       36
  AVERAGE         47                        53     -6       44

PRECIPITATION (IN)
  TODAY           MM            MM      MM   0.11  MM        0.03
  MONTH TO DATE    1.60                      1.26   0.34     7.03
  SINCE SEP 1      9.09                      4.65   4.44    14.08
  SINCE JAN 1     38.57                     30.80   7.77    43.09

DEGREE DAYS
 HEATING
  TODAY           18                        13      5       21
  MONTH TO DATE  147                       147      0      143
  SINCE SEP 1    154                       251    -97      217
  SINCE JUL 1    154                       259   -105      217

 COOLING
  TODAY            0                         0      0        0
  MONTH TO DATE   18                        10      8       23
  SINCE SEP 1    220                        90    130      172
  SINCE JAN 1   1175                       912    263     1273
..................................................................


WIND (MPH)
  HIGHEST WIND SPEED    10   HIGHEST WIND DIRECTION     S (200)
  HIGHEST GUST SPEED    14   HIGHEST GUST DIRECTION     W (250)
  AVERAGE WIND SPEED     2.7


SKY COVER
  POSSIBLE SUNSHINE  MM
  AVERAGE SKY COVER 0.0


WEATHER CONDITIONS
 THE FOLLOWING WEATHER WAS RECORDED TODAY.
  NO SIGNIFICANT WEATHER WAS OBSERVED.


RELATIVE HUMIDITY (PERCENT)
 HIGHEST    89           100 AM
 LOWEST     40           300 PM
 AVERAGE    65

..........................................................


THE IOWA CITY IA CLIMATE NORMALS FOR TOMORROW
                         NORMAL    RECORD    YEAR
 MAXIMUM TEMPERATURE (F)   63        MM        MM
 MINIMUM TEMPERATURE (F)   41        MM        MM


SUNRISE AND SUNSET
OCTOBER 14 2019.......SUNRISE   717 AM CDT   SUNSET   627 PM CDT
OCTOBER 15 2019.......SUNRISE   718 AM CDT   SUNSET   625 PM CDT


-  INDICATES NEGATIVE NUMBERS.
R  INDICATES RECORD WAS SET OR TIED.
MM INDICATES DATA IS MISSING.
T  INDICATES TRACE AMOUNT.




$$
