000
CDUS41 KCTP 192118
CLIIPT


CLIMATE REPORT
NATIONAL WEATHER SERVICE STATE COLLEGE PA
518 PM EDT SUN AUG 19 2018


...................................

...THE WILLIAMSPORT PA CLIMATE SUMMARY FOR AUGUST 19 2018...
VALID TODAY AS OF 0500 PM LOCAL TIME.

CLIMATE NORMAL PERIOD 1981 TO 2010
CLIMATE RECORD PERIOD 1895 TO 2018


WEATHER ITEM   OBSERVED TIME   RECORD YEAR NORMAL DEPARTURE LAST
                VALUE   (LST)  VALUE       VALUE  FROM      YEAR
                                                  NORMAL
..................................................................
TEMPERATURE (F)
 TODAY
  MAXIMUM         77   1258 PM  94    1899  81     -4       85
  MINIMUM         65    604 AM  47    1963  61      4       65
                                      1953
                                      1907
  AVERAGE         71                        71      0       75

PRECIPITATION (IN)
  TODAY            0.01          2.07 1989   0.12  -0.11     0.01
  MONTH TO DATE    8.50                      2.40   6.10     4.83
  SINCE JUN 1     22.94                     10.66  12.28    15.98
  SINCE JAN 1     44.45                     25.57  18.88    35.10

DEGREE DAYS
 HEATING
  TODAY            0                         0      0        0
  MONTH TO DATE    0                         0      0        0
  SINCE JUN 1     16                        41    -25       21
  SINCE JUL 1      0                         4     -4        0

 COOLING
  TODAY            6                         6      0       10
  MONTH TO DATE  216                       136     80      148
  SINCE JUN 1    654                       526    128      644
  SINCE JAN 1    755                       569    186      694
..................................................................


WIND (MPH)
  HIGHEST WIND SPEED     9   HIGHEST WIND DIRECTION     E (90)
  HIGHEST GUST SPEED    11   HIGHEST GUST DIRECTION     E (100)
  AVERAGE WIND SPEED     3.9


SKY COVER
  POSSIBLE SUNSHINE  MM
  AVERAGE SKY COVER 1.0


WEATHER CONDITIONS
 THE FOLLOWING WEATHER WAS RECORDED TODAY.
  LIGHT RAIN
  FOG


RELATIVE HUMIDITY (PERCENT)
 HIGHEST    93           800 AM
 LOWEST     60           100 PM
 AVERAGE    77

..........................................................


THE WILLIAMSPORT PA CLIMATE NORMALS FOR TOMORROW
                         NORMAL    RECORD    YEAR
 MAXIMUM TEMPERATURE (F)   81        95      1962
                                             1955
 MINIMUM TEMPERATURE (F)   61        42      1944


SUNRISE AND SUNSET
AUGUST 19 2018........SUNRISE   621 AM EDT   SUNSET   801 PM EDT
AUGUST 20 2018........SUNRISE   622 AM EDT   SUNSET   759 PM EDT


-  INDICATES NEGATIVE NUMBERS.
R  INDICATES RECORD WAS SET OR TIED.
MM INDICATES DATA IS MISSING.
T  INDICATES TRACE AMOUNT.




$$
