860
CDUS41 KCTP 150630
CLIIPT

CLIMATE REPORT
NATIONAL WEATHER SERVICE STATE COLLEGE PA
230 AM EDT TUE JUN 15 2021

...................................

...THE WILLIAMSPORT PA CLIMATE SUMMARY FOR JUNE 14 2021...

CLIMATE NORMAL PERIOD 1991 TO 2020
CLIMATE RECORD PERIOD 1895 TO 2021


WEATHER ITEM   OBSERVED TIME   RECORD YEAR NORMAL DEPARTURE LAST
                VALUE   (LST)  VALUE       VALUE  FROM      YEAR
                                                  NORMAL
...................................................................
TEMPERATURE (F)
 YESTERDAY
  MAXIMUM         84    129 PM  97    1988  80      4       74
  MINIMUM         60   1153 PM  41    1912  58      2       43
  AVERAGE         72                        69      3       59

PRECIPITATION (IN)
  YESTERDAY        0.28          1.20 1969   0.13   0.15     0.00
  MONTH TO DATE    1.18                      1.76  -0.58     1.87
  SINCE JUN 1      1.18                      1.76  -0.58     1.87
  SINCE JAN 1     14.34                     17.64  -3.30    19.75

DEGREE DAYS
 HEATING
  YESTERDAY        0                         1     -1        6
  MONTH TO DATE    4                        22    -18       22
  SINCE JUN 1      4                        22    -18       22
  SINCE JUL 1   5358                      5768   -410     5418

 COOLING
  YESTERDAY        7                         5      2        0
  MONTH TO DATE  102                        55     47       59
  SINCE JUN 1    102                        55     47       59
  SINCE JAN 1    161                       109     52      123
...................................................................


WIND (MPH)
  HIGHEST WIND SPEED    37   HIGHEST WIND DIRECTION     W (270)
  HIGHEST GUST SPEED    47   HIGHEST GUST DIRECTION     W (270)
  AVERAGE WIND SPEED     4.5


SKY COVER
  POSSIBLE SUNSHINE  MM
  AVERAGE SKY COVER 0.3


WEATHER CONDITIONS
THE FOLLOWING WEATHER WAS RECORDED YESTERDAY.
  THUNDERSTORM
  HEAVY RAIN
  RAIN
  LIGHT RAIN
  FOG


RELATIVE HUMIDITY (PERCENT)
 HIGHEST    93          1000 PM
 LOWEST     38           100 PM
 AVERAGE    66

..........................................................


THE WILLIAMSPORT PA CLIMATE NORMALS FOR TODAY
                         NORMAL    RECORD    YEAR
 MAXIMUM TEMPERATURE (F)   81        97      1952
                                             1991
 MINIMUM TEMPERATURE (F)   58        42      1939


SUNRISE AND SUNSET
JUNE 15 2021..........SUNRISE   534 AM EDT   SUNSET   843 PM EDT
JUNE 16 2021..........SUNRISE   534 AM EDT   SUNSET   843 PM EDT


-  INDICATES NEGATIVE NUMBERS.
R  INDICATES RECORD WAS SET OR TIED.
MM INDICATES DATA IS MISSING.
T  INDICATES TRACE AMOUNT.




$$
