000
CDUS41 KCTP 180637
CLIIPT


CLIMATE REPORT
NATIONAL WEATHER SERVICE STATE COLLEGE PA
137 AM EST SUN NOV 18 2018


...................................

...THE WILLIAMSPORT PA CLIMATE SUMMARY FOR NOVEMBER 17 2018...

CLIMATE NORMAL PERIOD 1981 TO 2010
CLIMATE RECORD PERIOD 1895 TO 2018


WEATHER ITEM   OBSERVED TIME   RECORD YEAR NORMAL DEPARTURE LAST
                VALUE   (LST)  VALUE       VALUE  FROM      YEAR
                                                  NORMAL
..................................................................
TEMPERATURE (F)
 YESTERDAY
  MAXIMUM         41    112 PM  72    1928  49     -8       50
  MINIMUM         36   1128 PM  12    1933  33      3       31
                                      1924
  AVERAGE         39                        41     -2       41

PRECIPITATION (IN)
  YESTERDAY        0.00          1.92 1920   0.13  -0.13     0.00
  MONTH TO DATE    4.11                      1.99   2.12     0.88
  SINCE SEP 1     16.65                      9.57   7.08     8.82
  SINCE JAN 1     61.89                     36.60  25.29    44.85

SNOWFALL (IN)
  YESTERDAY        0.0          10.2  1980   0.0    0.0      0.0
  MONTH TO DATE   10.6                       0.6   10.0       T
  SINCE SEP 1     10.6                       0.7    9.9       T
  SINCE JUL 1     10.6                       0.7    9.9       T
  SNOW DEPTH       6

DEGREE DAYS
 HEATING
  YESTERDAY       26                        24      2       24
  MONTH TO DATE  384                       358     26      378
  SINCE SEP 1    807                       887    -80      662
  SINCE JUL 1    807                       901    -94      664

 COOLING
  YESTERDAY        0                         0      0        0
  MONTH TO DATE    0                         0      0        0
  SINCE SEP 1    213                        68    145      187
  SINCE JAN 1   1078                       702    376      929
..................................................................


WIND (MPH)
  HIGHEST WIND SPEED    16   HIGHEST WIND DIRECTION     W (260)
  HIGHEST GUST SPEED    20   HIGHEST GUST DIRECTION     W (270)
  AVERAGE WIND SPEED     8.2


SKY COVER
  POSSIBLE SUNSHINE  MM
  AVERAGE SKY COVER 1.0


WEATHER CONDITIONS
 THE FOLLOWING WEATHER WAS RECORDED YESTERDAY.
  NO SIGNIFICANT WEATHER WAS OBSERVED.


RELATIVE HUMIDITY (PERCENT)
 HIGHEST    82          1200 AM
 LOWEST     65           100 PM
 AVERAGE    74

..........................................................


THE WILLIAMSPORT PA CLIMATE NORMALS FOR TODAY
                         NORMAL    RECORD    YEAR
 MAXIMUM TEMPERATURE (F)   49        73      1896
 MINIMUM TEMPERATURE (F)   33        11      1924


SUNRISE AND SUNSET
NOVEMBER 18 2018......SUNRISE   659 AM EST   SUNSET   446 PM EST
NOVEMBER 19 2018......SUNRISE   700 AM EST   SUNSET   445 PM EST


-  INDICATES NEGATIVE NUMBERS.
R  INDICATES RECORD WAS SET OR TIED.
MM INDICATES DATA IS MISSING.
T  INDICATES TRACE AMOUNT.




$$
