000
CDUS41 KCTP 252119
CLIIPT


CLIMATE REPORT
NATIONAL WEATHER SERVICE STATE COLLEGE PA
519 PM EDT FRI MAY 25 2018


...................................

...THE WILLIAMSPORT PA CLIMATE SUMMARY FOR MAY 25 2018...
VALID TODAY AS OF 0500 PM LOCAL TIME.

CLIMATE NORMAL PERIOD 1981 TO 2010
CLIMATE RECORD PERIOD 1895 TO 2018


WEATHER ITEM   OBSERVED TIME   RECORD YEAR NORMAL DEPARTURE LAST
                VALUE   (LST)  VALUE       VALUE  FROM      YEAR
                                                  NORMAL
..................................................................
TEMPERATURE (F)
 TODAY
  MAXIMUM         89    357 PM  92    1991  74     15       65
  MINIMUM         53    523 AM  31    1956  51      2       55
  AVERAGE         71                        62      9       60

PRECIPITATION (IN)
  TODAY            0.00          1.34 1947   0.12  -0.12     0.83
  MONTH TO DATE    7.05                      2.94   4.11     4.23
  SINCE MAR 1     13.08                      9.15   3.93    11.88
  SINCE JAN 1     20.87                     14.19   6.68    17.18

SNOWFALL (IN)
  TODAY            0.0           T    1925   0.0    0.0      0.0
                                      2001
  MONTH TO DATE    0.0                       0.0    0.0      0.0
  SINCE MAR 1      7.8                       8.0   -0.2     22.6
  SINCE JUL 1     26.8                      36.0   -9.2     41.1
  SNOW DEPTH       0

DEGREE DAYS
 HEATING
  TODAY            0                         5     -5        5
  MONTH TO DATE   72                       181   -109      179
  SINCE MAR 1   1503                      1469     34     1287
  SINCE JUL 1   5553                      5936   -383     4923

 COOLING
  TODAY            6                         2      4        0
  MONTH TO DATE   54                        24     30       29
  SINCE MAR 1     54                        29     25       44
  SINCE JAN 1     54                        29     25       44
..................................................................


WIND (MPH)
  HIGHEST WIND SPEED    13   HIGHEST WIND DIRECTION    SW (220)
  HIGHEST GUST SPEED    17   HIGHEST GUST DIRECTION    SW (240)
  AVERAGE WIND SPEED     3.3


SKY COVER
  POSSIBLE SUNSHINE  MM
  AVERAGE SKY COVER 0.0


WEATHER CONDITIONS
 THE FOLLOWING WEATHER WAS RECORDED TODAY.
  NO SIGNIFICANT WEATHER WAS OBSERVED.


RELATIVE HUMIDITY (PERCENT)
 HIGHEST    93           200 AM
 LOWEST     26           400 PM
 AVERAGE    60

..........................................................


THE WILLIAMSPORT PA CLIMATE NORMALS FOR TOMORROW
                         NORMAL    RECORD    YEAR
 MAXIMUM TEMPERATURE (F)   74        93      1914
 MINIMUM TEMPERATURE (F)   51        35      1925


SUNRISE AND SUNSET
MAY 25 2018...........SUNRISE   541 AM EDT   SUNSET   829 PM EDT
MAY 26 2018...........SUNRISE   540 AM EDT   SUNSET   830 PM EDT


-  INDICATES NEGATIVE NUMBERS.
R  INDICATES RECORD WAS SET OR TIED.
MM INDICATES DATA IS MISSING.
T  INDICATES TRACE AMOUNT.




$$
