000
CDUS41 KCTP 110625
CLIIPT

CLIMATE REPORT
NATIONAL WEATHER SERVICE STATE COLLEGE PA
225 AM EDT TUE AUG 11 2020

...................................

...THE WILLIAMSPORT PA CLIMATE SUMMARY FOR AUGUST 10 2020...

CLIMATE NORMAL PERIOD 1981 TO 2010
CLIMATE RECORD PERIOD 1895 TO 2020


WEATHER ITEM   OBSERVED TIME   RECORD YEAR NORMAL DEPARTURE LAST
                VALUE   (LST)  VALUE       VALUE  FROM      YEAR
                                                  NORMAL
...................................................................
TEMPERATURE (F)
 YESTERDAY
  MAXIMUM         91    434 PM  99    1949  83      8       82
  MINIMUM         65    547 AM  45    1899  62      3       56
  AVERAGE         78                        72      6       69

PRECIPITATION (IN)
  YESTERDAY        0.00          3.70 1912   0.13  -0.13     0.00
  MONTH TO DATE    1.91                      1.33   0.58     1.13
  SINCE JUN 1      6.72                      9.59  -2.87    14.35
  SINCE JAN 1     24.60                     24.50   0.10    33.95

DEGREE DAYS
 HEATING
  YESTERDAY        0                         0      0        0
  MONTH TO DATE    0                         0      0        0
  SINCE JUN 1     22                        41    -19       29
  SINCE JUL 1      0                         4     -4        0

 COOLING
  YESTERDAY       13                         7      6        4
  MONTH TO DATE  110                        75     35       87
  SINCE JUN 1    698                       465    233      571
  SINCE JAN 1    762                       508    254      623
...................................................................


WIND (MPH)
  HIGHEST WIND SPEED    12   HIGHEST WIND DIRECTION     S (180)
  HIGHEST GUST SPEED    17   HIGHEST GUST DIRECTION     S (170)
  AVERAGE WIND SPEED     3.8


SKY COVER
  POSSIBLE SUNSHINE  MM
  AVERAGE SKY COVER 0.0


WEATHER CONDITIONS
THE FOLLOWING WEATHER WAS RECORDED YESTERDAY.
  NO SIGNIFICANT WEATHER WAS OBSERVED.


RELATIVE HUMIDITY (PERCENT)
 HIGHEST    90           500 AM
 LOWEST     44           500 PM
 AVERAGE    67

..........................................................


THE WILLIAMSPORT PA CLIMATE NORMALS FOR TODAY
                         NORMAL    RECORD    YEAR
 MAXIMUM TEMPERATURE (F)   83        98      1900
                                             1944
 MINIMUM TEMPERATURE (F)   62        46      1941


SUNRISE AND SUNSET
AUGUST 11 2020........SUNRISE   613 AM EDT   SUNSET   811 PM EDT
AUGUST 12 2020........SUNRISE   614 AM EDT   SUNSET   810 PM EDT


-  INDICATES NEGATIVE NUMBERS.
R  INDICATES RECORD WAS SET OR TIED.
MM INDICATES DATA IS MISSING.
T  INDICATES TRACE AMOUNT.




$$
