935
CDUS41 KCTP 220724
CLIIPT


CLIMATE REPORT
NATIONAL WEATHER SERVICE STATE COLLEGE PA
324 AM EDT TUE OCT 22 2019

...................................

...THE WILLIAMSPORT PA CLIMATE SUMMARY FOR OCTOBER 21 2019...

CLIMATE NORMAL PERIOD 1981 TO 2010
CLIMATE RECORD PERIOD 1895 TO 2019


WEATHER ITEM   OBSERVED TIME   RECORD YEAR NORMAL DEPARTURE LAST
                VALUE   (LST)  VALUE       VALUE  FROM      YEAR
                                                  NORMAL
...................................................................
TEMPERATURE (F)
 YESTERDAY
  MAXIMUM         62    420 PM  86    1947  60      2       48
  MINIMUM         44   1207 AM  24    1972  40      4       40
  AVERAGE         53                        50      3       44

PRECIPITATION (IN)
  YESTERDAY        0.00          2.89 1995   0.10  -0.10     0.02
  MONTH TO DATE    2.54                      2.37   0.17     1.41
  SINCE SEP 1      4.06                      6.53  -2.47    11.22
  SINCE JAN 1     39.92                     33.56   6.36    56.46

SNOWFALL (IN)
  YESTERDAY        0.0           T    1989   0.0    0.0      0.0
  MONTH TO DATE    0.0                       0.0    0.0      0.0
  SINCE SEP 1      0.0                       0.0    0.0      0.0
  SINCE JUL 1      0.0                       0.0    0.0      0.0
  SNOW DEPTH       0

DEGREE DAYS
 HEATING
  YESTERDAY       12                        15     -3       21
  MONTH TO DATE  226                       247    -21      173
  SINCE SEP 1    258                       361   -103      232
  SINCE JUL 1    260                       375   -115      232

 COOLING
  YESTERDAY        0                         0      0        0
  MONTH TO DATE   14                         1     13       44
  SINCE SEP 1    107                        64     43      213
  SINCE JAN 1    870                       698    172     1078
...................................................................


WIND (MPH)
  HIGHEST WIND SPEED    15   HIGHEST WIND DIRECTION    NE (60)
  HIGHEST GUST SPEED    21   HIGHEST GUST DIRECTION    NE (60)
  AVERAGE WIND SPEED     4.7


SKY COVER
  POSSIBLE SUNSHINE  MM
  AVERAGE SKY COVER 0.5


WEATHER CONDITIONS
THE FOLLOWING WEATHER WAS RECORDED YESTERDAY.
  FOG


RELATIVE HUMIDITY (PERCENT)
 HIGHEST    96           200 AM
 LOWEST     60           300 PM
 AVERAGE    78

..........................................................


THE WILLIAMSPORT PA CLIMATE NORMALS FOR TODAY
                         NORMAL    RECORD    YEAR
 MAXIMUM TEMPERATURE (F)   60        81      1920
 MINIMUM TEMPERATURE (F)   39        20      1940


SUNRISE AND SUNSET
OCTOBER 22 2019.......SUNRISE   727 AM EDT   SUNSET   617 PM EDT
OCTOBER 23 2019.......SUNRISE   728 AM EDT   SUNSET   615 PM EDT


-  INDICATES NEGATIVE NUMBERS.
R  INDICATES RECORD WAS SET OR TIED.
MM INDICATES DATA IS MISSING.
T  INDICATES TRACE AMOUNT.




$$
