000
CDUS43 KEAX 150637
CLIIRK


CLIMATE REPORT
NATIONAL WEATHER SERVICE KANSAS CITY/PLEASANT HILL MO
137 AM CDT MON OCT 15 2018


...................................

...THE KIRKSVILLE MO CLIMATE SUMMARY FOR OCTOBER 14 2018...

CLIMATE NORMAL PERIOD 1981 TO 2010
CLIMATE RECORD PERIOD 9999 TO 9999


WEATHER ITEM   OBSERVED TIME   NORMAL DEPARTURE LAST
                VALUE   (LST)  VALUE  FROM      YEAR
                                      NORMAL
......................................................
TEMPERATURE (F)
 YESTERDAY
  MAXIMUM         51    206 PM  65    -14       83
  MINIMUM         34   1159 PM  43     -9       59
  AVERAGE         43            54    -11       71

PRECIPITATION (IN)
  YESTERDAY        0.46          0.11   0.35     0.79
  MONTH TO DATE    6.11          1.53   4.58     5.10
  SINCE SEP 1      8.69          5.64   3.05     5.33
  SINCE JAN 1     34.75         33.05   1.70    29.60

DEGREE DAYS
 HEATING
  YESTERDAY       22            11     11        0
  MONTH TO DATE  108           135    -27       37
  SINCE SEP 1    168           235    -67       74
  SINCE JUL 1    168           242    -74       75

 COOLING
  YESTERDAY        0             0      0        6
  MONTH TO DATE   45            10     35       34
  SINCE SEP 1    227            93    134      190
  SINCE JAN 1   1483           937    546     1115
......................................................


WIND (MPH)
  HIGHEST WIND SPEED    18   HIGHEST WIND DIRECTION     N (360)
  HIGHEST GUST SPEED    31   HIGHEST GUST DIRECTION     N (350)
  AVERAGE WIND SPEED     7.3


SKY COVER
  AVERAGE SKY COVER 1.0


WEATHER CONDITIONS
 THE FOLLOWING WEATHER WAS RECORDED YESTERDAY.
  RAIN
  LIGHT RAIN
  FOG
  HAZE


RELATIVE HUMIDITY (PERCENT)
 HIGHEST   100           400 AM
 LOWEST     86          1200 PM
 AVERAGE    93

..........................................................


THE KIRKSVILLE MO CLIMATE NORMALS FOR TODAY
                         NORMAL
 MAXIMUM TEMPERATURE (F)   64
 MINIMUM TEMPERATURE (F)   43


SUNRISE AND SUNSET
OCTOBER 15 2018.......SUNRISE   721 AM CDT   SUNSET   630 PM CDT
OCTOBER 16 2018.......SUNRISE   722 AM CDT   SUNSET   629 PM CDT


-  INDICATES NEGATIVE NUMBERS.
R  INDICATES RECORD WAS SET OR TIED.
MM INDICATES DATA IS MISSING.
T  INDICATES TRACE AMOUNT.




$$
