000
CDUS43 KEAX 260633
CLIIRK

CLIMATE REPORT
NATIONAL WEATHER SERVICE
133 AM CDT TUE MAY 26 2020

...................................

...THE KIRKSVILLE MO CLIMATE SUMMARY FOR MAY 25 2020...

CLIMATE NORMAL PERIOD: 1981 TO 2010
CLIMATE RECORD PERIOD: 9999 TO 9999


WEATHER ITEM   OBSERVED TIME   NORMAL DEPARTURE LAST
                VALUE   (LST)  VALUE  FROM      YEAR
                                      NORMAL
.......................................................
TEMPERATURE (F)
 YESTERDAY
  MAXIMUM         84   2:25 PM  75      9       83
  MINIMUM         63  11:06 PM  55      8       65
  AVERAGE         74            65      9       74

PRECIPITATION (IN)
  YESTERDAY        1.31          0.16   1.15     2.06
  MONTH TO DATE    6.49          3.98   2.51    10.13
  SINCE MAR 1     12.54         10.37   2.17    17.80
  SINCE JAN 1     15.49         13.17   2.32    21.80

DEGREE DAYS
 HEATING
  YESTERDAY        0             3     -3        0
  MONTH TO DATE  186           139     47      176
  SINCE MAR 1   1219          1296    -77     1287
  SINCE JUL 1   5512          5829   -317     5974

 COOLING
  YESTERDAY        9             3      6        9
  MONTH TO DATE   33            37     -4       45
  SINCE MAR 1     38            44     -6       51
  SINCE JAN 1     38            44     -6       51
.......................................................


WIND (MPH)
  HIGHEST WIND SPEED    23   HIGHEST WIND DIRECTION    SE (120)
  HIGHEST GUST SPEED    34   HIGHEST GUST DIRECTION     E (110)
  AVERAGE WIND SPEED     7.5


SKY COVER
  AVERAGE SKY COVER 0.3


WEATHER CONDITIONS
THE FOLLOWING WEATHER WAS RECORDED YESTERDAY.
  THUNDERSTORM
  HEAVY RAIN
  RAIN
  LIGHT RAIN
  FOG


RELATIVE HUMIDITY (PERCENT)
 HIGHEST    97           4:00 PM
 LOWEST     69          11:00 AM
 AVERAGE    83

..........................................................


THE KIRKSVILLE MO CLIMATE NORMALS FOR TODAY
                         NORMAL




SUNRISE AND SUNSET
MAY 26 2020...........SUNRISE   5:46 AM CDT   SUNSET   8:29 PM CDT
MAY 27 2020...........SUNRISE   5:45 AM CDT   SUNSET   8:30 PM CDT


-  INDICATES NEGATIVE NUMBERS.
R  INDICATES RECORD WAS SET OR TIED.
MM INDICATES DATA IS MISSING.
T  INDICATES TRACE AMOUNT.




$$
