000
CDUS43 KEAX 220632
CLIIRK

CLIMATE REPORT
NATIONAL WEATHER SERVICE
132 AM CDT THU OCT 22 2020

...................................

...THE KIRKSVILLE MO CLIMATE SUMMARY FOR OCTOBER 21 2020...

CLIMATE NORMAL PERIOD: 1981 TO 2010
CLIMATE RECORD PERIOD: 9999 TO 9999


WEATHER ITEM   OBSERVED TIME   NORMAL DEPARTURE LAST
                VALUE   (LST)  VALUE  FROM      YEAR
                                      NORMAL
.......................................................
TEMPERATURE (F)
 YESTERDAY
  MAXIMUM         54  11:25 AM  62     -8       58
  MINIMUM         38   7:13 AM  41     -3       49
  AVERAGE         46            51     -5       54

PRECIPITATION (IN)
  YESTERDAY        0.23          0.11   0.12     0.34
  MONTH TO DATE    0.44          2.34  -1.90     2.66
  SINCE SEP 1      4.12          6.45  -2.33    14.00
  SINCE JAN 1     33.21         33.86  -0.65    53.89

DEGREE DAYS
 HEATING
  YESTERDAY       19            14      5       11
  MONTH TO DATE  208           224    -16      251
  SINCE SEP 1    295           324    -29      252
  SINCE JUL 1    297           331    -34      253

 COOLING
  YESTERDAY        0             0      0        0
  MONTH TO DATE   18            10      8       23
  SINCE SEP 1     92            93     -1      285
  SINCE JAN 1   1080           937    143     1245
.......................................................


WIND (MPH)
  HIGHEST WIND SPEED    17   HIGHEST WIND DIRECTION     E (110)
  HIGHEST GUST SPEED    21   HIGHEST GUST DIRECTION     E (110)
  AVERAGE WIND SPEED     7.0


SKY COVER
  AVERAGE SKY COVER 0.8


WEATHER CONDITIONS
THE FOLLOWING WEATHER WAS RECORDED YESTERDAY.
  THUNDERSTORM
  RAIN
  LIGHT RAIN
  FOG
  HAZE


RELATIVE HUMIDITY (PERCENT)
 HIGHEST   100           2:00 PM
 LOWEST     68          11:00 AM
 AVERAGE    84

..........................................................


THE KIRKSVILLE MO CLIMATE NORMALS FOR TODAY
                         NORMAL




SUNRISE AND SUNSET
OCTOBER 22 2020.......SUNRISE   7:29 AM CDT   SUNSET   6:20 PM CDT
OCTOBER 23 2020.......SUNRISE   7:30 AM CDT   SUNSET   6:18 PM CDT


-  INDICATES NEGATIVE NUMBERS.
R  INDICATES RECORD WAS SET OR TIED.
MM INDICATES DATA IS MISSING.
T  INDICATES TRACE AMOUNT.




$$
