000
CDUS43 KEAX 200632
CLIIRK


CLIMATE REPORT
NATIONAL WEATHER SERVICE KANSAS CITY/PLEASANT HILL MO
132 AM CDT SUN OCT 20 2019


...................................

...THE KIRKSVILLE MO CLIMATE SUMMARY FOR OCTOBER 19 2019...

CLIMATE NORMAL PERIOD 1981 TO 2010
CLIMATE RECORD PERIOD 9999 TO 9999


WEATHER ITEM   OBSERVED TIME   NORMAL DEPARTURE LAST
                VALUE   (LST)  VALUE  FROM      YEAR
                                      NORMAL
......................................................
TEMPERATURE (F)
 YESTERDAY
  MAXIMUM         56    450 PM  63     -7       59
  MINIMUM         39   1159 PM  41     -2       47
  AVERAGE         48            52     -4       53

PRECIPITATION (IN)
  YESTERDAY        0.03          0.12  -0.09     0.00
  MONTH TO DATE    2.32          2.12   0.20     6.12
  SINCE SEP 1     13.66          6.23   7.43     8.70
  SINCE JAN 1     53.55         33.64  19.91    34.76

DEGREE DAYS
 HEATING
  YESTERDAY       17            13      4       12
  MONTH TO DATE  226           197     29      199
  SINCE SEP 1    227           297    -70      259
  SINCE JUL 1    228           304    -76      259

 COOLING
  YESTERDAY        0             0      0        0
  MONTH TO DATE   23            10     13       45
  SINCE SEP 1    285            93    192      227
  SINCE JAN 1   1245           937    308     1483
......................................................


WIND (MPH)
  HIGHEST WIND SPEED    10   HIGHEST WIND DIRECTION    SW (230)
  HIGHEST GUST SPEED    17   HIGHEST GUST DIRECTION     S (200)
  AVERAGE WIND SPEED     4.4


SKY COVER
  AVERAGE SKY COVER 0.8


WEATHER CONDITIONS
 THE FOLLOWING WEATHER WAS RECORDED YESTERDAY.
  FOG
  FOG W/VISIBILITY <= 1/4 MILE


RELATIVE HUMIDITY (PERCENT)
 HIGHEST   100          1000 AM
 LOWEST     83           700 AM
 AVERAGE    92

..........................................................


THE KIRKSVILLE MO CLIMATE NORMALS FOR TODAY
                         NORMAL
 MAXIMUM TEMPERATURE (F)   63
 MINIMUM TEMPERATURE (F)   41


SUNRISE AND SUNSET
OCTOBER 20 2019.......SUNRISE   726 AM CDT   SUNSET   623 PM CDT
OCTOBER 21 2019.......SUNRISE   727 AM CDT   SUNSET   622 PM CDT


-  INDICATES NEGATIVE NUMBERS.
R  INDICATES RECORD WAS SET OR TIED.
MM INDICATES DATA IS MISSING.
T  INDICATES TRACE AMOUNT.




$$
