000
CDUS43 KEAX 210631
CLIIRK


CLIMATE REPORT
NATIONAL WEATHER SERVICE KANSAS CITY/PLEASANT HILL MO
131 AM CDT SAT JUL 21 2018


...................................

...THE KIRKSVILLE MO CLIMATE SUMMARY FOR JULY 20 2018...

CLIMATE NORMAL PERIOD 1981 TO 2010
CLIMATE RECORD PERIOD 9999 TO 9999


WEATHER ITEM   OBSERVED TIME   NORMAL DEPARTURE LAST
                VALUE   (LST)  VALUE  FROM      YEAR
                                      NORMAL
......................................................
TEMPERATURE (F)
 YESTERDAY
  MAXIMUM         88    311 PM  86      2       95
  MINIMUM         67   1159 PM  65      2       77
  AVERAGE         78            75      3       86

PRECIPITATION (IN)
  YESTERDAY        0.00          0.16  -0.16     0.00
  MONTH TO DATE    1.93          2.87  -0.94     0.76
  SINCE JUN 1      6.93          7.65  -0.72     5.76
  SINCE JAN 1     16.87         21.80  -4.93    19.18

DEGREE DAYS
 HEATING
  YESTERDAY        0             0      0        0
  MONTH TO DATE    0             0      0        0
  SINCE JUN 1      1            16    -15        7
  SINCE JUL 1      0             0      0        0

 COOLING
  YESTERDAY       13            11      2       21
  MONTH TO DATE  272           195     77      272
  SINCE JUN 1    623           387    236      520
  SINCE JAN 1    818           449    369      612
......................................................


WIND (MPH)
  HIGHEST WIND SPEED    20   HIGHEST WIND DIRECTION    NW (300)
  HIGHEST GUST SPEED    28   HIGHEST GUST DIRECTION     W (280)
  AVERAGE WIND SPEED    10.5


SKY COVER
  AVERAGE SKY COVER 0.0


WEATHER CONDITIONS
 THE FOLLOWING WEATHER WAS RECORDED YESTERDAY.
  NO SIGNIFICANT WEATHER WAS OBSERVED.


RELATIVE HUMIDITY (PERCENT)
 HIGHEST   100           100 AM
 LOWEST     43           300 PM
 AVERAGE    72

..........................................................


THE KIRKSVILLE MO CLIMATE NORMALS FOR TODAY
                         NORMAL
 MAXIMUM TEMPERATURE (F)   86
 MINIMUM TEMPERATURE (F)   65


SUNRISE AND SUNSET
JULY 21 2018..........SUNRISE   559 AM CDT   SUNSET   834 PM CDT
JULY 22 2018..........SUNRISE   559 AM CDT   SUNSET   833 PM CDT


-  INDICATES NEGATIVE NUMBERS.
R  INDICATES RECORD WAS SET OR TIED.
MM INDICATES DATA IS MISSING.
T  INDICATES TRACE AMOUNT.




$$
