000
CDUS43 KEAX 220633
CLIIRK


CLIMATE REPORT
NATIONAL WEATHER SERVICE KANSAS CITY/PLEASANT HILL MO
1233 AM CST TUE JAN 22 2019


...................................

...THE KIRKSVILLE MO CLIMATE SUMMARY FOR JANUARY 21 2019...

CLIMATE NORMAL PERIOD 1981 TO 2010
CLIMATE RECORD PERIOD 9999 TO 9999


WEATHER ITEM   OBSERVED TIME   NORMAL DEPARTURE LAST
                VALUE   (LST)  VALUE  FROM      YEAR
                                      NORMAL
......................................................
TEMPERATURE (F)
 YESTERDAY
  MAXIMUM         22   1159 PM  36    -14       58
  MINIMUM          3   1243 AM  17    -14       41
  AVERAGE         13            26    -13       50

PRECIPITATION (IN)
  YESTERDAY        0.00          0.04  -0.04     0.04
  MONTH TO DATE    1.53          0.72   0.81     0.79
  SINCE DEC 1      4.12          2.47   1.65     1.57
  SINCE JAN 1      1.53          0.72   0.81     0.79

DEGREE DAYS
 HEATING
  YESTERDAY       52            39     13       15
  MONTH TO DATE  742           819    -77      938
  SINCE DEC 1   1717          1941   -224     2036
  SINCE JUL 1   3092          3162    -70     3055

 COOLING
  YESTERDAY        0             0      0        0
  MONTH TO DATE    0             0      0        0
  SINCE DEC 1      0             0      0        0
  SINCE JAN 1      0             0      0        0
......................................................


WIND (MPH)
  HIGHEST WIND SPEED    26   HIGHEST WIND DIRECTION    SE (120)
  HIGHEST GUST SPEED    39   HIGHEST GUST DIRECTION    SE (120)
  AVERAGE WIND SPEED    15.2


SKY COVER
  AVERAGE SKY COVER 0.2


WEATHER CONDITIONS
 THE FOLLOWING WEATHER WAS RECORDED YESTERDAY.
  FOG


RELATIVE HUMIDITY (PERCENT)
 HIGHEST   100          1200 AM
 LOWEST     80           400 AM
 AVERAGE    90

..........................................................


THE KIRKSVILLE MO CLIMATE NORMALS FOR TODAY
                         NORMAL
 MAXIMUM TEMPERATURE (F)   36
 MINIMUM TEMPERATURE (F)   17


SUNRISE AND SUNSET
JANUARY 22 2019.......SUNRISE   727 AM CST   SUNSET   517 PM CST
JANUARY 23 2019.......SUNRISE   726 AM CST   SUNSET   518 PM CST


-  INDICATES NEGATIVE NUMBERS.
R  INDICATES RECORD WAS SET OR TIED.
MM INDICATES DATA IS MISSING.
T  INDICATES TRACE AMOUNT.




$$
