000
CDUS43 KBIS 190759
CLIISN


CLIMATE REPORT
NATIONAL WEATHER SERVICE BISMARCK ND
259 AM CDT TUE JUN 19 2018


...................................

...THE WILLISTON ND CLIMATE SUMMARY FOR JUNE 18 2018...

CLIMATE NORMAL PERIOD 1981 TO 2010
CLIMATE RECORD PERIOD 1894 TO 2018


WEATHER ITEM   OBSERVED TIME   RECORD YEAR NORMAL DEPARTURE LAST
                VALUE   (LST)  VALUE       VALUE  FROM      YEAR
                                                  NORMAL
..................................................................
TEMPERATURE (F)
 YESTERDAY
  MAXIMUM         79    203 PM  95    1988  78      1       80
  MINIMUM         46    359 AM  29    2004  50     -4       48
  AVERAGE         63                        64     -1       64

PRECIPITATION (IN)
  YESTERDAY        0.00          2.53 1956   0.09  -0.09      T
  MONTH TO DATE    1.02                      1.44  -0.42     1.07
  SINCE JUN 1      1.02                      1.44  -0.42     1.07
  SINCE JAN 1      5.33                      6.05  -0.72     4.54

DEGREE DAYS
 HEATING
  YESTERDAY        2                         3     -1        1
  MONTH TO DATE   27                        91    -64       10
  SINCE JUN 1     27                        91    -64       10
  SINCE JUL 1   9190                      8965    225     7940

 COOLING
  YESTERDAY        0                         2     -2        0
  MONTH TO DATE   49                        29     20       67
  SINCE JUN 1     49                        29     20       67
  SINCE JAN 1     92                        42     50       90
..................................................................


WIND (MPH)
  HIGHEST WIND SPEED    18   HIGHEST WIND DIRECTION     E (100)
  HIGHEST GUST SPEED    25   HIGHEST GUST DIRECTION     E (90)
  AVERAGE WIND SPEED     6.9


SKY COVER
  POSSIBLE SUNSHINE  MM
  AVERAGE SKY COVER 0.1


WEATHER CONDITIONS
 THE FOLLOWING WEATHER WAS RECORDED YESTERDAY.
  NO SIGNIFICANT WEATHER WAS OBSERVED.


RELATIVE HUMIDITY (PERCENT)
 HIGHEST    93           300 AM
 LOWEST     30           100 PM
 AVERAGE    62

..........................................................


THE WILLISTON ND CLIMATE NORMALS FOR TODAY
                         NORMAL    RECORD    YEAR
 MAXIMUM TEMPERATURE (F)   78        97      1911
 MINIMUM TEMPERATURE (F)   51        33      2004


SUNRISE AND SUNSET
JUNE 19 2018..........SUNRISE   554 AM CDT   SUNSET   958 PM CDT
JUNE 20 2018..........SUNRISE   554 AM CDT   SUNSET   958 PM CDT


-  INDICATES NEGATIVE NUMBERS.
R  INDICATES RECORD WAS SET OR TIED.
MM INDICATES DATA IS MISSING.
T  INDICATES TRACE AMOUNT.




$$
