172
CDUS43 KBIS 170025
CLIISN


CLIMATE REPORT
NATIONAL WEATHER SERVICE BISMARCK ND
724 PM CDT WED OCT 16 2019


...................................

...THE WILLISTON ND CLIMATE SUMMARY FOR OCTOBER 16 2019...
VALID TODAY AS OF 0500 PM LOCAL TIME.

CLIMATE NORMAL PERIOD 1981 TO 2010
CLIMATE RECORD PERIOD 1894 TO 2019


WEATHER ITEM   OBSERVED TIME   RECORD YEAR NORMAL DEPARTURE LAST
                VALUE   (LST)  VALUE       VALUE  FROM      YEAR
                                                  NORMAL
..................................................................
TEMPERATURE (F)
 TODAY
  MAXIMUM         64    309 PM  82    1945  57      7       57
                                      1929
  MINIMUM         29    136 AM   9    1992  30     -1       43
  AVERAGE         47                        43      4       50

PRECIPITATION (IN)
  TODAY            0.00          0.38 1980   0.03  -0.03     0.00
  MONTH TO DATE    0.52                      0.50   0.02     0.67
  SINCE SEP 1      8.61                      1.56   7.05     2.13
  SINCE JAN 1     20.23                     12.68   7.55    13.12

SNOWFALL (IN)
  TODAY           MM

DEGREE DAYS
 HEATING
  TODAY           18                        22     -4       15
  MONTH TO DATE  317                       297     20      448
  SINCE SEP 1    522                       572    -50      774
  SINCE JUL 1    570                       643    -73      847

 COOLING
  TODAY            0                         0      0        0
  MONTH TO DATE    0                         0      0        0
  SINCE SEP 1     20                        26     -6       23
  SINCE JAN 1    397                       455    -58      534
..................................................................


WIND (MPH)
  HIGHEST WIND SPEED    22   HIGHEST WIND DIRECTION     S (180)
  HIGHEST GUST SPEED    34   HIGHEST GUST DIRECTION     S (190)
  AVERAGE WIND SPEED    11.3


SKY COVER
  POSSIBLE SUNSHINE  MM
  AVERAGE SKY COVER 0.2


WEATHER CONDITIONS
 THE FOLLOWING WEATHER WAS RECORDED TODAY.
  NO SIGNIFICANT WEATHER WAS OBSERVED.


RELATIVE HUMIDITY (PERCENT)
 HIGHEST    92          1200 AM
 LOWEST     31           300 PM
 AVERAGE    62

..........................................................


THE WILLISTON ND CLIMATE NORMALS FOR TOMORROW
                         NORMAL    RECORD    YEAR
 MAXIMUM TEMPERATURE (F)   56        83      1914
 MINIMUM TEMPERATURE (F)   30        11      1919


SUNRISE AND SUNSET
OCTOBER 16 2019.......SUNRISE   815 AM CDT   SUNSET   704 PM CDT
OCTOBER 17 2019.......SUNRISE   817 AM CDT   SUNSET   702 PM CDT


-  INDICATES NEGATIVE NUMBERS.
R  INDICATES RECORD WAS SET OR TIED.
MM INDICATES DATA IS MISSING.
T  INDICATES TRACE AMOUNT.




$$
