000
CDUS43 KBIS 210729
CLIISN


CLIMATE REPORT
NATIONAL WEATHER SERVICE BISMARCK ND
228 AM CDT FRI SEP 21 2018


...................................

...THE WILLISTON ND CLIMATE SUMMARY FOR SEPTEMBER 20 2018...

CLIMATE NORMAL PERIOD 1981 TO 2010
CLIMATE RECORD PERIOD 1894 TO 2018


WEATHER ITEM   OBSERVED TIME   RECORD YEAR NORMAL DEPARTURE LAST
                VALUE   (LST)  VALUE       VALUE  FROM      YEAR
                                                  NORMAL
..................................................................
TEMPERATURE (F)
 YESTERDAY
  MAXIMUM         47    719 AM  90    1922  69    -22       68
  MINIMUM         36    939 PM  26    1997  40     -4       39
  AVERAGE         42                        54    -12       54

PRECIPITATION (IN)
  YESTERDAY        0.94R         0.48 2011   0.03   0.91     0.00
  MONTH TO DATE    1.23                      0.71   0.52     1.46
  SINCE SEP 1      1.23                      0.71   0.52     1.46
  SINCE JAN 1     12.22                     11.83   0.39    10.74

DEGREE DAYS
 HEATING
  YESTERDAY       23                        11     12       11
  MONTH TO DATE  123                       143    -20      111
  SINCE SEP 1    123                       143    -20      111
  SINCE JUL 1    196                       214    -18      130

 COOLING
  YESTERDAY        0                         0      0        0
  MONTH TO DATE   23                        24     -1       38
  SINCE SEP 1     23                        24     -1       38
  SINCE JAN 1    534                       453     81      643
..................................................................


WIND (MPH)
  HIGHEST WIND SPEED    21   HIGHEST WIND DIRECTION    NE (50)
  HIGHEST GUST SPEED    26   HIGHEST GUST DIRECTION    NE (50)
  AVERAGE WIND SPEED     9.8


SKY COVER
  POSSIBLE SUNSHINE  MM
  AVERAGE SKY COVER 0.9


WEATHER CONDITIONS
 THE FOLLOWING WEATHER WAS RECORDED YESTERDAY.
  RAIN
  LIGHT RAIN
  FOG


RELATIVE HUMIDITY (PERCENT)
 HIGHEST    92           800 PM
 LOWEST     70          1200 AM
 AVERAGE    81

..........................................................


THE WILLISTON ND CLIMATE NORMALS FOR TODAY
                         NORMAL    RECORD    YEAR
 MAXIMUM TEMPERATURE (F)   69        91      1938
 MINIMUM TEMPERATURE (F)   40        18      1995


SUNRISE AND SUNSET
SEPTEMBER 21 2018.....SUNRISE   740 AM CDT   SUNSET   754 PM CDT
SEPTEMBER 22 2018.....SUNRISE   741 AM CDT   SUNSET   752 PM CDT


-  INDICATES NEGATIVE NUMBERS.
R  INDICATES RECORD WAS SET OR TIED.
MM INDICATES DATA IS MISSING.
T  INDICATES TRACE AMOUNT.




$$
