000
CDUS41 KOKX 150619
CLIISP

CLIMATE REPORT
NATIONAL WEATHER SERVICE NEW YORK, NY
219 AM EDT TUE JUN 15 2021

...................................

...THE ISLIP NY CLIMATE SUMMARY FOR JUNE 14 2021...

CLIMATE NORMAL PERIOD 1991 TO 2020
CLIMATE RECORD PERIOD 1963 TO 2021


WEATHER ITEM   OBSERVED TIME   RECORD YEAR NORMAL DEPARTURE LAST
                VALUE   (LST)  VALUE       VALUE  FROM      YEAR
                                                  NORMAL
...................................................................
TEMPERATURE (F)
 YESTERDAY
  MAXIMUM         71    411 PM  92    1988  77     -6       71
  MINIMUM         64    530 AM  49    1978  61      3       53
                                      1979
  AVERAGE         68                        69     -1       62

PRECIPITATION (IN)
  YESTERDAY        0.02          0.76 2002   0.15  -0.13     0.00
  MONTH TO DATE    0.36                      2.10  -1.74     1.10
  SINCE JUN 1      0.36                      2.10  -1.74     1.10
  SINCE JAN 1     19.30                     20.90  -1.60    16.66

SNOWFALL (IN)
  YESTERDAY        0.0          MM      MM   0.0    0.0      0.0
  MONTH TO DATE    0.0                       0.0    0.0      0.0
  SINCE JUN 1      0.0                       0.0    0.0      0.0
  SINCE JUL 1     33.5                      31.8    1.7      6.8
  SNOW DEPTH       0

DEGREE DAYS
 HEATING
  YESTERDAY        0                         1     -1        3
  MONTH TO DATE    8                        24    -16       13
  SINCE JUN 1      8                        24    -16       13
  SINCE JUL 1   4833                      5179   -346     4827

 COOLING
  YESTERDAY        3                         4     -1        0
  MONTH TO DATE   67                        44     23       61
  SINCE JUN 1     67                        44     23       61
  SINCE JAN 1    106                        73     33       76
...................................................................


WIND (MPH)
  HIGHEST WIND SPEED    14   HIGHEST WIND DIRECTION     S (160)
  HIGHEST GUST SPEED    18   HIGHEST GUST DIRECTION    SE (140)
  AVERAGE WIND SPEED     8.1


SKY COVER
  AVERAGE SKY COVER 0.9


WEATHER CONDITIONS
THE FOLLOWING WEATHER WAS RECORDED YESTERDAY.
  LIGHT RAIN


RELATIVE HUMIDITY (PERCENT)
 HIGHEST    96          1100 PM
 LOWEST     65           600 PM
 AVERAGE    81

..........................................................


THE ISLIP NY CLIMATE NORMALS FOR TODAY
                         NORMAL    RECORD    YEAR
 MAXIMUM TEMPERATURE (F)   77        95      1988
 MINIMUM TEMPERATURE (F)   61        46      1978


SUNRISE AND SUNSET
JUNE 15 2021..........SUNRISE   520 AM EDT   SUNSET   826 PM EDT
JUNE 16 2021..........SUNRISE   520 AM EDT   SUNSET   826 PM EDT


-  INDICATES NEGATIVE NUMBERS.
R  INDICATES RECORD WAS SET OR TIED.
MM INDICATES DATA IS MISSING.
T  INDICATES TRACE AMOUNT.




$$
