000
CDUS41 KOKX 222035
CLIISP


CLIMATE REPORT
NATIONAL WEATHER SERVICE NEW YORK NY
435 PM EDT FRI JUN 22 2018


...................................

...THE ISLIP NY CLIMATE SUMMARY FOR JUNE 22 2018...
VALID TODAY AS OF 0400 PM LOCAL TIME.

CLIMATE NORMAL PERIOD 1981 TO 2010
CLIMATE RECORD PERIOD 1963 TO 2018


WEATHER ITEM   OBSERVED TIME   RECORD YEAR NORMAL DEPARTURE LAST
                VALUE   (LST)  VALUE       VALUE  FROM      YEAR
                                                  NORMAL
..................................................................
TEMPERATURE (F)
 TODAY
  MAXIMUM         75   1105 AM  94    2012  79     -4       80
  MINIMUM         63    220 AM  51    1992  62      1       62
  AVERAGE         69                        70     -1       71

PRECIPITATION (IN)
  TODAY            0.00          1.25 1973   0.11  -0.11     0.00
  MONTH TO DATE    3.44                      3.35   0.09     1.65
  SINCE JUN 1      3.44                      3.35   0.09     1.65
  SINCE JAN 1     28.91                     22.81   6.10    20.59

SNOWFALL (IN)
  TODAY            0.0          MM      MM   0.0    0.0      0.0
  MONTH TO DATE    0.0                       0.0    0.0      0.0
  SINCE OCT 1     65.9                      24.8   41.1     39.3
  SINCE JUL 1     65.9                      24.8   41.1     39.3
  SNOW DEPTH       0

DEGREE DAYS
 HEATING
  TODAY            0                         0      0        0
  MONTH TO DATE   37                        36      1       42
  SINCE JUN 1     37                        36      1       42
  SINCE JUL 1   5047                      5426   -379     4769

 COOLING
  TODAY            4                         6     -2        6
  MONTH TO DATE   90                        85      5      105
  SINCE JUN 1     90                        85      5      105
  SINCE JAN 1    138                       109     29      144
..................................................................


WIND (MPH)
  HIGHEST WIND SPEED    17   HIGHEST WIND DIRECTION    SE (120)
  HIGHEST GUST SPEED    23   HIGHEST GUST DIRECTION    SE (130)
  AVERAGE WIND SPEED    10.6


SKY COVER
  AVERAGE SKY COVER 0.9


WEATHER CONDITIONS
 THE FOLLOWING WEATHER WAS RECORDED TODAY.
  NO SIGNIFICANT WEATHER WAS OBSERVED.


RELATIVE HUMIDITY (PERCENT)
 HIGHEST   100          1200 AM
 LOWEST     64           900 AM
 AVERAGE    82

..........................................................


THE ISLIP NY CLIMATE NORMALS FOR TOMORROW
                         NORMAL    RECORD    YEAR
 MAXIMUM TEMPERATURE (F)   79        91      1999
 MINIMUM TEMPERATURE (F)   63        48      1992


SUNRISE AND SUNSET
JUNE 22 2018..........SUNRISE   521 AM EDT   SUNSET   828 PM EDT
JUNE 23 2018..........SUNRISE   522 AM EDT   SUNSET   828 PM EDT


-  INDICATES NEGATIVE NUMBERS.
R  INDICATES RECORD WAS SET OR TIED.
MM INDICATES DATA IS MISSING.
T  INDICATES TRACE AMOUNT.




$$
