014
CDUS41 KOKX 162043
CLIISP


CLIMATE REPORT
NATIONAL WEATHER SERVICE NEW YORK NY
442 PM EDT WED OCT 16 2019


...................................

...THE ISLIP NY CLIMATE SUMMARY FOR OCTOBER 16 2019...
VALID TODAY AS OF 0400 PM LOCAL TIME.

CLIMATE NORMAL PERIOD 1981 TO 2010
CLIMATE RECORD PERIOD 1963 TO 2019


WEATHER ITEM   OBSERVED TIME   RECORD YEAR NORMAL DEPARTURE LAST
                VALUE   (LST)  VALUE       VALUE  FROM      YEAR
                                                  NORMAL
..................................................................
TEMPERATURE (F)
 TODAY
  MAXIMUM         65    120 PM  80    1963  63      2       63
  MINIMUM         42    205 AM  33    1978  45     -3       47
  AVERAGE         54                        54      0       55

PRECIPITATION (IN)
  TODAY            T             2.65 1974   0.12  -0.12      T
  MONTH TO DATE    0.77                      1.97  -1.20     4.11
  SINCE SEP 1      1.38                      5.55  -4.17     9.15
  SINCE JAN 1     33.76                     36.69  -2.93    47.56

SNOWFALL (IN)
  TODAY           MM            MM      MM   0.0   MM        0.0
  MONTH TO DATE    0.0                       0.0    0.0      0.0
  SINCE OCT 1      0.0                       0.0    0.0      0.0
  SINCE JUL 1      0.0                       0.0    0.0      0.0
  SNOW DEPTH       0

DEGREE DAYS
 HEATING
  TODAY           11                        11      0       10
  MONTH TO DATE   98                       141    -43       54
  SINCE SEP 1    121                       213    -92       78
  SINCE JUL 1    123                       218    -95       78

 COOLING
  TODAY            0                         0      0        0
  MONTH TO DATE   18                         9      9       43
  SINCE SEP 1    111                       100     11      218
  SINCE JAN 1    985                       786    199     1115
..................................................................


WIND (MPH)
  HIGHEST WIND SPEED    23   HIGHEST WIND DIRECTION    SE (120)
  HIGHEST GUST SPEED    33   HIGHEST GUST DIRECTION    SE (130)
  AVERAGE WIND SPEED     9.9


SKY COVER
  AVERAGE SKY COVER 0.6


WEATHER CONDITIONS
 THE FOLLOWING WEATHER WAS RECORDED TODAY.
  NO SIGNIFICANT WEATHER WAS OBSERVED.


RELATIVE HUMIDITY (PERCENT)
 HIGHEST   100           300 AM
 LOWEST     67           900 AM
 AVERAGE    84

..........................................................


THE ISLIP NY CLIMATE NORMALS FOR TOMORROW
                         NORMAL    RECORD    YEAR
 MAXIMUM TEMPERATURE (F)   63        80      1963
 MINIMUM TEMPERATURE (F)   45        34      1965


SUNRISE AND SUNSET
OCTOBER 16 2019.......SUNRISE   704 AM EDT   SUNSET   611 PM EDT
OCTOBER 17 2019.......SUNRISE   706 AM EDT   SUNSET   609 PM EDT


-  INDICATES NEGATIVE NUMBERS.
R  INDICATES RECORD WAS SET OR TIED.
MM INDICATES DATA IS MISSING.
T  INDICATES TRACE AMOUNT.




$$
