429
CDHW43 PHFO 190237
CLIITO


CLIMATE REPORT
NATIONAL WEATHER SERVICE HONOLULU HI
432 PM HST THU OCT 18 2018


...................................

...THE HILO HI CLIMATE SUMMARY FOR OCTOBER 18 2018...
VALID TODAY AS OF 0400 PM LOCAL TIME.

CLIMATE NORMAL PERIOD 1981 TO 2010
CLIMATE RECORD PERIOD 1946 TO 2018


WEATHER ITEM   OBSERVED TIME   RECORD YEAR NORMAL DEPARTURE LAST
                VALUE   (LST)  VALUE       VALUE  FROM      YEAR
                                                  NORMAL
..................................................................
TEMPERATURE (F)
 TODAY
  MAXIMUM         78    121 PM  90    1962  83     -5       83
  MINIMUM         73    656 AM  63    1980  69      4       69
                                      1976
                                      1971
  AVERAGE         76                        76      0       76

PRECIPITATION (IN)
  TODAY            0.39          2.08 1990   0.29   0.10     0.20
  MONTH TO DATE   11.62                      5.26   6.36     8.96
  SINCE SEP 1     17.13                     15.20   1.93    12.87
  SINCE JAN 1    143.87                     95.14  48.73    66.49

SNOWFALL (IN)
  TODAY            0.0
  MONTH TO DATE    0.0
  SINCE SEP 1      0.0
  SINCE JUL 1      0.0
  SNOW DEPTH      MM

DEGREE DAYS
 HEATING
  TODAY            0                         0      0        0
  MONTH TO DATE    0                         0      0        0
  SINCE SEP 1      0                         0      0        0
  SINCE JUL 1      0                         0      0        0

 COOLING
  TODAY           11                        11      0       11
  MONTH TO DATE  222                       198     24      215
  SINCE SEP 1    623                       534     89      577
  SINCE JAN 1   3180                      2606    574     2993
..................................................................


WIND (MPH)
  HIGHEST WIND SPEED     9   HIGHEST WIND DIRECTION     N (10)
  HIGHEST GUST SPEED    12   HIGHEST GUST DIRECTION    SW (240)
  AVERAGE WIND SPEED    MM


SKY COVER
  POSSIBLE SUNSHINE  MM
  AVERAGE SKY COVER  MM


WEATHER CONDITIONS
 THE FOLLOWING WEATHER WAS RECORDED TODAY.
  FOG


RELATIVE HUMIDITY (PERCENT)
 HIGHEST    MM
 LOWEST     MM
 AVERAGE    MM

..........................................................


THE HILO HI CLIMATE NORMALS FOR TOMORROW
                         NORMAL    RECORD    YEAR
 MAXIMUM TEMPERATURE (F)   83        91      1961
 MINIMUM TEMPERATURE (F)   69        62      1999


SUNRISE AND SUNSET
OCTOBER 18 2018.......SUNRISE   616 AM HST   SUNSET   555 PM HST
OCTOBER 19 2018.......SUNRISE   616 AM HST   SUNSET   554 PM HST


-  INDICATES NEGATIVE NUMBERS.
R  INDICATES RECORD WAS SET OR TIED.
MM INDICATES DATA IS MISSING.
T  INDICATES TRACE AMOUNT.




$$
