000
CDHW43 PHFO 280239
CLIITO


CLIMATE REPORT
NATIONAL WEATHER SERVICE HONOLULU HI
437 PM HST WED MAY 27 2020


...................................

...THE HILO HI CLIMATE SUMMARY FOR MAY 27 2020...
VALID TODAY AS OF 0400 PM LOCAL TIME.

CLIMATE NORMAL PERIOD 1981 TO 2010
CLIMATE RECORD PERIOD 1949 TO 2020


WEATHER ITEM   OBSERVED TIME   RECORD YEAR NORMAL DEPARTURE LAST
                VALUE   (LST)  VALUE       VALUE  FROM      YEAR
                                                  NORMAL
..................................................................
TEMPERATURE (F)
 TODAY
  MAXIMUM         85   1129 AM  88    1992  81      4       85
  MINIMUM         72    617 AM  61    2003  68      4       69
  AVERAGE         79                        75      4       77

PRECIPITATION (IN)
  TODAY            0.05          1.42 1970   0.21  -0.16     0.43
  MONTH TO DATE    3.17                      7.29  -4.12     2.53
  SINCE MAR 1     38.87                     32.26   6.61    20.71
  SINCE JAN 1     59.46                     51.08   8.38    33.21

SNOWFALL (IN)
  TODAY            0.0
  MONTH TO DATE    0.0
  SINCE MAR 1      0.0
  SINCE JUL 1      0.0
  SNOW DEPTH      MM

DEGREE DAYS
 HEATING
  TODAY            0                         0      0        0
  MONTH TO DATE    0                         0      0        0
  SINCE MAR 1      0                         0      0        0
  SINCE JUL 1      0                         0      0        1

 COOLING
  TODAY           14                         9      5       12
  MONTH TO DATE  332                       231    101      303
  SINCE MAR 1    934                       658    276      752
  SINCE JAN 1   1511                      1028    483     1144
..................................................................


WIND (MPH)
  HIGHEST WIND SPEED    20   HIGHEST WIND DIRECTION     E (90)
  HIGHEST GUST SPEED    25   HIGHEST GUST DIRECTION     E (100)
  AVERAGE WIND SPEED    MM


SKY COVER
  POSSIBLE SUNSHINE  MM
  AVERAGE SKY COVER  MM


WEATHER CONDITIONS
 THE FOLLOWING WEATHER WAS RECORDED TODAY.
  FOG


RELATIVE HUMIDITY (PERCENT)
 HIGHEST    MM
 LOWEST     MM
 AVERAGE    MM

..........................................................


THE HILO HI CLIMATE NORMALS FOR TOMORROW
                         NORMAL    RECORD    YEAR
 MAXIMUM TEMPERATURE (F)   82        87      2007
                                             1992
                                             1980
 MINIMUM TEMPERATURE (F)   68        62      1972


SUNRISE AND SUNSET
MAY 27 2020...........SUNRISE   541 AM HST   SUNSET   654 PM HST
MAY 28 2020...........SUNRISE   541 AM HST   SUNSET   654 PM HST


-  INDICATES NEGATIVE NUMBERS.
R  INDICATES RECORD WAS SET OR TIED.
MM INDICATES DATA IS MISSING.
T  INDICATES TRACE AMOUNT.




$$
