000
CDHW43 PHFO 190226
CLIITO


CLIMATE REPORT
NATIONAL WEATHER SERVICE HONOLULU HI
425 PM HST WED JUL 18 2018


...................................

...THE HILO HI CLIMATE SUMMARY FOR JULY 18 2018...
VALID TODAY AS OF 0400 PM LOCAL TIME.

CLIMATE NORMAL PERIOD 1981 TO 2010
CLIMATE RECORD PERIOD 1946 TO 2018


WEATHER ITEM   OBSERVED TIME   RECORD YEAR NORMAL DEPARTURE LAST
                VALUE   (LST)  VALUE       VALUE  FROM      YEAR
                                                  NORMAL
..................................................................
TEMPERATURE (F)
 TODAY
  MAXIMUM         83    132 PM  88    2004  83      0       MM
                                      1980
                                      1969
  MINIMUM         75    645 AM  64    1963  69      6       MM
  AVERAGE         79                        76      3       MM

PRECIPITATION (IN)
  TODAY            0.43          1.72 1956   0.36   0.07    MM
  MONTH TO DATE    3.69                      5.99  -2.30     2.53
  SINCE JUN 1     11.42                     13.36  -1.94     5.49
  SINCE JAN 1     74.75                     65.27   9.48    40.13

SNOWFALL (IN)
  TODAY            0.0
  MONTH TO DATE    0.0
  SINCE JUN 1      0.0
  SINCE JUL 1      0.0
  SNOW DEPTH      MM

DEGREE DAYS
 HEATING
  TODAY            0                         0      0       MM
  MONTH TO DATE    0                         0      0        0
  SINCE JUN 1      0                         0      0        0
  SINCE JUL 1      0                         0      0        0

 COOLING
  TODAY           14                        11      3       MM
  MONTH TO DATE  242                       198     44      214
  SINCE JUN 1    576                       504     72      566
  SINCE JAN 1   1979                      1572    407     1870
..................................................................


WIND (MPH)
  HIGHEST WIND SPEED    20   HIGHEST WIND DIRECTION     E (100)
  HIGHEST GUST SPEED    25   HIGHEST GUST DIRECTION    SE (120)
  AVERAGE WIND SPEED    MM


SKY COVER
  POSSIBLE SUNSHINE  MM
  AVERAGE SKY COVER  MM


WEATHER CONDITIONS
 THE FOLLOWING WEATHER WAS RECORDED TODAY.
  FOG
  HAZE


RELATIVE HUMIDITY (PERCENT)
 HIGHEST    MM
 LOWEST     MM
 AVERAGE    MM

..........................................................


THE HILO HI CLIMATE NORMALS FOR TOMORROW
                         NORMAL    RECORD    YEAR
 MAXIMUM TEMPERATURE (F)   83        87      2016
                                             1997
                                             1980
 MINIMUM TEMPERATURE (F)   69        64      1976


SUNRISE AND SUNSET
JULY 18 2018..........SUNRISE   551 AM HST   SUNSET   702 PM HST
JULY 19 2018..........SUNRISE   552 AM HST   SUNSET   701 PM HST


-  INDICATES NEGATIVE NUMBERS.
R  INDICATES RECORD WAS SET OR TIED.
MM INDICATES DATA IS MISSING.
T  INDICATES TRACE AMOUNT.




$$
