000
CDHW43 PHFO 200244
CLIITO


CLIMATE REPORT
NATIONAL WEATHER SERVICE HONOLULU HI
442 PM HST MON OCT 19 2020


...................................

...THE HILO HI CLIMATE SUMMARY FOR OCTOBER 19 2020...
VALID TODAY AS OF 0400 PM LOCAL TIME.

CLIMATE NORMAL PERIOD 1981 TO 2010
CLIMATE RECORD PERIOD 1949 TO 2020


WEATHER ITEM   OBSERVED TIME   RECORD YEAR NORMAL DEPARTURE LAST
                VALUE   (LST)  VALUE       VALUE  FROM      YEAR
                                                  NORMAL
..................................................................
TEMPERATURE (F)
 TODAY
  MAXIMUM         87    240 PM  91    1961  83      4       84
  MINIMUM         73    641 AM  62    1999  69      4       72
  AVERAGE         80                        76      4       78

PRECIPITATION (IN)
  TODAY            0.02          3.91 1990   0.31  -0.29     0.45
  MONTH TO DATE    2.94                      5.57  -2.63     9.31
  SINCE SEP 1     11.73                     15.51  -3.78    17.47
  SINCE JAN 1     85.45                     95.45 -10.00    74.86

SNOWFALL (IN)
  TODAY            0.0
  MONTH TO DATE    0.0
  SINCE SEP 1      0.0
  SINCE JUL 1      0.0
  SNOW DEPTH      MM

DEGREE DAYS
 HEATING
  TODAY            0                         0      0        0
  MONTH TO DATE    0                         0      0        0
  SINCE SEP 1      0                         0      0        0
  SINCE JUL 1      0                         0      0        0

 COOLING
  TODAY           15                        10      5       13
  MONTH TO DATE  269                       208     61      285
  SINCE SEP 1    684                       544    140      764
  SINCE JAN 1   3493                      2616    877     3216
..................................................................


WIND (MPH)
  HIGHEST WIND SPEED    17   HIGHEST WIND DIRECTION    SE (120)
  HIGHEST GUST SPEED    21   HIGHEST GUST DIRECTION    SE (120)
  AVERAGE WIND SPEED    MM


SKY COVER
  POSSIBLE SUNSHINE  MM
  AVERAGE SKY COVER  MM


WEATHER CONDITIONS
 THE FOLLOWING WEATHER WAS RECORDED TODAY.
  FOG


RELATIVE HUMIDITY (PERCENT)
 HIGHEST    MM
 LOWEST     MM
 AVERAGE    MM

..........................................................


THE HILO HI CLIMATE NORMALS FOR TOMORROW
                         NORMAL    RECORD    YEAR
 MAXIMUM TEMPERATURE (F)   83        88      2015
                                             1992
 MINIMUM TEMPERATURE (F)   68        64      1969


SUNRISE AND SUNSET
OCTOBER 19 2020.......SUNRISE   616 AM HST   SUNSET   553 PM HST
OCTOBER 20 2020.......SUNRISE   617 AM HST   SUNSET   553 PM HST


-  INDICATES NEGATIVE NUMBERS.
R  INDICATES RECORD WAS SET OR TIED.
MM INDICATES DATA IS MISSING.
T  INDICATES TRACE AMOUNT.




$$
