000
CDHW43 PHFO 190226
CLIITO


CLIMATE REPORT
NATIONAL WEATHER SERVICE HONOLULU HI
425 PM HST FRI JAN 18 2019


...................................

...THE HILO HI CLIMATE SUMMARY FOR JANUARY 18 2019...
VALID TODAY AS OF 0400 PM LOCAL TIME.

CLIMATE NORMAL PERIOD 1981 TO 2010
CLIMATE RECORD PERIOD 1946 TO 2019


WEATHER ITEM   OBSERVED TIME   RECORD YEAR NORMAL DEPARTURE LAST
                VALUE   (LST)  VALUE       VALUE  FROM      YEAR
                                                  NORMAL
..................................................................
TEMPERATURE (F)
 TODAY
  MAXIMUM         81    250 PM  88    1974  79      2       78
  MINIMUM         64    434 AM  58    2009  64      0       68
  AVERAGE         73                        71      2       73

PRECIPITATION (IN)
  TODAY            0.00          5.08 2002   0.28  -0.28     0.62
  MONTH TO DATE    0.52                      4.98  -4.46     1.41
  SINCE DEC 1     10.49                     16.55  -6.06    11.31
  SINCE JAN 1      0.52                      4.98  -4.46     1.41

SNOWFALL (IN)
  TODAY            0.0
  MONTH TO DATE    0.0
  SINCE DEC 1      0.0
  SINCE JUL 1      0.0
  SNOW DEPTH      MM

DEGREE DAYS
 HEATING
  TODAY            0                         0      0        0
  MONTH TO DATE    0                         0      0        0
  SINCE DEC 1      0                         0      0        0
  SINCE JUL 1      0                         0      0        0

 COOLING
  TODAY            8                         6      2        8
  MONTH TO DATE  134                       119     15      149
  SINCE DEC 1    402                       344     58      349
  SINCE JAN 1    134                       119     15      149
..................................................................


WIND (MPH)
  HIGHEST WIND SPEED    17   HIGHEST WIND DIRECTION     N (20)
  HIGHEST GUST SPEED    20   HIGHEST GUST DIRECTION     N (10)
  AVERAGE WIND SPEED    MM


SKY COVER
  POSSIBLE SUNSHINE  MM
  AVERAGE SKY COVER  MM


WEATHER CONDITIONS
 THE FOLLOWING WEATHER WAS RECORDED TODAY.
  NO SIGNIFICANT WEATHER WAS OBSERVED.


RELATIVE HUMIDITY (PERCENT)
 HIGHEST    MM
 LOWEST     MM
 AVERAGE    MM

..........................................................


THE HILO HI CLIMATE NORMALS FOR TOMORROW
                         NORMAL    RECORD    YEAR
 MAXIMUM TEMPERATURE (F)   79        88      1974
 MINIMUM TEMPERATURE (F)   64        54      1980


SUNRISE AND SUNSET
JANUARY 18 2019.......SUNRISE   658 AM HST   SUNSET   604 PM HST
JANUARY 19 2019.......SUNRISE   658 AM HST   SUNSET   605 PM HST


-  INDICATES NEGATIVE NUMBERS.
R  INDICATES RECORD WAS SET OR TIED.
MM INDICATES DATA IS MISSING.
T  INDICATES TRACE AMOUNT.




$$
