000
CDUS43 KGLD 250751
CLIITR

CLIMATE REPORT
NATIONAL WEATHER SERVICE
151 AM MDT SUN OCT 25 2020

...................................

...THE BURLINGTON CO CLIMATE SUMMARY FOR OCTOBER 24 2020...

CLIMATE NORMAL PERIOD: 1981 TO 2010
CLIMATE RECORD PERIOD: 1896 TO 2020


WEATHER ITEM   OBSERVED TIME   RECORD YEAR NORMAL DEPARTURE LAST
                VALUE   (LST)  VALUE       VALUE  FROM      YEAR
                                                  NORMAL
...................................................................
TEMPERATURE (F)
 YESTERDAY
  MAXIMUM         48   2:57 PM  86    2014  62    -14       48
  MINIMUM         22   2:37 AM  18    1945  33    -11       20
  AVERAGE         35                        48    -13       34

PRECIPITATION (IN)
  YESTERDAY        0.00                      0.04  -0.04     0.00
  MONTH TO DATE    0.00                      0.98  -0.98     0.01
  SINCE SEP 1      0.24                      2.12  -1.88     0.33
  SINCE JAN 1     13.07                     16.27  -3.20    14.36

...................................................................


THE BURLINGTON CO CLIMATE NORMALS FOR TODAY
                         NORMAL    RECORD    YEAR
 MAXIMUM TEMPERATURE (F)   62        84      1963
                                             2014
 MINIMUM TEMPERATURE (F)   33        17      1997


-  INDICATES NEGATIVE NUMBERS.
R  INDICATES RECORD WAS SET OR TIED.
MM INDICATES DATA IS MISSING.
T  INDICATES TRACE AMOUNT.




$$
