000
CDUS43 KGLD 210741 RRA
CLIITR

CLIMATE REPORT
NATIONAL WEATHER SERVICE GOODLAND
138 AM MDT TUE AUG 21 2018

...................................

...THE BURLINGTON CO CLIMATE SUMMARY FOR AUGUST 20 2018...

CLIMATE NORMAL PERIOD 1981 TO 2010
CLIMATE RECORD PERIOD 1896 TO 2018


WEATHER ITEM   OBSERVED TIME   RECORD YEAR NORMAL DEPARTURE LAST
                VALUE   (LST)  VALUE       VALUE  FROM      YEAR
                                                  NORMAL
..................................................................
TEMPERATURE (F)
 YESTERDAY
  MAXIMUM         75    245 PM 101    2001  85    -10       93
                                      1987
  MINIMUM         49   1159 PM  45    2004  58     -9       60
                                      1964
  AVERAGE         62                        72    -10       77

PRECIPITATION (IN)
  YESTERDAY        0.00                      0.07  -0.07     0.00
  MONTH TO DATE    1.55                      1.61  -0.06     3.67
  SINCE JUN 1      6.41                      7.62  -1.21    11.96
  SINCE JAN 1     13.36                     13.35   0.01    23.30

..................................................................

THE BURLINGTON CO CLIMATE NORMALS FOR TODAY
                         NORMAL    RECORD    YEAR
 MAXIMUM TEMPERATURE (F)   85       102      1959
 MINIMUM TEMPERATURE (F)   57        42      1956


-  INDICATES NEGATIVE NUMBERS.
R  INDICATES RECORD WAS SET OR TIED.
MM INDICATES DATA IS MISSING.
T  INDICATES TRACE AMOUNT.

$$
