000
CDUS44 KJAN 182111
CLIJAN


CLIMATE REPORT
NATIONAL WEATHER SERVICE JACKSON MS
408 PM CDT FRI OCT 18 2019


...................................

...THE JACKSON CLIMATE SUMMARY FOR OCTOBER 18 2019...
VALID TODAY AS OF 0400 PM LOCAL TIME.

CLIMATE NORMAL PERIOD 1981 TO 2010
CLIMATE RECORD PERIOD 1896 TO 2019


WEATHER ITEM   OBSERVED TIME   RECORD YEAR NORMAL DEPARTURE LAST
                VALUE   (LST)  VALUE       VALUE  FROM      YEAR
                                                  NORMAL
..................................................................
TEMPERATURE (F)
 TODAY
  MAXIMUM         71    248 PM  93    1926  77     -6       73
  MINIMUM         49    623 AM  30    1948  52     -3       57
  AVERAGE         60                        64     -4       65

PRECIPITATION (IN)
  TODAY            0.00          1.38 1941   0.13  -0.13     0.00
  MONTH TO DATE    6.19                      2.22   3.97     0.32
  SINCE SEP 1      6.44                      5.25   1.19     9.81
  SINCE JAN 1     48.47                     42.53   5.94    58.61

SNOWFALL (IN)
  TODAY            0.0           0.0  2002   0.0    0.0      0.0
                                      2001
  MONTH TO DATE    0.0                       0.0    0.0      0.0
  SINCE SEP 1      0.0                       0.0    0.0      0.0
  SINCE JUL 1      0.0                       0.0    0.0      0.0

DEGREE DAYS
 HEATING
  TODAY            5                         3      2        0
  MONTH TO DATE   30                        36     -6       10
  SINCE SEP 1     30                        43    -13       10
  SINCE JUL 1     30                        43    -13       10

 COOLING
  TODAY            0                         3     -3        0
  MONTH TO DATE  154                        77     77      162
  SINCE SEP 1    687                       404    283      599
  SINCE JAN 1   2662                      2203    459     2613
..................................................................


WIND (MPH)
  HIGHEST WIND SPEED    15   HIGHEST WIND DIRECTION     E (80)
  HIGHEST GUST SPEED    18   HIGHEST GUST DIRECTION    NE (60)
  AVERAGE WIND SPEED     5.6


SKY COVER
  POSSIBLE SUNSHINE  MM
  AVERAGE SKY COVER 0.4


WEATHER CONDITIONS
 THE FOLLOWING WEATHER WAS RECORDED TODAY.
  NO SIGNIFICANT WEATHER WAS OBSERVED.


RELATIVE HUMIDITY (PERCENT)
 HIGHEST    83          1200 AM
 LOWEST     39          1200 PM
 AVERAGE    61

..........................................................


THE JACKSON CLIMATE NORMALS FOR TOMORROW
                         NORMAL    RECORD    YEAR
 MAXIMUM TEMPERATURE (F)   76        93      1921
 MINIMUM TEMPERATURE (F)   52        31      1948


SUNRISE AND SUNSET
OCTOBER 18 2019.......SUNRISE   706 AM CDT   SUNSET   624 PM CDT
OCTOBER 19 2019.......SUNRISE   707 AM CDT   SUNSET   623 PM CDT


-  INDICATES NEGATIVE NUMBERS.
R  INDICATES RECORD WAS SET OR TIED.
MM INDICATES DATA IS MISSING.
T  INDICATES TRACE AMOUNT.

&&

AT 4 PM:

THE PEARL RIVER STAGE AT JACKSON WAS 3.6 FEET. THE RIVER HAS FALLEN
0.5 FEET OVER THE PAST 24 HOURS.

THE MISSISSIPPI RIVER STAGE AT VICKSBURG WAS 29.1 FEET. THE RIVER
HAS FALLEN 0.2 FEET OVER THE PAST 24 HOURS.

THE AIR QUALITY INDEX IN JACKSON WAS 33...WHICH IS GOOD.

$$
