000
CDUS44 KJAN 170703
CLIJAN

CLIMATE REPORT
NATIONAL WEATHER SERVICE JACKSON MS
100 AM CST SUN FEB 17 2019

...................................

...THE JACKSON CLIMATE SUMMARY FOR FEBRUARY 16 2019...

CLIMATE NORMAL PERIOD 1981 TO 2010
CLIMATE RECORD PERIOD 1896 TO 2019


WEATHER ITEM   OBSERVED TIME   RECORD YEAR NORMAL DEPARTURE LAST
                VALUE   (LST)  VALUE       VALUE  FROM      YEAR
                                                  NORMAL
..................................................................
TEMPERATURE (F)
 YESTERDAY
  MAXIMUM         67    109 AM  84    1927  61      6       73
  MINIMUM         42    956 AM  18    1991  39      3       53
  AVERAGE         55                        50      5       63

PRECIPITATION (IN)
  YESTERDAY        T             2.00 1903   0.17  -0.17      T
  MONTH TO DATE    0.90                      2.76  -1.86     5.98
  SINCE DEC 1     15.74                     12.88   2.86    12.73
  SINCE JAN 1      7.71                      7.73  -0.02     9.06

SNOWFALL (IN)
  YESTERDAY        0.0           T    1996   0.0    0.0      0.0
                                      1980
  MONTH TO DATE    0.0                       0.1   -0.1      0.0
  SINCE DEC 1      0.3                       0.7   -0.4      5.9
  SINCE JUL 1      0.3                       0.7   -0.4      5.9

DEGREE DAYS
 HEATING
  YESTERDAY       10                        15     -5        2
  MONTH TO DATE  141                       272   -131      191
  SINCE DEC 1   1143                      1416   -273     1389
  SINCE JUL 1   1611                      1824   -213     1648

 COOLING
  YESTERDAY        0                         0      0        0
  MONTH TO DATE   15                         0     15        7
  SINCE DEC 1     18                        12      6       18
  SINCE JAN 1     15                         4     11        7
..................................................................


WIND (MPH)
  HIGHEST WIND SPEED    18   HIGHEST WIND DIRECTION     N (340)
  HIGHEST GUST SPEED    24   HIGHEST GUST DIRECTION     N (350)
  AVERAGE WIND SPEED     7.5


SKY COVER
  POSSIBLE SUNSHINE  MM
  AVERAGE SKY COVER 0.9


WEATHER CONDITIONS
 THE FOLLOWING WEATHER WAS RECORDED YESTERDAY.
  LIGHT RAIN
  FOG


RELATIVE HUMIDITY (PERCENT)
 HIGHEST    93           200 AM
 LOWEST     76           100 PM
 AVERAGE    85

..........................................................


THE JACKSON CLIMATE NORMALS FOR TODAY
                         NORMAL    RECORD    YEAR
 MAXIMUM TEMPERATURE (F)   61        81      1927
 MINIMUM TEMPERATURE (F)   39        15      1900


SUNRISE AND SUNSET
FEBRUARY 17 2019......SUNRISE   641 AM CST   SUNSET   548 PM CST
FEBRUARY 18 2019......SUNRISE   640 AM CST   SUNSET   549 PM CST


-  INDICATES NEGATIVE NUMBERS.
R  INDICATES RECORD WAS SET OR TIED.
MM INDICATES DATA IS MISSING.
T  INDICATES TRACE AMOUNT.

&&

AT 1 AM:

THE PEARL RIVER STAGE AT JACKSON WAS 13.2 FEET. THE RIVER FELL 0.3 FEET
THE PAST 24 HOURS.

THE MISSISSIPPI RIVER STAGE AT VICKSBURG WAS 43.1 FEET. THE RIVER ROSE
0.4 FEET OVER THE PAST 24 HOURS.

$$
