000
CDUS44 KJAN 252127
CLIJAN


CLIMATE REPORT
NATIONAL WEATHER SERVICE JACKSON MS
424 PM CDT MON MAY 25 2020


...................................

...THE JACKSON CLIMATE SUMMARY FOR MAY 25 2020...
VALID TODAY AS OF 0400 PM LOCAL TIME.

CLIMATE NORMAL PERIOD 1981 TO 2010
CLIMATE RECORD PERIOD 1896 TO 2020


WEATHER ITEM   OBSERVED TIME   RECORD YEAR NORMAL DEPARTURE LAST
                VALUE   (LST)  VALUE       VALUE  FROM      YEAR
                                                  NORMAL
..................................................................
TEMPERATURE (F)
 TODAY
  MAXIMUM         90    249 PM  97    1902  85      5       91
  MINIMUM         67    427 AM  46    1979  64      3       67
  AVERAGE         79                        75      4       79

PRECIPITATION (IN)
  TODAY            T             2.70 1948   0.14  -0.14     0.00
  MONTH TO DATE    1.70                      3.52  -1.82     7.02
  SINCE MAR 1     12.81                     13.52  -0.71    19.60
  SINCE JAN 1     36.17                     23.25  12.92    29.24

SNOWFALL (IN)
  TODAY            0.0           0.0    MM   0.0    0.0      0.0
  MONTH TO DATE    0.0                       0.0    0.0      0.0
  SINCE MAR 1      0.0                       0.1   -0.1      0.0
  SINCE JUL 1      T                         0.8   -0.8      0.3

DEGREE DAYS
 HEATING
  TODAY            0                         0      0        0
  MONTH TO DATE   20                        10     10        0
  SINCE MAR 1    182                       397   -215      384
  SINCE JUL 1   1843                      2389   -546     2095

 COOLING
  TODAY           14                        10      4       14
  MONTH TO DATE  170                       176     -6      236
  SINCE MAR 1    366                       284     82      339
  SINCE JAN 1    380                       294     86      367
..................................................................


WIND (MPH)
  HIGHEST WIND SPEED    18   HIGHEST WIND DIRECTION    SE (150)
  HIGHEST GUST SPEED    28   HIGHEST GUST DIRECTION    SE (150)
  AVERAGE WIND SPEED     8.6


SKY COVER
  POSSIBLE SUNSHINE  MM
  AVERAGE SKY COVER 0.3


WEATHER CONDITIONS
 THE FOLLOWING WEATHER WAS RECORDED TODAY.
  LIGHT RAIN


RELATIVE HUMIDITY (PERCENT)
 HIGHEST    90           200 AM
 LOWEST     50           200 PM
 AVERAGE    70

..........................................................


THE JACKSON CLIMATE NORMALS FOR TOMORROW
                         NORMAL    RECORD    YEAR
 MAXIMUM TEMPERATURE (F)   86        99      1964
 MINIMUM TEMPERATURE (F)   65        44      1979


SUNRISE AND SUNSET
MAY 25 2020...........SUNRISE   557 AM CDT   SUNSET   758 PM CDT
MAY 26 2020...........SUNRISE   556 AM CDT   SUNSET   759 PM CDT


-  INDICATES NEGATIVE NUMBERS.
R  INDICATES RECORD WAS SET OR TIED.
MM INDICATES DATA IS MISSING.
T  INDICATES TRACE AMOUNT.


&&

AT 4 PM:

THE PEARL RIVER STAGE AT JACKSON WAS 6.1 FEET. THE RIVER HAS
FALLEN 2.3 FEET OVER THE PAST 24 HOURS.

THE MISSISSIPPI RIVER STAGE AT VICKSBURG WAS 41.7 FEET. THE RIVER
HAS REMAINED STEADY OVER THE PAST 24 HOURS.

THE AIR QUALITY INDEX IN JACKSON WAS 38...WHICH WAS GOOD.

$$
