000
CDUS44 KJAN 172206
CLIJAN


CLIMATE REPORT
NATIONAL WEATHER SERVICE JACKSON MS
506 PM CDT TUE JUL 17 2018


...................................

...THE JACKSON CLIMATE SUMMARY FOR JULY 17 2018...
VALID AS OF 0500 PM LOCAL TIME.

CLIMATE NORMAL PERIOD 1981 TO 2010
CLIMATE RECORD PERIOD 1896 TO 2018


WEATHER ITEM   OBSERVED TIME   RECORD YEAR NORMAL DEPARTURE LAST
                VALUE   (LST)  VALUE       VALUE  FROM      YEAR
                                                  NORMAL
..................................................................
TEMPERATURE (F)
 TODAY
  MAXIMUM         88    347 PM 104    1902  92     -4       93
  MINIMUM         73    502 AM  61    1926  72      1       74
  AVERAGE         81                        82     -1       84

PRECIPITATION (IN)
  TODAY            0.11          4.98 1933   0.15  -0.04     0.00
  MONTH TO DATE    1.92                      2.63  -0.71     4.66
  SINCE JUN 1      4.38                      6.75  -2.37    13.08
  SINCE JAN 1     43.78                     30.86  12.92    44.57

SNOWFALL (IN)
  TODAY            0.0           0.0  2002   0.0    0.0      0.0
                                      2001
  MONTH TO DATE    0.0                       0.0    0.0      0.0
  SINCE JUN 1      0.0                       0.0    0.0      0.0
  SINCE JUL 1      0.0                       0.0    0.0      0.0

DEGREE DAYS
 HEATING
  TODAY            0                         0      0        0
  MONTH TO DATE    0                         0      0        0
  SINCE JUN 1      0                         0      0        0
  SINCE JUL 1      0                         0      0        0

 COOLING
  TODAY           16                        17     -1       19
  MONTH TO DATE  302                       282     20      304
  SINCE JUN 1    780                       704     76      685
  SINCE JAN 1   1268                      1062    206     1181
..................................................................


WIND (MPH)
  HIGHEST WIND SPEED    14   HIGHEST WIND DIRECTION     W (270)
  HIGHEST GUST SPEED    18   HIGHEST GUST DIRECTION    SW (240)
  AVERAGE WIND SPEED     4.5


SKY COVER
  POSSIBLE SUNSHINE  MM
  AVERAGE SKY COVER 0.5


WEATHER CONDITIONS
 THE FOLLOWING WEATHER WAS RECORDED TODAY.
  THUNDERSTORM
  HEAVY RAIN
  RAIN
  LIGHT RAIN
  FOG


RELATIVE HUMIDITY (PERCENT)
 HIGHEST   100          1200 AM
 LOWEST     65           300 PM
 AVERAGE    83

..........................................................


THE JACKSON CLIMATE NORMALS FOR TOMORROW
                         NORMAL    RECORD    YEAR
 MAXIMUM TEMPERATURE (F)   92       104      1944
 MINIMUM TEMPERATURE (F)   72        61      1967


SUNRISE AND SUNSET
JULY 17 2018..........SUNRISE   605 AM CDT   SUNSET   807 PM CDT
JULY 18 2018..........SUNRISE   606 AM CDT   SUNSET   807 PM CDT


-  INDICATES NEGATIVE NUMBERS.
R  INDICATES RECORD WAS SET OR TIED.
MM INDICATES DATA IS MISSING.
T  INDICATES TRACE AMOUNT.




$$
