000
CDUS44 KJAN 220950
CLIJAN


CLIMATE REPORT
NATIONAL WEATHER SERVICE JACKSON MS
443 AM CDT THU OCT 22 2020


...................................

...THE JACKSON CLIMATE SUMMARY FOR OCTOBER 21 2020...

CLIMATE NORMAL PERIOD 1981 TO 2010
CLIMATE RECORD PERIOD 1896 TO 2020


WEATHER ITEM   OBSERVED TIME   RECORD YEAR NORMAL DEPARTURE LAST
                VALUE   (LST)  VALUE       VALUE  FROM      YEAR
                                                  NORMAL
..................................................................
TEMPERATURE (F)
 YESTERDAY
  MAXIMUM         88    204 PM  92    1899  76     12       73
  MINIMUM         64    629 AM  30    1917  51     13       62
  AVERAGE         76                        64     12       68

PRECIPITATION (IN)
  YESTERDAY        0.00          4.15 1984   0.14  -0.14     1.04
  MONTH TO DATE    1.95                      2.63  -0.68     7.47
  SINCE SEP 1      5.99                      5.66   0.33     7.72
  SINCE JAN 1     62.52                     42.94  19.58    49.75

SNOWFALL (IN)
  YESTERDAY        0.0           0.0         0.0    0.0      0.0
  MONTH TO DATE    0.0                       0.0    0.0      0.0
  SINCE SEP 1      0.0                       0.0    0.0      0.0
  SINCE JUL 1      0.0                       0.0    0.0      0.0

DEGREE DAYS
 HEATING
  YESTERDAY        0                         4     -4        0
  MONTH TO DATE   16                        48    -32       30
  SINCE SEP 1     16                        55    -39       30
  SINCE JUL 1     16                        55    -39       30

 COOLING
  YESTERDAY       11                         3      8        3
  MONTH TO DATE   92                        86      6      163
  SINCE SEP 1    476                       413     63      696
  SINCE JAN 1   2444                      2212    232     2671
..................................................................


WIND (MPH)
  HIGHEST WIND SPEED    12   HIGHEST WIND DIRECTION    NE (40)
  HIGHEST GUST SPEED    19   HIGHEST GUST DIRECTION     N (350)
  AVERAGE WIND SPEED     4.4


SKY COVER
  POSSIBLE SUNSHINE  MM
  AVERAGE SKY COVER 0.1


WEATHER CONDITIONS
 THE FOLLOWING WEATHER WAS RECORDED YESTERDAY.
  FOG


RELATIVE HUMIDITY (PERCENT)
 HIGHEST    93           100 AM
 LOWEST     46           200 PM
 AVERAGE    70

..........................................................


THE JACKSON CLIMATE NORMALS FOR TODAY
                         NORMAL    RECORD    YEAR
 MAXIMUM TEMPERATURE (F)   75        92      1941
 MINIMUM TEMPERATURE (F)   51        31      1987
                                             1916


SUNRISE AND SUNSET
OCTOBER 22 2020.......SUNRISE   710 AM CDT   SUNSET   619 PM CDT
OCTOBER 23 2020.......SUNRISE   711 AM CDT   SUNSET   618 PM CDT


-  INDICATES NEGATIVE NUMBERS.
R  INDICATES RECORD WAS SET OR TIED.
MM INDICATES DATA IS MISSING.
T  INDICATES TRACE AMOUNT.

&&

AT 1 AM:

THE PEARL RIVER STAGE AT JACKSON WAS 3.9 FEET. THE RIVER HAS REMAINED
STEADY OVER THE PAST 24 HOURS.

THE MISSISSIPPI RIVER STAGE AT VICKSBURG WAS 9.6 FEET. THE RIVER HAS
RISEN BY 0.1 FEET OVER THE PAST 24 HOURS.

$$

NF
