000
CDUS44 KJAN 200710
CLIJAN


CLIMATE REPORT
NATIONAL WEATHER SERVICE JACKSON MS
203 AM CDT FRI APR 20 2018


...................................

...THE JACKSON CLIMATE SUMMARY FOR APRIL 19 2018...

CLIMATE NORMAL PERIOD 1981 TO 2010
CLIMATE RECORD PERIOD 1896 TO 2018


WEATHER ITEM   OBSERVED TIME   RECORD YEAR NORMAL DEPARTURE LAST
                VALUE   (LST)  VALUE       VALUE  FROM      YEAR
                                                  NORMAL
..................................................................
TEMPERATURE (F)
 YESTERDAY
  MAXIMUM         66    120 AM  92    1987  77    -11       85
  MINIMUM         48   1122 PM  35    1983  53     -5       58
  AVERAGE         57                        65     -8       72

PRECIPITATION (IN)
  YESTERDAY        0.00          1.72 1982   0.17  -0.17     0.00
  MONTH TO DATE    4.98                      3.35   1.63     7.47
  SINCE MAR 1     14.17                      8.39   5.78    11.99
  SINCE JAN 1     27.78                     18.12   9.66    22.20

SNOWFALL (IN)
  YESTERDAY        0.0           T    1991   0.0    0.0      0.0
                                      1983
  MONTH TO DATE    0.0                       0.0    0.0      0.0
  SINCE MAR 1      0.0                       0.1   -0.1      0.0
  SINCE JUL 1      5.9                       0.8    5.1      0.8

DEGREE DAYS
 HEATING
  YESTERDAY        8                         3      5        0
  MONTH TO DATE  118                        86     32       23
  SINCE MAR 1    346                       364    -18      187
  SINCE JUL 1   2016                      2356   -340     1305

 COOLING
  YESTERDAY        0                         3     -3        7
  MONTH TO DATE   22                        42    -20       77
  SINCE MAR 1     62                        69     -7      162
  SINCE JAN 1    127                        79     48      220
..................................................................


WIND (MPH)
  HIGHEST WIND SPEED    20   HIGHEST WIND DIRECTION     N (350)
  HIGHEST GUST SPEED    24   HIGHEST GUST DIRECTION     N (340)
  AVERAGE WIND SPEED    11.4


SKY COVER
  POSSIBLE SUNSHINE  MM
  AVERAGE SKY COVER 0.1


WEATHER CONDITIONS
 THE FOLLOWING WEATHER WAS RECORDED YESTERDAY.
  NO SIGNIFICANT WEATHER WAS OBSERVED.


RELATIVE HUMIDITY (PERCENT)
 HIGHEST    87          1200 AM
 LOWEST     36          1200 PM
 AVERAGE    62

..........................................................


THE JACKSON CLIMATE NORMALS FOR TODAY
                         NORMAL    RECORD    YEAR
 MAXIMUM TEMPERATURE (F)   77        91      1987
 MINIMUM TEMPERATURE (F)   53        37      1953


SUNRISE AND SUNSET
APRIL 20 2018.........SUNRISE   625 AM CDT   SUNSET   734 PM CDT
APRIL 21 2018.........SUNRISE   624 AM CDT   SUNSET   734 PM CDT


-  INDICATES NEGATIVE NUMBERS.
R  INDICATES RECORD WAS SET OR TIED.
MM INDICATES DATA IS MISSING.
T  INDICATES TRACE AMOUNT.

&&

AT 2 AM:

THE PEARL RIVER STAGE AT JACKSON WAS 19.2 FEET. THE RIVER FELL 0.6
FEET OVER THE PAST 24 HOURS.

THE MISSISSIPPI RIVER STAGE AT VICKSBURG WAS 43.1 FEET. THE RIVER
REMAINED STEADY OVER THE PAST 24 HOURS.

$$
