000
CDUS44 KJAN 222124
CLIJAN


CLIMATE REPORT
NATIONAL WEATHER SERVICE JACKSON MS
423 PM CDT MON OCT 22 2018


...................................

...THE JACKSON CLIMATE SUMMARY FOR OCTOBER 22 2018...
VALID TODAY AS OF 0400 PM LOCAL TIME.

CLIMATE NORMAL PERIOD 1981 TO 2010
CLIMATE RECORD PERIOD 1896 TO 2018


WEATHER ITEM   OBSERVED TIME   RECORD YEAR NORMAL DEPARTURE LAST
                VALUE   (LST)  VALUE       VALUE  FROM      YEAR
                                                  NORMAL
..................................................................
TEMPERATURE (F)
 TODAY
  MAXIMUM         70    239 PM  92    1941  75     -5       76
  MINIMUM         39    614 AM  31    1987  51    -12       62
                                      1916
  AVERAGE         55                        63     -8       69

PRECIPITATION (IN)
  TODAY            0.00          1.50 1972   0.13  -0.13     0.36
  MONTH TO DATE    0.33                      2.76  -2.43     1.36
  SINCE SEP 1      9.82                      5.79   4.03     2.53
  SINCE JAN 1     58.62                     43.07  15.55    56.42

SNOWFALL (IN)
  TODAY            0.0           0.0  2002   0.0    0.0      0.0
                                      2001
  MONTH TO DATE    0.0                       0.0    0.0      0.0
  SINCE SEP 1      0.0                       0.0    0.0      0.0
  SINCE JUL 1      0.0                       0.0    0.0      0.0

DEGREE DAYS
 HEATING
  TODAY           10                         4      6        0
  MONTH TO DATE   37                        52    -15        1
  SINCE SEP 1     37                        59    -22        3
  SINCE JUL 1     37                        59    -22        3

 COOLING
  TODAY            0                         2     -2        4
  MONTH TO DATE  166                        88     78      195
  SINCE SEP 1    603                       415    188      539
  SINCE JAN 1   2617                      2214    403     2464
..................................................................


WIND (MPH)
  HIGHEST WIND SPEED    10   HIGHEST WIND DIRECTION     N (360)
  HIGHEST GUST SPEED    14   HIGHEST GUST DIRECTION    NW (330)
  AVERAGE WIND SPEED     2.4


SKY COVER
  POSSIBLE SUNSHINE  MM
  AVERAGE SKY COVER 0.3


WEATHER CONDITIONS
 THE FOLLOWING WEATHER WAS RECORDED TODAY.
  NO SIGNIFICANT WEATHER WAS OBSERVED.


RELATIVE HUMIDITY (PERCENT)
 HIGHEST    92           400 AM
 LOWEST     37           100 PM
 AVERAGE    65

..........................................................


THE JACKSON CLIMATE NORMALS FOR TOMORROW
                         NORMAL    RECORD    YEAR
 MAXIMUM TEMPERATURE (F)   75        95      1899
 MINIMUM TEMPERATURE (F)   51        32      1916
                                             1911


SUNRISE AND SUNSET
OCTOBER 22 2018.......SUNRISE   709 AM CDT   SUNSET   620 PM CDT
OCTOBER 23 2018.......SUNRISE   710 AM CDT   SUNSET   619 PM CDT


-  INDICATES NEGATIVE NUMBERS.
R  INDICATES RECORD WAS SET OR TIED.
MM INDICATES DATA IS MISSING.
T  INDICATES TRACE AMOUNT.

&&

AT 4 PM:

THE PEARL RIVER STAGE AT JACKSON WAS 3.4 FEET. THE RIVER HAS
REMAINED STEADY OVER THE PAST 24 HOURS.

THE MISSISSIPPI RIVER STAGE AT VICKSBURG WAS 35.2 FEET. THE RIVER
HAS RISEN 0.8 FEET OVER THE PAST 24 HOURS.

THE AIR QUALITY INDEX IN JACKSON WAS 43...WHICH IS GOOD.

$$
