000
CDUS44 KJAN 200654
CLIJAN


CLIMATE REPORT
NATIONAL WEATHER SERVICE JACKSON MS
1252 AM CST TUE FEB 20 2018


...................................

...THE JACKSON CLIMATE SUMMARY FOR FEBRUARY 19 2018...

CLIMATE NORMAL PERIOD 1981 TO 2010
CLIMATE RECORD PERIOD 1896 TO 2018


WEATHER ITEM   OBSERVED TIME   RECORD YEAR NORMAL DEPARTURE LAST
                VALUE   (LST)  VALUE       VALUE  FROM      YEAR
                                                  NORMAL
..................................................................
TEMPERATURE (F)
 YESTERDAY
  MAXIMUM         83R   230 PM  82    2017  62     21       82
                                      1986
  MINIMUM         57    318 AM  18    1978  39     18       48
                                      1900
  AVERAGE         70                        50     20       65

PRECIPITATION (IN)
  YESTERDAY        0.00          2.33 1991   0.17  -0.17     0.00
  MONTH TO DATE    6.08                      3.27   2.81     0.60
  SINCE DEC 1     12.83                     13.39  -0.56    14.24
  SINCE JAN 1      9.16                      8.24   0.92     8.50

SNOWFALL (IN)
  YESTERDAY        0.0           T    1959   0.0    0.0      0.0
  MONTH TO DATE    0.0                       0.1   -0.1      0.0
  SINCE DEC 1      5.9                       0.7    5.2      0.8
  SINCE JUL 1      5.9                       0.7    5.2      0.8

DEGREE DAYS
 HEATING
  YESTERDAY        0                        15    -15        0
  MONTH TO DATE  201                       317   -116      148
  SINCE DEC 1   1399                      1461    -62      872
  SINCE JUL 1   1658                      1869   -211     1076

 COOLING
  YESTERDAY        5                         0      5        0
  MONTH TO DATE   12                         0     12       18
  SINCE DEC 1     23                        12     11       71
  SINCE JAN 1     12                         4      8       41
..................................................................


WIND (MPH)
  HIGHEST WIND SPEED    24   HIGHEST WIND DIRECTION     S (200)
  HIGHEST GUST SPEED    30   HIGHEST GUST DIRECTION     S (180)
  AVERAGE WIND SPEED    11.6


SKY COVER
  POSSIBLE SUNSHINE  MM
  AVERAGE SKY COVER 0.5


WEATHER CONDITIONS
 THE FOLLOWING WEATHER WAS RECORDED YESTERDAY.
  FOG


RELATIVE HUMIDITY (PERCENT)
 HIGHEST   100          1200 AM
 LOWEST     42           200 PM
 AVERAGE    71

..........................................................


THE JACKSON CLIMATE NORMALS FOR TODAY
                         NORMAL    RECORD    YEAR
 MAXIMUM TEMPERATURE (F)   62        83      2017
                                             1986
 MINIMUM TEMPERATURE (F)   40        20      1978


SUNRISE AND SUNSET
FEBRUARY 20 2018......SUNRISE   638 AM CST   SUNSET   551 PM CST
FEBRUARY 21 2018......SUNRISE   637 AM CST   SUNSET   552 PM CST


-  INDICATES NEGATIVE NUMBERS.
R  INDICATES RECORD WAS SET OR TIED.
MM INDICATES DATA IS MISSING.
T  INDICATES TRACE AMOUNT.

&&

AT 1 AM:

THE PEARL RIVER STAGE AT JACKSON WAS 15.2 FEET. THE RIVER FELL 1.7
FEET OVER THE PAST 24 HOURS.

THE MISSISSIPPI RIVER STAGE AT VICKSBURG WAS 31.4 FEET. THE RIVER
ROSE 0.9 FOOT OVER THE PAST 24 HOURS.

$$
