000
CDUS44 KJAN 122208
CLIJAN

CLIMATE REPORT
NATIONAL WEATHER SERVICE JACKSON MS
508 PM CDT WED MAY 12 2021

...................................

...THE JACKSON CLIMATE SUMMARY FOR MAY 12 2021...
VALID AS OF 0500 PM LOCAL TIME.

CLIMATE NORMAL PERIOD: 1991 TO 2020
CLIMATE RECORD PERIOD: 1896 TO 2021


WEATHER ITEM   OBSERVED TIME   RECORD YEAR NORMAL DEPARTURE LAST
                VALUE   (LST)  VALUE       VALUE  FROM      YEAR
                                                  NORMAL
...................................................................
TEMPERATURE (F)
 TODAY
  MAXIMUM         69   3:53 PM  96    1902  83    -14       82
                                      1916
  MINIMUM         60   6:20 AM  42    1960  61     -1       53
                                      1989
  AVERAGE         65                        72     -7       68

PRECIPITATION (IN)
  TODAY            0.03          2.69 1990   0.13  -0.10     0.00
  MONTH TO DATE    2.38                      1.69   0.69     0.41
  SINCE MAR 1     16.18                     13.21   2.97    11.52
  SINCE JAN 1     22.06                     23.73  -1.67    34.88

SNOWFALL (IN)
  TODAY            0.0           0.0    MM   0.0    0.0      0.0
  MONTH TO DATE    0.0                       0.0    0.0      0.0
  SINCE MAR 1      0.0                       0.1   -0.1      0.0
  SINCE JUL 1      3.2                       0.6    2.6       T

DEGREE DAYS
 HEATING
  TODAY            0                         0      0        0
  MONTH TO DATE    0                        10    -10       20
  SINCE MAR 1    290                       357    -67      182
  SINCE JUL 1   2106                      2221   -115     1843

 COOLING
  TODAY            0                         7     -7        3
  MONTH TO DATE   60                        73    -13       31
  SINCE MAR 1    198                       197      1      227
  SINCE JAN 1    225                       210     15      241
...................................................................


WIND (MPH)
  HIGHEST WIND SPEED    14   HIGHEST WIND DIRECTION    NE (30)
  HIGHEST GUST SPEED    19   HIGHEST GUST DIRECTION     N (360)
  AVERAGE WIND SPEED     8.9


SKY COVER
  POSSIBLE SUNSHINE  MM
  AVERAGE SKY COVER 1.0


WEATHER CONDITIONS
THE FOLLOWING WEATHER WAS RECORDED TODAY.
  RAIN
  LIGHT RAIN
  FOG
  HAZE


RELATIVE HUMIDITY (PERCENT)
 HIGHEST    87          12:00 AM
 LOWEST     68           4:00 PM
 AVERAGE    78

..........................................................


THE JACKSON CLIMATE NORMALS FOR TOMORROW
                         NORMAL    RECORD    YEAR
 MAXIMUM TEMPERATURE (F)   83        93      1916
 MINIMUM TEMPERATURE (F)   61        42      1960


SUNRISE AND SUNSET
MAY 12 2021...........SUNRISE   6:04 AM CDT   SUNSET   7:49 PM CDT
MAY 13 2021...........SUNRISE   6:04 AM CDT   SUNSET   7:50 PM CDT


-  INDICATES NEGATIVE NUMBERS.
R  INDICATES RECORD WAS SET OR TIED.
MM INDICATES DATA IS MISSING.
T  INDICATES TRACE AMOUNT.




$$
