000
CDUS44 KMEG 230734
CLIJBR


CLIMATE REPORT
NATIONAL WEATHER SERVICE MEMPHIS TN
133 AM CST WED JAN 23 2019


...................................

...THE JONESBORO CLIMATE SUMMARY FOR JANUARY 22 2019...

CLIMATE NORMAL PERIOD 1981 TO 2010
CLIMATE RECORD PERIOD 1897 TO 2019


WEATHER ITEM   OBSERVED TIME   RECORD YEAR NORMAL DEPARTURE LAST
                VALUE   (LST)  VALUE       VALUE  FROM      YEAR
                                                  NORMAL
..................................................................
TEMPERATURE (F)
 YESTERDAY
  MAXIMUM         52   1159 PM  71    1921  46      6       61
  MINIMUM         33   1221 AM   0    1930  29      4       46
  AVERAGE         43                        38      5       54

PRECIPITATION (IN)
  YESTERDAY        0.12          3.10 1937   0.10   0.02     0.80
  MONTH TO DATE    2.94                      2.36   0.58     2.13
  SINCE DEC 1      7.82                      7.13   0.69     7.25
  SINCE JAN 1      2.94                      2.36   0.58     2.13

DEGREE DAYS
 HEATING
  YESTERDAY       22                        27     -5       11
  MONTH TO DATE  519                       615    -96      729
  SINCE DEC 1   1193                      1407   -214     1485
  SINCE JUL 1   1972                      2057    -85     2029

 COOLING
  YESTERDAY        0                         0      0        0
  MONTH TO DATE    0                         0      0        0
  SINCE DEC 1      0                         0      0        0
  SINCE JAN 1      0                         0      0        0
..................................................................


WIND (MPH)
  HIGHEST WIND SPEED    25   HIGHEST WIND DIRECTION     S (170)
  HIGHEST GUST SPEED    33   HIGHEST GUST DIRECTION     S (160)
  AVERAGE WIND SPEED    16.4


SKY COVER
  POSSIBLE SUNSHINE  MM
  AVERAGE SKY COVER 0.9


WEATHER CONDITIONS
 THE FOLLOWING WEATHER WAS RECORDED YESTERDAY.
  LIGHT RAIN


RELATIVE HUMIDITY (PERCENT)
 HIGHEST    93           800 PM
 LOWEST     64           400 AM
 AVERAGE    79

..........................................................


THE JONESBORO CLIMATE NORMALS FOR TODAY
                         NORMAL    RECORD    YEAR
 MAXIMUM TEMPERATURE (F)   47        75      1943
 MINIMUM TEMPERATURE (F)   29         3      1918


SUNRISE AND SUNSET
JANUARY 23 2019.......SUNRISE   709 AM CST   SUNSET   520 PM CST
JANUARY 24 2019.......SUNRISE   708 AM CST   SUNSET   521 PM CST


-  INDICATES NEGATIVE NUMBERS.
R  INDICATES RECORD WAS SET OR TIED.
MM INDICATES DATA IS MISSING.
T  INDICATES TRACE AMOUNT.


$$
