000
CDUS44 KMEG 222155
CLIJBR

CLIMATE REPORT
NATIONAL WEATHER SERVICE MEMPHIS TN
454 PM CDT TUE OCT 22 2019


...................................

...THE JONESBORO CLIMATE SUMMARY FOR OCTOBER 22 2019...
VALID TODAY AS OF 0400 PM LOCAL TIME.

CLIMATE NORMAL PERIOD 1981 TO 2010
CLIMATE RECORD PERIOD 1897 TO 2019


WEATHER ITEM   OBSERVED TIME   RECORD YEAR NORMAL DEPARTURE LAST
                VALUE   (LST)  VALUE       VALUE  FROM      YEAR
                                                  NORMAL
..................................................................
TEMPERATURE (F)
 TODAY
  MAXIMUM         66    259 PM  94    1900  71     -5       65
  MINIMUM         49    353 AM  26    1917  48      1       34
  AVERAGE         58                        59     -1       50

PRECIPITATION (IN)
  TODAY            0.00          1.90 2009   0.17  -0.17     0.00
  MONTH TO DATE    3.24                      3.07   0.17     1.74
  SINCE SEP 1      4.89                      6.13  -1.24    10.06
  SINCE JAN 1     54.67                     37.24  17.43    56.39

DEGREE DAYS
 HEATING
  TODAY            7                         7      0       15
  MONTH TO DATE   85                        97    -12      126
  SINCE SEP 1     85                       115    -30      129
  SINCE JUL 1     85                       115    -30      129

 COOLING
  TODAY            0                         1     -1        0
  MONTH TO DATE   87                        44     43      125
  SINCE SEP 1    549                       269    280      451
  SINCE JAN 1   2196                      1815    381     2300
..................................................................


WIND (MPH)
  HIGHEST WIND SPEED    23   HIGHEST WIND DIRECTION     W (280)
  HIGHEST GUST SPEED    32   HIGHEST GUST DIRECTION     W (280)
  AVERAGE WIND SPEED    11.6


SKY COVER
  POSSIBLE SUNSHINE  MM
  AVERAGE SKY COVER 0.0


WEATHER CONDITIONS
 THE FOLLOWING WEATHER WAS RECORDED TODAY.
  NO SIGNIFICANT WEATHER WAS OBSERVED.


RELATIVE HUMIDITY (PERCENT)
 HIGHEST    71           300 AM
 LOWEST     31           100 PM
 AVERAGE    51

..........................................................


THE JONESBORO CLIMATE NORMALS FOR TOMORROW
                         NORMAL    RECORD    YEAR
 MAXIMUM TEMPERATURE (F)   70        91      1939
 MINIMUM TEMPERATURE (F)   48        27      1937


SUNRISE AND SUNSET
OCTOBER 22 2019.......SUNRISE   715 AM CDT   SUNSET   618 PM CDT
OCTOBER 23 2019.......SUNRISE   716 AM CDT   SUNSET   617 PM CDT


-  INDICATES NEGATIVE NUMBERS.
R  INDICATES RECORD WAS SET OR TIED.
MM INDICATES DATA IS MISSING.
T  INDICATES TRACE AMOUNT.




$$
