000
CDUS44 KMEG 160637
CLIJBR


CLIMATE REPORT
NATIONAL WEATHER SERVICE MEMPHIS TN
137 AM CDT THU AUG 16 2018


...................................

...THE JONESBORO CLIMATE SUMMARY FOR AUGUST 15 2018...

CLIMATE NORMAL PERIOD 1981 TO 2010
CLIMATE RECORD PERIOD 1897 TO 2018


WEATHER ITEM   OBSERVED TIME   RECORD YEAR NORMAL DEPARTURE LAST
                VALUE   (LST)  VALUE       VALUE  FROM      YEAR
                                                  NORMAL
..................................................................
TEMPERATURE (F)
 YESTERDAY
  MAXIMUM         93   1217 PM 105    1954  90      3       84
                                      1900
  MINIMUM         74    144 AM  55    2001  70      4       73
  AVERAGE         84                        80      4       79

PRECIPITATION (IN)
  YESTERDAY      119.00R         2.28 1982   0.09 118.91     0.63
  MONTH TO DATE  119.37                      1.23 118.14     2.83
  SINCE JUN 1    125.41                      8.52 116.89     8.97
  SINCE JAN 1    156.00                     29.80 126.20    36.16

DEGREE DAYS
 HEATING
  YESTERDAY        0                         0      0        0
  MONTH TO DATE    0                         0      0        0
  SINCE JUN 1      0                         1     -1        0
  SINCE JUL 1      0                         0      0        0

 COOLING
  YESTERDAY       19                        15      4       14
  MONTH TO DATE  216                       236    -20      163
  SINCE JUN 1   1251                      1110    141     1093
  SINCE JAN 1   1633                      1323    310     1327
..................................................................


WIND (MPH)
  HIGHEST WIND SPEED    31   HIGHEST WIND DIRECTION     W (260)
  HIGHEST GUST SPEED    39   HIGHEST GUST DIRECTION     W (250)
  AVERAGE WIND SPEED     9.7


SKY COVER
  POSSIBLE SUNSHINE  MM
  AVERAGE SKY COVER 0.4


WEATHER CONDITIONS
 THE FOLLOWING WEATHER WAS RECORDED YESTERDAY.
  THUNDERSTORM
  HEAVY RAIN
  RAIN
  LIGHT RAIN
  FOG


RELATIVE HUMIDITY (PERCENT)
 HIGHEST   100          1200 AM
 LOWEST     56           100 PM
 AVERAGE    78

..........................................................


THE JONESBORO CLIMATE NORMALS FOR TODAY
                         NORMAL    RECORD    YEAR
 MAXIMUM TEMPERATURE (F)   90       105      2007
                                             1954
                                             1943
 MINIMUM TEMPERATURE (F)   70        51      1897


SUNRISE AND SUNSET
AUGUST 16 2018........SUNRISE   622 AM CDT   SUNSET   751 PM CDT
AUGUST 17 2018........SUNRISE   623 AM CDT   SUNSET   750 PM CDT


-  INDICATES NEGATIVE NUMBERS.
R  INDICATES RECORD WAS SET OR TIED.
MM INDICATES DATA IS MISSING.
T  INDICATES TRACE AMOUNT.




$$
