000
CDUS44 KMEG 270633
CLIJBR


CLIMATE REPORT
NATIONAL WEATHER SERVICE MEMPHIS TN
133 AM CDT SUN MAY 27 2018


...................................

...THE JONESBORO CLIMATE SUMMARY FOR MAY 26 2018...

CLIMATE NORMAL PERIOD 1981 TO 2010
CLIMATE RECORD PERIOD 1897 TO 2018


WEATHER ITEM   OBSERVED TIME   RECORD YEAR NORMAL DEPARTURE LAST
                VALUE   (LST)  VALUE       VALUE  FROM      YEAR
                                                  NORMAL
..................................................................
TEMPERATURE (F)
 YESTERDAY
  MAXIMUM         88    300 PM 100    1911  83      5       84
  MINIMUM         70    557 AM  33    1897  61      9       61
  AVERAGE         79                        72      7       73

PRECIPITATION (IN)
  YESTERDAY        0.00          4.15 1963   0.12  -0.12     0.00
  MONTH TO DATE    4.60                      4.12   0.48     4.87
  SINCE MAR 1     14.06                     13.64   0.42    19.82
  SINCE JAN 1     30.71                     20.79   9.92    25.43

DEGREE DAYS
 HEATING
  YESTERDAY        0                         0      0        0
  MONTH TO DATE    0                        35    -35       37
  SINCE MAR 1    737                       694     43      495
  SINCE JUL 1   3520                      3650   -130     2628

 COOLING
  YESTERDAY       14                         8      6        8
  MONTH TO DATE  287                       123    164      110
  SINCE MAR 1    298                       170    128      180
  SINCE JAN 1    303                       170    133      184
..................................................................


WIND (MPH)
  HIGHEST WIND SPEED    10   HIGHEST WIND DIRECTION     S (160)
  HIGHEST GUST SPEED    12   HIGHEST GUST DIRECTION     S (160)
  AVERAGE WIND SPEED     3.1


SKY COVER
  POSSIBLE SUNSHINE  MM
  AVERAGE SKY COVER 0.2


WEATHER CONDITIONS
 THE FOLLOWING WEATHER WAS RECORDED YESTERDAY.
  THUNDERSTORM


RELATIVE HUMIDITY (PERCENT)
 HIGHEST   100          1200 AM
 LOWEST     63           200 PM
 AVERAGE    82

..........................................................


THE JONESBORO CLIMATE NORMALS FOR TODAY
                         NORMAL    RECORD    YEAR
 MAXIMUM TEMPERATURE (F)   84       100      1911
 MINIMUM TEMPERATURE (F)   61        41      1961


SUNRISE AND SUNSET
MAY 27 2018...........SUNRISE   550 AM CDT   SUNSET   810 PM CDT
MAY 28 2018...........SUNRISE   549 AM CDT   SUNSET   811 PM CDT


-  INDICATES NEGATIVE NUMBERS.
R  INDICATES RECORD WAS SET OR TIED.
MM INDICATES DATA IS MISSING.
T  INDICATES TRACE AMOUNT.




$$
