000
CDUS44 KMEG 242249
CLIJBR


CLIMATE REPORT
NATIONAL WEATHER SERVICE MEMPHIS TN
449 PM CST FRI JAN 24 2020


...................................

...THE JONESBORO CLIMATE SUMMARY FOR JANUARY 24 2020...
VALID TODAY AS OF 0400 PM LOCAL TIME.

CLIMATE NORMAL PERIOD 1981 TO 2010
CLIMATE RECORD PERIOD 1897 TO 2020


WEATHER ITEM   OBSERVED TIME   RECORD YEAR NORMAL DEPARTURE LAST
                VALUE   (LST)  VALUE       VALUE  FROM      YEAR
                                                  NORMAL
..................................................................
TEMPERATURE (F)
 TODAY
  MAXIMUM         43   1109 AM  78    1943  47     -4       45
  MINIMUM         39    430 AM   0    1963  29     10       24
  AVERAGE         41                        38      3       35

PRECIPITATION (IN)
  TODAY            0.01          1.40 1899   0.10  -0.09     0.00
  MONTH TO DATE    6.09                      2.56   3.53     3.72
  SINCE DEC 1      8.64                      7.33   1.31     8.60
  SINCE JAN 1      6.09                      2.56   3.53     3.72

DEGREE DAYS
 HEATING
  TODAY           24                        27     -3       30
  MONTH TO DATE  505                       669   -164      573
  SINCE DEC 1   1096                      1461   -365     1247
  SINCE JUL 1   1850                      2111   -261     2026

 COOLING
  TODAY            0                         0      0        0
  MONTH TO DATE    0                         0      0        0
  SINCE DEC 1      0                         0      0        0
  SINCE JAN 1      0                         0      0        0
..................................................................


WIND (MPH)
  HIGHEST WIND SPEED    21   HIGHEST WIND DIRECTION     W (270)
  HIGHEST GUST SPEED    27   HIGHEST GUST DIRECTION     W (270)
  AVERAGE WIND SPEED    13.3


SKY COVER
  POSSIBLE SUNSHINE  MM
  AVERAGE SKY COVER 1.0


WEATHER CONDITIONS
 THE FOLLOWING WEATHER WAS RECORDED TODAY.
  LIGHT RAIN
  FOG


RELATIVE HUMIDITY (PERCENT)
 HIGHEST    92          1200 AM
 LOWEST     65           400 PM
 AVERAGE    79

..........................................................


THE JONESBORO CLIMATE NORMALS FOR TOMORROW
                         NORMAL    RECORD    YEAR
 MAXIMUM TEMPERATURE (F)   47        78      1950
 MINIMUM TEMPERATURE (F)   29        -1      1905


SUNRISE AND SUNSET
JANUARY 24 2020.......SUNRISE   708 AM CST   SUNSET   521 PM CST
JANUARY 25 2020.......SUNRISE   708 AM CST   SUNSET   522 PM CST


-  INDICATES NEGATIVE NUMBERS.
R  INDICATES RECORD WAS SET OR TIED.
MM INDICATES DATA IS MISSING.
T  INDICATES TRACE AMOUNT.




$$
