000
CDUS45 KGGW 141232
CLIJDN


CLIMATE REPORT
NATIONAL WEATHER SERVICE GLASGOW MT
631 AM MDT TUE AUG 14 2018


...................................

...THE JORDAN  ASOS MT CLIMATE SUMMARY FOR AUGUST 14 2018...
VALID AS OF 0600 AM LOCAL TIME.

CLIMATE NORMAL PERIOD 1981 TO 2010
CLIMATE RECORD PERIOD 9999 TO 9999


WEATHER ITEM   OBSERVED TIME   RECORD YEAR NORMAL DEPARTURE LAST
                VALUE   (LST)  VALUE       VALUE  FROM      YEAR
                                                  NORMAL
..................................................................
TEMPERATURE (F)
 TODAY
  MAXIMUM         53   1200 AM  MM      MM  87    -34       80
  MINIMUM         49    500 AM  MM      MM  54     -5       56
  AVERAGE         51                        70    -19       68

PRECIPITATION (IN)
  TODAY            0.00         MM      MM   0.05  -0.05     0.01
  MONTH TO DATE    0.99                      0.64   0.35     0.07
  SINCE OCT 1     14.59                     10.91   3.68     6.86
  SINCE JAN 1     12.65                      9.37   3.28     3.65

SNOWFALL (IN)
  TODAY            0.0          MM      MM  MM     MM        0.0
  MONTH TO DATE    0.0                      MM     MM        0.0
  SINCE JUN 1      0.0                      MM     MM        0.0
  SINCE JUL 1      0.0                      MM     MM        0.0
  SNOW DEPTH      MM

DEGREE DAYS
 HEATING
  TODAY           14                         1     13        0
  MONTH TO DATE   14                        11      3       16
  SINCE JUN 1    101                       161    -60       78
  SINCE JUL 1     22                        36    -14       16

 COOLING
  TODAY            0                         6     -6        3
  MONTH TO DATE  146                        93     53       32
  SINCE JUN 1    410                       318     92      482
  SINCE JAN 1    430                       324    106      496
..................................................................


WIND (MPH)
  HIGHEST WIND SPEED     4   HIGHEST WIND DIRECTION    SE (140)
  HIGHEST GUST SPEED    MM   HIGHEST GUST DIRECTION    MM
  AVERAGE WIND SPEED     0.6


SKY COVER
  POSSIBLE SUNSHINE  MM
  AVERAGE SKY COVER 0.0


WEATHER CONDITIONS
 THE FOLLOWING WEATHER WAS RECORDED TODAY.
  NO SIGNIFICANT WEATHER WAS OBSERVED.


RELATIVE HUMIDITY (PERCENT)
 HIGHEST    71           300 AM
 LOWEST     59          1200 AM
 AVERAGE    65

..........................................................


THE JORDAN  ASOS MT CLIMATE NORMALS FOR TOMORROW
                         NORMAL    RECORD    YEAR
 MAXIMUM TEMPERATURE (F)   86        MM        MM
 MINIMUM TEMPERATURE (F)   53        MM        MM


SUNRISE AND SUNSET
AUGUST 14 2018........SUNRISE   603 AM MDT   SUNSET   820 PM MDT
AUGUST 15 2018........SUNRISE   604 AM MDT   SUNSET   819 PM MDT


-  INDICATES NEGATIVE NUMBERS.
R  INDICATES RECORD WAS SET OR TIED.
MM INDICATES DATA IS MISSING.
T  INDICATES TRACE AMOUNT.




$$
