166
CDUS45 KGGW 250020
CLIJDN


CLIMATE REPORT
NATIONAL WEATHER SERVICE GLASGOW MT
619 PM MDT THU MAY 24 2018


...................................

...THE JORDAN  ASOS MT CLIMATE SUMMARY FOR MAY 24 2018...
VALID TODAY AS OF 0500 PM LOCAL TIME.

CLIMATE NORMAL PERIOD 1981 TO 2010
CLIMATE RECORD PERIOD 9999 TO 9999


WEATHER ITEM   OBSERVED TIME   RECORD YEAR NORMAL DEPARTURE LAST
                VALUE   (LST)  VALUE       VALUE  FROM      YEAR
                                                  NORMAL
..................................................................
TEMPERATURE (F)
 TODAY
  MAXIMUM         79        MM  MM      MM  69     10       87
  MINIMUM         57        MM  MM      MM  42     15       39
  AVERAGE         68                        55     13       63

PRECIPITATION (IN)
  TODAY            0.03         MM      MM   0.07  -0.04     0.00
  MONTH TO DATE    2.08                      1.48   0.60     0.29
  SINCE OCT 1      8.10                      5.10   3.00     5.72
  SINCE JAN 1      6.16                      3.56   2.60     2.51

SNOWFALL (IN)
  TODAY            0.0          MM      MM  MM     MM        0.0
  MONTH TO DATE    0.0                      MM     MM        0.0
  SINCE MAR 1      0.0                      MM     MM        0.0
  SINCE JUL 1      0.0                      MM     MM        0.0
  SNOW DEPTH       0

DEGREE DAYS
 HEATING
  TODAY            0                        10    -10        2
  MONTH TO DATE  172                       325   -153      252
  SINCE MAR 1   2183                      1941    242     1697
  SINCE JUL 1   8763                      8059    704     7443

 COOLING
  TODAY            3                         0      3        0
  MONTH TO DATE    7                         0      7       12
  SINCE MAR 1      7                         0      7       12
  SINCE JAN 1      7                         0      7       12
..................................................................


WIND (MPH)
  HIGHEST WIND SPEED    15   HIGHEST WIND DIRECTION     W (270)
  HIGHEST GUST SPEED    20   HIGHEST GUST DIRECTION     W (270)
  AVERAGE WIND SPEED    10.0


SKY COVER
  POSSIBLE SUNSHINE  MM
  AVERAGE SKY COVER 0.0


WEATHER CONDITIONS
 THE FOLLOWING WEATHER WAS RECORDED TODAY.
  NO SIGNIFICANT WEATHER WAS OBSERVED.


RELATIVE HUMIDITY (PERCENT)
 HIGHEST   100          1200 AM
 LOWEST     45           400 PM
 AVERAGE    73

..........................................................


THE JORDAN  ASOS MT CLIMATE NORMALS FOR TOMORROW
                         NORMAL    RECORD    YEAR
 MAXIMUM TEMPERATURE (F)   69        MM        MM
 MINIMUM TEMPERATURE (F)   42        MM        MM


SUNRISE AND SUNSET
MAY 24 2018...........SUNRISE   521 AM MDT   SUNSET   848 PM MDT
MAY 25 2018...........SUNRISE   520 AM MDT   SUNSET   849 PM MDT


-  INDICATES NEGATIVE NUMBERS.
R  INDICATES RECORD WAS SET OR TIED.
MM INDICATES DATA IS MISSING.
T  INDICATES TRACE AMOUNT.




$$
