000
CDUS45 KGGW 251230
CLIJDN

CLIMATE REPORT
NATIONAL WEATHER SERVICE GLASGOW, MT
630 AM MDT SUN OCT 25 2020

...................................

...THE JORDAN  ASOS MT CLIMATE SUMMARY FOR OCTOBER 25 2020...
VALID AS OF 0600 AM LOCAL TIME.

CLIMATE NORMAL PERIOD: 1981 TO 2010
CLIMATE RECORD PERIOD: 9999 TO 9999


WEATHER ITEM   OBSERVED RECORD YEAR NORMAL DEPARTURE LAST
                VALUE   VALUE       VALUE  FROM      YEAR
                                           NORMAL
............................................................
TEMPERATURE (F)
 TODAY
  MAXIMUM         16     MM      MM  55    -39       76
  MINIMUM         13     MM      MM  26    -13       34
  AVERAGE         15                 40    -25       55

PRECIPITATION (IN)
  TODAY            0.00  MM      MM   0.03  -0.03     0.00
  MONTH TO DATE    0.77               0.75   0.02     1.12
  SINCE SEP 1      1.95               1.96  -0.01     6.71
  SINCE OCT 1      0.77               0.75   0.02     1.12
  SINCE JAN 1      9.80              11.88  -2.08    18.09

SNOWFALL (IN)
  TODAY           MM     MM      MM  MM               0.0

DEGREE DAYS
 HEATING
  TODAY           50                 25     25
  SINCE SEP 1    766                752     14
  SINCE JUL 1    783                817    -34

 COOLING
  TODAY            0                  0      0        0
  MONTH TO DATE    0                  0      0        0
  SINCE SEP 1     31                 27      4       38
  SINCE JAN 1    637                420    217      483
............................................................


WIND (MPH)
  HIGHEST WIND SPEED    12   HIGHEST WIND DIRECTION    NW (310)
  HIGHEST GUST SPEED    MM   HIGHEST GUST DIRECTION    MM
  AVERAGE WIND SPEED     8.2


SKY COVER
  POSSIBLE SUNSHINE  MM
  AVERAGE SKY COVER 0.0


WEATHER CONDITIONS
THE FOLLOWING WEATHER WAS RECORDED TODAY.
  NO SIGNIFICANT WEATHER WAS OBSERVED.


RELATIVE HUMIDITY (PERCENT)
 HIGHEST    80
 LOWEST     77
 AVERAGE    79

..........................................................


THE JORDAN  ASOS MT CLIMATE NORMALS FOR TOMORROW
                         NORMAL    RECORD    YEAR
 MAXIMUM TEMPERATURE (F)   55        MM        MM
 MINIMUM TEMPERATURE (F)   26        MM        MM


SUNRISE AND SUNSET
OCTOBER 25 2020.......SUNRISE   7:41 AM MDT   SUNSET   6:01 PM MDT
OCTOBER 26 2020.......SUNRISE   7:43 AM MDT   SUNSET   5:59 PM MDT


-  INDICATES NEGATIVE NUMBERS.
R  INDICATES RECORD WAS SET OR TIED.
MM INDICATES DATA IS MISSING.
T  INDICATES TRACE AMOUNT.




$$
