000
CDUS45 KGGW 181243
CLIJDN


CLIMATE REPORT
NATIONAL WEATHER SERVICE GLASGOW MT
543 AM MST MON FEB 18 2019


...................................

...THE JORDAN  ASOS MT CLIMATE SUMMARY FOR FEBRUARY 18 2019...
VALID AS OF 0500 AM LOCAL TIME.

CLIMATE NORMAL PERIOD 1981 TO 2010
CLIMATE RECORD PERIOD 9999 TO 9999


WEATHER ITEM   OBSERVED TIME   RECORD YEAR NORMAL DEPARTURE LAST
                VALUE   (LST)  VALUE       VALUE  FROM      YEAR
                                                  NORMAL
..................................................................
TEMPERATURE (F)
 TODAY
  MAXIMUM          0   1200 AM  MM      MM  36    -36       14
  MINIMUM         -1    500 AM  MM      MM  11    -12       -7
  AVERAGE          0                        23    -23        4

PRECIPITATION (IN)
  TODAY            0.00         MM      MM   0.01  -0.01     0.04
  MONTH TO DATE    1.11                      0.13   0.98     1.38
  SINCE OCT 1      3.89                      1.90   1.99     3.90
  SINCE JAN 1      1.83                      0.36   1.47     1.96

SNOWFALL (IN)
  TODAY            0.0          MM      MM  MM     MM       MM
  MONTH TO DATE    0.0                      MM     MM        0.0
  SINCE DEC 1      0.0                      MM     MM        0.0
  SINCE JUL 1      0.0                      MM     MM        0.0
  SNOW DEPTH      MM

DEGREE DAYS
 HEATING
  TODAY           65                        42     23       61
  MONTH TO DATE 1199                       791    408     1099
  SINCE DEC 1   3601                      3703   -102     4056
  SINCE JUL 1   5697                      5721    -24     5977

 COOLING
  TODAY            0                         0      0        0
  MONTH TO DATE    0                         0      0        0
  SINCE DEC 1      0                         0      0        0
  SINCE JAN 1      0                         0      0        0
..................................................................


WIND (MPH)
  HIGHEST WIND SPEED     9   HIGHEST WIND DIRECTION     W (290)
  HIGHEST GUST SPEED    MM   HIGHEST GUST DIRECTION    MM
  AVERAGE WIND SPEED     7.5


SKY COVER
  POSSIBLE SUNSHINE  MM
  AVERAGE SKY COVER 0.0


WEATHER CONDITIONS
 THE FOLLOWING WEATHER WAS RECORDED TODAY.
  NO SIGNIFICANT WEATHER WAS OBSERVED.


RELATIVE HUMIDITY (PERCENT)
 HIGHEST    79          1200 AM
 LOWEST     72           100 AM
 AVERAGE    76

..........................................................


THE JORDAN  ASOS MT CLIMATE NORMALS FOR TOMORROW
                         NORMAL    RECORD    YEAR
 MAXIMUM TEMPERATURE (F)   36        MM        MM
 MINIMUM TEMPERATURE (F)   11        MM        MM


SUNRISE AND SUNSET
FEBRUARY 18 2019......SUNRISE   708 AM MST   SUNSET   536 PM MST
FEBRUARY 19 2019......SUNRISE   706 AM MST   SUNSET   537 PM MST


-  INDICATES NEGATIVE NUMBERS.
R  INDICATES RECORD WAS SET OR TIED.
MM INDICATES DATA IS MISSING.
T  INDICATES TRACE AMOUNT.




$$
