000
CDUS45 KBOI 180942
CLIJER


CLIMATE REPORT
NATIONAL WEATHER SERVICE BOISE ID
342 AM MDT FRI OCT 18 2019

...................................

...THE JEROME ID CLIMATE SUMMARY FOR OCTOBER 17 2019...

CLIMATE NORMAL PERIOD 1981 TO 2010
CLIMATE RECORD PERIOD 1915 TO 2019


WEATHER ITEM   OBSERVED TIME   RECORD YEAR NORMAL DEPARTURE LAST
                VALUE   (LST)  VALUE       VALUE  FROM      YEAR
                                                  NORMAL
...................................................................
TEMPERATURE (F)
 YESTERDAY
  MAXIMUM         61   1213 PM  86    1958  60      1       67
  MINIMUM         38   1153 PM  20    1996  37      1       33
  AVERAGE         50                        49      1       50

PRECIPITATION (IN)
  YESTERDAY        T             0.70 1938   0.03  -0.03     0.00
  MONTH TO DATE    0.03                      0.40  -0.37     1.05
  SINCE OCT 1      0.03                      0.40  -0.37     1.05
  SINCE JAN 1      8.52                      7.69   0.83     6.58

DEGREE DAYS
 HEATING
  YESTERDAY       15                        16     -1       15
  MONTH TO DATE  306                       228     78      274
  SINCE SEP 1    474                       398     76      364
  SINCE JUL 1    474                       431     43      384

 COOLING
  YESTERDAY        0                         0      0        0
  MONTH TO DATE    0                         0      0        0
  SINCE SEP 1     70                        44     26       54
  SINCE JAN 1    684                       509    175      758
...................................................................


WIND (MPH)
  HIGHEST WIND SPEED    30   HIGHEST WIND DIRECTION     W (270)
  HIGHEST GUST SPEED    37   HIGHEST GUST DIRECTION     W (270)
  AVERAGE WIND SPEED    13.6


SKY COVER
  AVERAGE SKY COVER 0.3


WEATHER CONDITIONS
THE FOLLOWING WEATHER WAS RECORDED YESTERDAY.
  LIGHT RAIN


RELATIVE HUMIDITY (PERCENT)
 HIGHEST    76          1100 PM
 LOWEST     26          1200 AM
 AVERAGE    51

..........................................................


THE JEROME ID CLIMATE NORMALS FOR TODAY
                         NORMAL    RECORD    YEAR
 MAXIMUM TEMPERATURE (F)   60        83      1927
                                             2003
 MINIMUM TEMPERATURE (F)   37        19      1996


SUNRISE AND SUNSET
OCTOBER 18 2019.......SUNRISE   754 AM MDT   SUNSET   651 PM MDT
OCTOBER 19 2019.......SUNRISE   756 AM MDT   SUNSET   649 PM MDT


-  INDICATES NEGATIVE NUMBERS.
R  INDICATES RECORD WAS SET OR TIED.
MM INDICATES DATA IS MISSING.
T  INDICATES TRACE AMOUNT.




$$
