000
CDUS45 KBOI 180943
CLIJER


CLIMATE REPORT
NATIONAL WEATHER SERVICE BOISE ID
243 AM MST FRI JAN 18 2019


...................................

...THE JEROME ID CLIMATE SUMMARY FOR JANUARY 17 2019...

CLIMATE NORMAL PERIOD 1981 TO 2010
CLIMATE RECORD PERIOD 1915 TO 2019


WEATHER ITEM   OBSERVED TIME   RECORD YEAR NORMAL DEPARTURE LAST
                VALUE   (LST)  VALUE       VALUE  FROM      YEAR
                                                  NORMAL
..................................................................
TEMPERATURE (F)
 YESTERDAY
  MAXIMUM         46    339 PM  59    2000  33     13       46
  MINIMUM         33   1126 PM -18    1917  20     13       28
  AVERAGE         40                        26     14       37

PRECIPITATION (IN)
  YESTERDAY        0.43          0.55 1998   0.02   0.41     0.00
  MONTH TO DATE    0.73                      0.74  -0.01     0.78
  SINCE OCT 1      3.92                      4.26  -0.34     3.33
  SINCE JAN 1      0.73                      0.74  -0.01     0.78

DEGREE DAYS
 HEATING
  YESTERDAY       25                        39    -14       28
  MONTH TO DATE  610                       663    -53      492
  SINCE DEC 1   1740                      1842   -102     1655
  SINCE JUL 1   3115                      3393   -278     3111

 COOLING
  YESTERDAY        0                         0      0        0
  MONTH TO DATE    0                         0      0        0
  SINCE DEC 1      0                         0      0        0
  SINCE JAN 1      0                         0      0        0
..................................................................


WIND (MPH)
  HIGHEST WIND SPEED    24   HIGHEST WIND DIRECTION     W (250)
  HIGHEST GUST SPEED    32   HIGHEST GUST DIRECTION     S (200)
  AVERAGE WIND SPEED    10.4


SKY COVER
  AVERAGE SKY COVER 0.9


WEATHER CONDITIONS
 THE FOLLOWING WEATHER WAS RECORDED YESTERDAY.
  RAIN
  LIGHT RAIN
  LIGHT SNOW
  FOG


RELATIVE HUMIDITY (PERCENT)
 HIGHEST    96          1200 AM
 LOWEST     70           300 PM
 AVERAGE    83

..........................................................


THE JEROME ID CLIMATE NORMALS FOR TODAY
                         NORMAL    RECORD    YEAR
 MAXIMUM TEMPERATURE (F)   33        52      2018
 MINIMUM TEMPERATURE (F)   20       -13      1984


SUNRISE AND SUNSET
JANUARY 18 2019.......SUNRISE   804 AM MST   SUNSET   533 PM MST
JANUARY 19 2019.......SUNRISE   803 AM MST   SUNSET   534 PM MST


-  INDICATES NEGATIVE NUMBERS.
R  INDICATES RECORD WAS SET OR TIED.
MM INDICATES DATA IS MISSING.
T  INDICATES TRACE AMOUNT.




$$
