000
CDUS45 KBOI 180931
CLIJER


CLIMATE REPORT
NATIONAL WEATHER SERVICE BOISE ID
331 AM MDT THU OCT 18 2018


...................................

...THE JEROME ID CLIMATE SUMMARY FOR OCTOBER 17 2018...

CLIMATE NORMAL PERIOD 1981 TO 2010
CLIMATE RECORD PERIOD 1915 TO 2018


WEATHER ITEM   OBSERVED TIME   RECORD YEAR NORMAL DEPARTURE LAST
                VALUE   (LST)  VALUE       VALUE  FROM      YEAR
                                                  NORMAL
..................................................................
TEMPERATURE (F)
 YESTERDAY
  MAXIMUM         67    420 PM  86    1958  60      7       69
  MINIMUM         33    413 AM  20    1996  37     -4       37
  AVERAGE         50                        49      1       53

PRECIPITATION (IN)
  YESTERDAY        0.00          0.28 1969   0.03  -0.03     0.00
  MONTH TO DATE    1.05                      0.40   0.65     0.39
  SINCE OCT 1      1.05                      0.40   0.65     0.39
  SINCE JAN 1      6.58                      7.69  -1.11     7.92

DEGREE DAYS
 HEATING
  YESTERDAY       15                        16     -1       12
  MONTH TO DATE  274                       228     46      321
  SINCE SEP 1    364                       398    -34      531
  SINCE JUL 1    384                       431    -47      532

 COOLING
  YESTERDAY        0                         0      0        0
  MONTH TO DATE    0                         0      0        0
  SINCE SEP 1     54                        44     10      121
  SINCE JAN 1    758                       509    249      929
..................................................................


WIND (MPH)
  HIGHEST WIND SPEED    13   HIGHEST WIND DIRECTION     E (90)
  HIGHEST GUST SPEED    15   HIGHEST GUST DIRECTION     E (100)
  AVERAGE WIND SPEED     5.7


SKY COVER
  AVERAGE SKY COVER 0.0


WEATHER CONDITIONS
 THE FOLLOWING WEATHER WAS RECORDED YESTERDAY.
  NO SIGNIFICANT WEATHER WAS OBSERVED.


RELATIVE HUMIDITY (PERCENT)
 HIGHEST    76           800 AM
 LOWEST     24           400 PM
 AVERAGE    50

..........................................................


THE JEROME ID CLIMATE NORMALS FOR TODAY
                         NORMAL    RECORD    YEAR
 MAXIMUM TEMPERATURE (F)   60        86      2003
 MINIMUM TEMPERATURE (F)   37        19      1996


SUNRISE AND SUNSET
OCTOBER 18 2018.......SUNRISE   755 AM MDT   SUNSET   650 PM MDT
OCTOBER 19 2018.......SUNRISE   756 AM MDT   SUNSET   649 PM MDT


-  INDICATES NEGATIVE NUMBERS.
R  INDICATES RECORD WAS SET OR TIED.
MM INDICATES DATA IS MISSING.
T  INDICATES TRACE AMOUNT.




$$
