000
CDUS45 KBOI 170931
CLIJER


CLIMATE REPORT
NATIONAL WEATHER SERVICE BOISE ID
331 AM MDT TUE JUL 17 2018


...................................

...THE JEROME ID CLIMATE SUMMARY FOR JULY 16 2018...

CLIMATE NORMAL PERIOD 1981 TO 2010
CLIMATE RECORD PERIOD 1915 TO 2018


WEATHER ITEM   OBSERVED TIME   RECORD YEAR NORMAL DEPARTURE LAST
                VALUE   (LST)  VALUE       VALUE  FROM      YEAR
                                                  NORMAL
..................................................................
TEMPERATURE (F)
 YESTERDAY
  MAXIMUM         93    453 PM 106    2005  87      6       92
  MINIMUM         66    534 AM  41    1983  56     10       62
  AVERAGE         80                        72      8       77

PRECIPITATION (IN)
  YESTERDAY        0.01          0.17 1916   0.00   0.01     0.00
  MONTH TO DATE    0.01                      0.11  -0.10      T
  SINCE OCT 1      8.04                     10.00  -1.96    11.25
  SINCE JAN 1      5.49                      6.48  -0.99     6.73

DEGREE DAYS
 HEATING
  YESTERDAY        0                         0      0        0
  MONTH TO DATE    5                        10     -5        0
  SINCE JUN 1     69                       117    -48       64
  SINCE JUL 1      5                        10     -5        0

 COOLING
  YESTERDAY       15                         7      8       12
  MONTH TO DATE  179                        91     88      228
  SINCE JUN 1    260                       159    101      343
  SINCE JAN 1    281                       172    109      359
..................................................................


WIND (MPH)
  HIGHEST WIND SPEED    16   HIGHEST WIND DIRECTION    SE (150)
  HIGHEST GUST SPEED    25   HIGHEST GUST DIRECTION    SE (140)
  AVERAGE WIND SPEED     6.8


SKY COVER
  AVERAGE SKY COVER 0.1


WEATHER CONDITIONS
 THE FOLLOWING WEATHER WAS RECORDED YESTERDAY.
  THUNDERSTORM
  LIGHT RAIN


RELATIVE HUMIDITY (PERCENT)
 HIGHEST    57          1100 PM
 LOWEST     19           500 PM
 AVERAGE    38

..........................................................


THE JEROME ID CLIMATE NORMALS FOR TODAY
                         NORMAL    RECORD    YEAR
 MAXIMUM TEMPERATURE (F)   87       103      2006
                                             1925
 MINIMUM TEMPERATURE (F)   56        42      1986


SUNRISE AND SUNSET
JULY 17 2018..........SUNRISE   615 AM MDT   SUNSET   912 PM MDT
JULY 18 2018..........SUNRISE   616 AM MDT   SUNSET   912 PM MDT


-  INDICATES NEGATIVE NUMBERS.
R  INDICATES RECORD WAS SET OR TIED.
MM INDICATES DATA IS MISSING.
T  INDICATES TRACE AMOUNT.




$$
