000
CDUS45 KBOI 100123
CLIJER

CLIMATE REPORT
NATIONAL WEATHER SERVICE BOISE ID
723 PM MDT SUN AUG 09 2020

...................................

...THE JEROME ID CLIMATE SUMMARY FOR AUGUST 9 2020...
VALID TODAY AS OF 0600 PM LOCAL TIME.

CLIMATE NORMAL PERIOD 1981 TO 2010
CLIMATE RECORD PERIOD 1915 TO 2020


WEATHER ITEM   OBSERVED TIME   RECORD YEAR NORMAL DEPARTURE LAST
                VALUE   (LST)  VALUE       VALUE  FROM      YEAR
                                                  NORMAL
...................................................................
TEMPERATURE (F)
 TODAY
  MAXIMUM         88    428 PM 106    1990  88      0       87
  MINIMUM         56    426 AM  45    1970  56      0       55
                                      2002
  AVERAGE         72                        72      0       71

PRECIPITATION (IN)
  TODAY            0.00          0.28 1989   0.01  -0.01     0.08
  MONTH TO DATE    T                         0.07  -0.07     0.28
  SINCE OCT 1      5.47                     10.19  -4.72    11.09
  SINCE JAN 1      4.13                      6.67  -2.54     7.90

DEGREE DAYS
 HEATING
  TODAY            0                         0      0        0
  MONTH TO DATE    0                         0      0        0
  SINCE JUN 1    125                       119      6       84
  SINCE JUL 1      5                        12     -7        0

 COOLING
  TODAY            7                         7      0        6
  MONTH TO DATE   99                        67     32      104
  SINCE JUN 1    484                       337    147      466
  SINCE JAN 1    533                       350    183      468
...................................................................


WIND (MPH)
  HIGHEST WIND SPEED    18   HIGHEST WIND DIRECTION     W (270)
  HIGHEST GUST SPEED    24   HIGHEST GUST DIRECTION     W (280)
  AVERAGE WIND SPEED     8.6


RELATIVE HUMIDITY (PERCENT)
 HIGHEST    46           800 AM
 LOWEST     22           300 PM
 AVERAGE    34

..........................................................


THE JEROME ID CLIMATE NORMALS FOR TOMORROW
                         NORMAL    RECORD    YEAR
 MAXIMUM TEMPERATURE (F)   88       103      1928
                                             1991
 MINIMUM TEMPERATURE (F)   56        44      1995


SUNRISE AND SUNSET
AUGUST  9 2020........SUNRISE   638 AM MDT   SUNSET   847 PM MDT
AUGUST 10 2020........SUNRISE   640 AM MDT   SUNSET   846 PM MDT


-  INDICATES NEGATIVE NUMBERS.
R  INDICATES RECORD WAS SET OR TIED.
MM INDICATES DATA IS MISSING.
T  INDICATES TRACE AMOUNT.




$$
