000
CDUS45 KBOI 090132
CLIJER

CLIMATE REPORT
NATIONAL WEATHER SERVICE BOISE ID
732 PM MDT SAT MAY 08 2021

...................................

...THE JEROME ID CLIMATE SUMMARY FOR MAY 8 2021...
VALID TODAY AS OF 0600 PM LOCAL TIME.

CLIMATE NORMAL PERIOD 1991 TO 2020
CLIMATE RECORD PERIOD 1915 TO 2021


WEATHER ITEM   OBSERVED TIME   RECORD YEAR NORMAL DEPARTURE LAST
                VALUE   (LST)  VALUE       VALUE  FROM      YEAR
                                                  NORMAL
...................................................................
TEMPERATURE (F)
 TODAY
  MAXIMUM         56    429 PM  91    1928  67    -11       72
                                      1992
  MINIMUM         35    608 AM  25    2002  42     -7       39
  AVERAGE         46                        54     -8       56

PRECIPITATION (IN)
  TODAY            0.00          0.49 2003   0.05  -0.05     0.00
  MONTH TO DATE    0.23                      0.38  -0.15     0.00
  SINCE OCT 1      4.03                      7.51  -3.48     3.81
  SINCE JAN 1      2.01                      4.47  -2.46     2.47

DEGREE DAYS
 HEATING
  TODAY           19                        11      8        9
  MONTH TO DATE   77                        95    -18       82
  SINCE MAR 1   1281                      1311    -30     1222
  SINCE JUL 1   5456                      5807   -351     5805

 COOLING
  TODAY            0                         0      0        0
  MONTH TO DATE    1                         0      1        0
  SINCE MAR 1      6                         1      5        1
  SINCE JAN 1      6                         1      5        1
...................................................................


WIND (MPH)
  HIGHEST WIND SPEED    35   HIGHEST WIND DIRECTION     W (280)
  HIGHEST GUST SPEED    46   HIGHEST GUST DIRECTION     W (270)
  AVERAGE WIND SPEED    23.1


RELATIVE HUMIDITY (PERCENT)
 HIGHEST    61           600 AM
 LOWEST     16           500 PM
 AVERAGE    39

..........................................................


THE JEROME ID CLIMATE NORMALS FOR TOMORROW
                         NORMAL    RECORD    YEAR
 MAXIMUM TEMPERATURE (F)   67        90      1928
                                             1954
 MINIMUM TEMPERATURE (F)   42        25      1933


SUNRISE AND SUNSET
MAY  8 2021...........SUNRISE   623 AM MDT   SUNSET   846 PM MDT
MAY  9 2021...........SUNRISE   622 AM MDT   SUNSET   848 PM MDT


-  INDICATES NEGATIVE NUMBERS.
R  INDICATES RECORD WAS SET OR TIED.
MM INDICATES DATA IS MISSING.
T  INDICATES TRACE AMOUNT.




$$
