000
CDUS45 KBOI 200945
CLIJER


CLIMATE REPORT
NATIONAL WEATHER SERVICE BOISE ID
245 AM MST TUE FEB 20 2018


...................................

...THE JEROME ID CLIMATE SUMMARY FOR FEBRUARY 19 2018...

CLIMATE NORMAL PERIOD 1981 TO 2010
CLIMATE RECORD PERIOD 1915 TO 2018


WEATHER ITEM   OBSERVED TIME   RECORD YEAR NORMAL DEPARTURE LAST
                VALUE   (LST)  VALUE       VALUE  FROM      YEAR
                                                  NORMAL
..................................................................
TEMPERATURE (F)
 YESTERDAY
  MAXIMUM         32    303 PM  62    1977  40     -8       MM
  MINIMUM         14   1159 PM  -3    1952  23     -9       MM
                                      1942
  AVERAGE         23                        32     -9       MM

PRECIPITATION (IN)
  YESTERDAY        0.00          0.44 1974   0.03  -0.03    MM
  MONTH TO DATE    0.12                      0.57  -0.45     1.37
  SINCE OCT 1      3.97                      5.15  -1.18     7.18
  SINCE JAN 1      1.42                      1.63  -0.21     2.66

DEGREE DAYS
 HEATING
  YESTERDAY       42                        33      9       MM
  MONTH TO DATE  514                       677   -163      555
  SINCE DEC 1   2580                      3051   -471     3119
  SINCE JUL 1   4036                      4602   -566     4345

 COOLING
  YESTERDAY        0                         0      0       MM
  MONTH TO DATE    0                         0      0        0
  SINCE DEC 1      0                         0      0        0
  SINCE JAN 1      0                         0      0        0
..................................................................


WIND (MPH)
  HIGHEST WIND SPEED    32   HIGHEST WIND DIRECTION     W (260)
  HIGHEST GUST SPEED    41   HIGHEST GUST DIRECTION     W (260)
  AVERAGE WIND SPEED    17.5


SKY COVER
  AVERAGE SKY COVER 0.2


WEATHER CONDITIONS
 THE FOLLOWING WEATHER WAS RECORDED YESTERDAY.
  NO SIGNIFICANT WEATHER WAS OBSERVED.


RELATIVE HUMIDITY (PERCENT)
 HIGHEST    92           300 AM
 LOWEST     47           700 PM
 AVERAGE    70

..........................................................


THE JEROME ID CLIMATE NORMALS FOR TODAY
                         NORMAL    RECORD    YEAR
 MAXIMUM TEMPERATURE (F)   41        69      1981
 MINIMUM TEMPERATURE (F)   23         3      1937


SUNRISE AND SUNSET
FEBRUARY 20 2018......SUNRISE   727 AM MST   SUNSET   616 PM MST
FEBRUARY 21 2018......SUNRISE   726 AM MST   SUNSET   617 PM MST


-  INDICATES NEGATIVE NUMBERS.
R  INDICATES RECORD WAS SET OR TIED.
MM INDICATES DATA IS MISSING.
T  INDICATES TRACE AMOUNT.




$$
